66.249.74.164 - - [02/Feb/2025:05:48:52 +0000] "GET /welding/Miller/What%20Are%20Stickout,%20Electrode%20Extension%20and%20Contact-Tip-To-Work%20Distance_%20_%20MillerWelds_files/app HTTP/1.1" 200 138098 "http://162.250.19.7/welding/Miller/What%20Are%20Stickout%2C%20Electrode%20Extension%20and%20Contact-Tip-To-Work%20Distance_%20_%20MillerWelds.html" "Mozilla/5.0 (Linux; Android 6.0.1; Nexus 5X Build/MMB29P) AppleWebKit/537.36 (KHTML, like Gecko) Chrome/131.0.6778.264 Mobile Safari/537.36 (compatible; Googlebot/2.1; +http://www.google.com/bot.html)"
66.249.74.164 - - [02/Feb/2025:05:48:52 +0000] "GET /welding/Miller/What%20Are%20Stickout,%20Electrode%20Extension%20and%20Contact-Tip-To-Work%20Distance_%20_%20MillerWelds_files/main(1) HTTP/1.1" 200 21249 "http://162.250.19.7/welding/Miller/What%20Are%20Stickout%2C%20Electrode%20Extension%20and%20Contact-Tip-To-Work%20Distance_%20_%20MillerWelds.html" "Mozilla/5.0 (Linux; Android 6.0.1; Nexus 5X Build/MMB29P) AppleWebKit/537.36 (KHTML, like Gecko) Chrome/131.0.6778.264 Mobile Safari/537.36 (compatible; Googlebot/2.1; +http://www.google.com/bot.html)"
66.249.74.165 - - [02/Feb/2025:05:48:53 +0000] "GET /welding/Miller/What%20Are%20Stickout,%20Electrode%20Extension%20and%20Contact-Tip-To-Work%20Distance_%20_%20MillerWelds_files/main(2) HTTP/1.1" 200 92106 "http://162.250.19.7/welding/Miller/What%20Are%20Stickout%2C%20Electrode%20Extension%20and%20Contact-Tip-To-Work%20Distance_%20_%20MillerWelds.html" "Mozilla/5.0 (Linux; Android 6.0.1; Nexus 5X Build/MMB29P) AppleWebKit/537.36 (KHTML, like Gecko) Chrome/131.0.6778.264 Mobile Safari/537.36 (compatible; Googlebot/2.1; +http://www.google.com/bot.html)"
66.249.74.165 - - [02/Feb/2025:05:48:53 +0000] "GET /welding/Miller/What%20Are%20Stickout,%20Electrode%20Extension%20and%20Contact-Tip-To-Work%20Distance_%20_%20MillerWelds_files/product.cart.js HTTP/1.1" 200 1420 "http://162.250.19.7/welding/Miller/What%20Are%20Stickout%2C%20Electrode%20Extension%20and%20Contact-Tip-To-Work%20Distance_%20_%20MillerWelds.html" "Mozilla/5.0 (Linux; Android 6.0.1; Nexus 5X Build/MMB29P) AppleWebKit/537.36 (KHTML, like Gecko) Chrome/131.0.6778.264 Mobile Safari/537.36 (compatible; Googlebot/2.1; +http://www.google.com/bot.html)"
66.249.74.165 - - [02/Feb/2025:05:48:54 +0000] "GET /welding/Miller/What%20Are%20Stickout,%20Electrode%20Extension%20and%20Contact-Tip-To-Work%20Distance_%20_%20MillerWelds_files/product.cart(1).js HTTP/1.1" 200 1615 "http://162.250.19.7/welding/Miller/What%20Are%20Stickout%2C%20Electrode%20Extension%20and%20Contact-Tip-To-Work%20Distance_%20_%20MillerWelds.html" "Mozilla/5.0 (Linux; Android 6.0.1; Nexus 5X Build/MMB29P) AppleWebKit/537.36 (KHTML, like Gecko) Chrome/131.0.6778.264 Mobile Safari/537.36 (compatible; Googlebot/2.1; +http://www.google.com/bot.html)"
66.249.74.165 - - [02/Feb/2025:05:48:54 +0000] "GET /welding/Miller/What%20Are%20Stickout,%20Electrode%20Extension%20and%20Contact-Tip-To-Work%20Distance_%20_%20MillerWelds_files/article-detail.js HTTP/1.1" 200 125 "http://162.250.19.7/welding/Miller/What%20Are%20Stickout%2C%20Electrode%20Extension%20and%20Contact-Tip-To-Work%20Distance_%20_%20MillerWelds.html" "Mozilla/5.0 (Linux; Android 6.0.1; Nexus 5X Build/MMB29P) AppleWebKit/537.36 (KHTML, like Gecko) Chrome/131.0.6778.264 Mobile Safari/537.36 (compatible; Googlebot/2.1; +http://www.google.com/bot.html)"
66.249.74.165 - - [02/Feb/2025:05:48:55 +0000] "GET /welding/Miller/What%20Are%20Stickout,%20Electrode%20Extension%20and%20Contact-Tip-To-Work%20Distance_%20_%20MillerWelds_files/generic-content.js HTTP/1.1" 200 2892 "http://162.250.19.7/welding/Miller/What%20Are%20Stickout%2C%20Electrode%20Extension%20and%20Contact-Tip-To-Work%20Distance_%20_%20MillerWelds.html" "Mozilla/5.0 (Linux; Android 6.0.1; Nexus 5X Build/MMB29P) AppleWebKit/537.36 (KHTML, like Gecko) Chrome/131.0.6778.264 Mobile Safari/537.36 (compatible; Googlebot/2.1; +http://www.google.com/bot.html)"
66.249.74.165 - - [02/Feb/2025:05:48:55 +0000] "GET /welding/Miller/What%20Are%20Stickout,%20Electrode%20Extension%20and%20Contact-Tip-To-Work%20Distance_%20_%20MillerWelds_files/generic-content(1).js HTTP/1.1" 200 5914 "http://162.250.19.7/welding/Miller/What%20Are%20Stickout%2C%20Electrode%20Extension%20and%20Contact-Tip-To-Work%20Distance_%20_%20MillerWelds.html" "Mozilla/5.0 (Linux; Android 6.0.1; Nexus 5X Build/MMB29P) AppleWebKit/537.36 (KHTML, like Gecko) Chrome/131.0.6778.264 Mobile Safari/537.36 (compatible; Googlebot/2.1; +http://www.google.com/bot.html)"
66.249.74.164 - - [02/Feb/2025:05:48:56 +0000] "GET /welding/Miller/What%20Are%20Stickout,%20Electrode%20Extension%20and%20Contact-Tip-To-Work%20Distance_%20_%20MillerWelds_files/improved-generic-slider.js HTTP/1.1" 200 613 "http://162.250.19.7/welding/Miller/What%20Are%20Stickout%2C%20Electrode%20Extension%20and%20Contact-Tip-To-Work%20Distance_%20_%20MillerWelds.html" "Mozilla/5.0 (Linux; Android 6.0.1; Nexus 5X Build/MMB29P) AppleWebKit/537.36 (KHTML, like Gecko) Chrome/131.0.6778.264 Mobile Safari/537.36 (compatible; Googlebot/2.1; +http://www.google.com/bot.html)"
66.249.74.166 - - [02/Feb/2025:05:48:56 +0000] "GET /welding/Miller/What%20Are%20Stickout,%20Electrode%20Extension%20and%20Contact-Tip-To-Work%20Distance_%20_%20MillerWelds_files/slick.min.js HTTP/1.1" 200 41470 "http://162.250.19.7/welding/Miller/What%20Are%20Stickout%2C%20Electrode%20Extension%20and%20Contact-Tip-To-Work%20Distance_%20_%20MillerWelds.html" "Mozilla/5.0 (Linux; Android 6.0.1; Nexus 5X Build/MMB29P) AppleWebKit/537.36 (KHTML, like Gecko) Chrome/131.0.6778.264 Mobile Safari/537.36 (compatible; Googlebot/2.1; +http://www.google.com/bot.html)"
66.249.74.165 - - [02/Feb/2025:05:48:57 +0000] "GET /welding/Miller/What%20Are%20Stickout,%20Electrode%20Extension%20and%20Contact-Tip-To-Work%20Distance_%20_%20MillerWelds_files/generic-product-feed.js HTTP/1.1" 200 2889 "http://162.250.19.7/welding/Miller/What%20Are%20Stickout%2C%20Electrode%20Extension%20and%20Contact-Tip-To-Work%20Distance_%20_%20MillerWelds.html" "Mozilla/5.0 (Linux; Android 6.0.1; Nexus 5X Build/MMB29P) AppleWebKit/537.36 (KHTML, like Gecko) Chrome/131.0.6778.264 Mobile Safari/537.36 (compatible; Googlebot/2.1; +http://www.google.com/bot.html)"
66.249.74.165 - - [02/Feb/2025:05:48:57 +0000] "GET /welding/Miller/What%20Are%20Stickout,%20Electrode%20Extension%20and%20Contact-Tip-To-Work%20Distance_%20_%20MillerWelds_files/newsletter-modal-signup.js HTTP/1.1" 200 1612 "http://162.250.19.7/welding/Miller/What%20Are%20Stickout%2C%20Electrode%20Extension%20and%20Contact-Tip-To-Work%20Distance_%20_%20MillerWelds.html" "Mozilla/5.0 (Linux; Android 6.0.1; Nexus 5X Build/MMB29P) AppleWebKit/537.36 (KHTML, like Gecko) Chrome/131.0.6778.264 Mobile Safari/537.36 (compatible; Googlebot/2.1; +http://www.google.com/bot.html)"
66.249.74.165 - - [02/Feb/2025:05:48:57 +0000] "GET /welding/Miller/What%20Are%20Stickout,%20Electrode%20Extension%20and%20Contact-Tip-To-Work%20Distance_%20_%20MillerWelds_files/newsletter-signup.js HTTP/1.1" 200 3201 "http://162.250.19.7/welding/Miller/What%20Are%20Stickout%2C%20Electrode%20Extension%20and%20Contact-Tip-To-Work%20Distance_%20_%20MillerWelds.html" "Mozilla/5.0 (Linux; Android 6.0.1; Nexus 5X Build/MMB29P) AppleWebKit/537.36 (KHTML, like Gecko) Chrome/131.0.6778.264 Mobile Safari/537.36 (compatible; Googlebot/2.1; +http://www.google.com/bot.html)"
66.249.74.165 - - [02/Feb/2025:05:48:58 +0000] "GET /welding/Miller/What%20Are%20Stickout,%20Electrode%20Extension%20and%20Contact-Tip-To-Work%20Distance_%20_%20MillerWelds_files/product HTTP/1.1" 200 4487 "http://162.250.19.7/welding/Miller/What%20Are%20Stickout%2C%20Electrode%20Extension%20and%20Contact-Tip-To-Work%20Distance_%20_%20MillerWelds.html" "Mozilla/5.0 (Linux; Android 6.0.1; Nexus 5X Build/MMB29P) AppleWebKit/537.36 (KHTML, like Gecko) Chrome/131.0.6778.264 Mobile Safari/537.36 (compatible; Googlebot/2.1; +http://www.google.com/bot.html)"
66.249.74.166 - - [02/Feb/2025:05:48:58 +0000] "GET /welding/Miller/What%20Are%20Stickout,%20Electrode%20Extension%20and%20Contact-Tip-To-Work%20Distance_%20_%20MillerWelds_files/product(1) HTTP/1.1" 200 3222 "http://162.250.19.7/welding/Miller/What%20Are%20Stickout%2C%20Electrode%20Extension%20and%20Contact-Tip-To-Work%20Distance_%20_%20MillerWelds.html" "Mozilla/5.0 (Linux; Android 6.0.1; Nexus 5X Build/MMB29P) AppleWebKit/537.36 (KHTML, like Gecko) Chrome/131.0.6778.264 Mobile Safari/537.36 (compatible; Googlebot/2.1; +http://www.google.com/bot.html)"
66.249.74.165 - - [02/Feb/2025:05:48:59 +0000] "GET /welding/Miller/What%20Are%20Stickout,%20Electrode%20Extension%20and%20Contact-Tip-To-Work%20Distance_%20_%20MillerWelds_files/recaptcha__en.js HTTP/1.1" 200 463621 "http://162.250.19.7/welding/Miller/What%20Are%20Stickout%2C%20Electrode%20Extension%20and%20Contact-Tip-To-Work%20Distance_%20_%20MillerWelds.html" "Mozilla/5.0 (Linux; Android 6.0.1; Nexus 5X Build/MMB29P) AppleWebKit/537.36 (KHTML, like Gecko) Chrome/131.0.6778.264 Mobile Safari/537.36 (compatible; Googlebot/2.1; +http://www.google.com/bot.html)"
66.249.74.164 - - [02/Feb/2025:05:48:59 +0000] "GET /welding/Miller/What%20Are%20Stickout,%20Electrode%20Extension%20and%20Contact-Tip-To-Work%20Distance_%20_%20MillerWelds_files/59c226282b68e2001125adcb.js HTTP/1.1" 200 1141 "http://162.250.19.7/welding/Miller/What%20Are%20Stickout%2C%20Electrode%20Extension%20and%20Contact-Tip-To-Work%20Distance_%20_%20MillerWelds.html" "Mozilla/5.0 (Linux; Android 6.0.1; Nexus 5X Build/MMB29P) AppleWebKit/537.36 (KHTML, like Gecko) Chrome/131.0.6778.264 Mobile Safari/537.36 (compatible; Googlebot/2.1; +http://www.google.com/bot.html)"
66.249.74.164 - - [02/Feb/2025:05:49:00 +0000] "GET /welding/Miller/What%20Are%20Stickout,%20Electrode%20Extension%20and%20Contact-Tip-To-Work%20Distance_%20_%20MillerWelds_files/gtm.js HTTP/1.1" 200 360999 "http://162.250.19.7/welding/Miller/What%20Are%20Stickout%2C%20Electrode%20Extension%20and%20Contact-Tip-To-Work%20Distance_%20_%20MillerWelds.html" "Mozilla/5.0 (Linux; Android 6.0.1; Nexus 5X Build/MMB29P) AppleWebKit/537.36 (KHTML, like Gecko) Chrome/131.0.6778.264 Mobile Safari/537.36 (compatible; Googlebot/2.1; +http://www.google.com/bot.html)"
66.249.74.164 - - [02/Feb/2025:05:49:00 +0000] "GET /welding/Miller/What%20Are%20Stickout,%20Electrode%20Extension%20and%20Contact-Tip-To-Work%20Distance_%20_%20MillerWelds_files/sharethis.js HTTP/1.1" 200 207829 "http://162.250.19.7/welding/Miller/What%20Are%20Stickout%2C%20Electrode%20Extension%20and%20Contact-Tip-To-Work%20Distance_%20_%20MillerWelds.html" "Mozilla/5.0 (Linux; Android 6.0.1; Nexus 5X Build/MMB29P) AppleWebKit/537.36 (KHTML, like Gecko) Chrome/131.0.6778.264 Mobile Safari/537.36 (compatible; Googlebot/2.1; +http://www.google.com/bot.html)"
66.249.74.166 - - [02/Feb/2025:05:49:01 +0000] "GET /welding/Miller/What%20Are%20Stickout,%20Electrode%20Extension%20and%20Contact-Tip-To-Work%20Distance_%20_%20MillerWelds_files/ps-utid.js HTTP/1.1" 200 2679 "http://162.250.19.7/welding/Miller/What%20Are%20Stickout%2C%20Electrode%20Extension%20and%20Contact-Tip-To-Work%20Distance_%20_%20MillerWelds.html" "Mozilla/5.0 (Linux; Android 6.0.1; Nexus 5X Build/MMB29P) AppleWebKit/537.36 (KHTML, like Gecko) Chrome/131.0.6778.264 Mobile Safari/537.36 (compatible; Googlebot/2.1; +http://www.google.com/bot.html)"
66.249.74.165 - - [02/Feb/2025:05:49:01 +0000] "GET /welding/Miller/What%20Are%20Stickout,%20Electrode%20Extension%20and%20Contact-Tip-To-Work%20Distance_%20_%20MillerWelds_files/pinterest.svg HTTP/1.1" 200 771 "http://162.250.19.7/welding/Miller/What%20Are%20Stickout%2C%20Electrode%20Extension%20and%20Contact-Tip-To-Work%20Distance_%20_%20MillerWelds.html" "Mozilla/5.0 (Linux; Android 6.0.1; Nexus 5X Build/MMB29P) AppleWebKit/537.36 (KHTML, like Gecko) Chrome/131.0.6778.264 Mobile Safari/537.36 (compatible; Googlebot/2.1; +http://www.google.com/bot.html)"
66.249.74.165 - - [02/Feb/2025:05:49:02 +0000] "GET /welding/Miller/What%20Are%20Stickout,%20Electrode%20Extension%20and%20Contact-Tip-To-Work%20Distance_%20_%20MillerWelds_files/twitter.svg HTTP/1.1" 200 368 "http://162.250.19.7/welding/Miller/What%20Are%20Stickout%2C%20Electrode%20Extension%20and%20Contact-Tip-To-Work%20Distance_%20_%20MillerWelds.html" "Mozilla/5.0 (Linux; Android 6.0.1; Nexus 5X Build/MMB29P) AppleWebKit/537.36 (KHTML, like Gecko) Chrome/131.0.6778.264 Mobile Safari/537.36 (compatible; Googlebot/2.1; +http://www.google.com/bot.html)"
66.249.74.166 - - [02/Feb/2025:05:49:02 +0000] "GET /welding/Miller/What%20Are%20Stickout,%20Electrode%20Extension%20and%20Contact-Tip-To-Work%20Distance_%20_%20MillerWelds_files/email.svg HTTP/1.1" 200 343 "http://162.250.19.7/welding/Miller/What%20Are%20Stickout%2C%20Electrode%20Extension%20and%20Contact-Tip-To-Work%20Distance_%20_%20MillerWelds.html" "Mozilla/5.0 (Linux; Android 6.0.1; Nexus 5X Build/MMB29P) AppleWebKit/537.36 (KHTML, like Gecko) Chrome/131.0.6778.264 Mobile Safari/537.36 (compatible; Googlebot/2.1; +http://www.google.com/bot.html)"
66.249.74.165 - - [02/Feb/2025:05:49:02 +0000] "GET /welding/Miller/What%20Are%20Stickout,%20Electrode%20Extension%20and%20Contact-Tip-To-Work%20Distance_%20_%20MillerWelds_files/linkedin.svg HTTP/1.1" 200 456 "http://162.250.19.7/welding/Miller/What%20Are%20Stickout%2C%20Electrode%20Extension%20and%20Contact-Tip-To-Work%20Distance_%20_%20MillerWelds.html" "Mozilla/5.0 (Linux; Android 6.0.1; Nexus 5X Build/MMB29P) AppleWebKit/537.36 (KHTML, like Gecko) Chrome/131.0.6778.264 Mobile Safari/537.36 (compatible; Googlebot/2.1; +http://www.google.com/bot.html)"
66.249.74.166 - - [02/Feb/2025:05:49:03 +0000] "GET /welding/Miller/What%20Are%20Stickout,%20Electrode%20Extension%20and%20Contact-Tip-To-Work%20Distance_%20_%20MillerWelds_files/anchor.html HTTP/1.1" 200 53169 "http://162.250.19.7/welding/Miller/What%20Are%20Stickout%2C%20Electrode%20Extension%20and%20Contact-Tip-To-Work%20Distance_%20_%20MillerWelds.html" "Mozilla/5.0 (Linux; Android 6.0.1; Nexus 5X Build/MMB29P) AppleWebKit/537.36 (KHTML, like Gecko) Chrome/131.0.6778.264 Mobile Safari/537.36 (compatible; Googlebot/2.1; +http://www.google.com/bot.html)"
66.249.74.164 - - [02/Feb/2025:05:49:03 +0000] "GET /welding/Miller/What%20Are%20Stickout,%20Electrode%20Extension%20and%20Contact-Tip-To-Work%20Distance_%20_%20MillerWelds_files/saved_resource(1).html HTTP/1.1" 200 149 "http://162.250.19.7/welding/Miller/What%20Are%20Stickout%2C%20Electrode%20Extension%20and%20Contact-Tip-To-Work%20Distance_%20_%20MillerWelds.html" "Mozilla/5.0 (Linux; Android 6.0.1; Nexus 5X Build/MMB29P) AppleWebKit/537.36 (KHTML, like Gecko) Chrome/131.0.6778.264 Mobile Safari/537.36 (compatible; Googlebot/2.1; +http://www.google.com/bot.html)"
66.249.74.164 - - [02/Feb/2025:05:49:04 +0000] "GET /welding/Miller/What%20Are%20Stickout,%20Electrode%20Extension%20and%20Contact-Tip-To-Work%20Distance_%20_%20MillerWelds_files/styles__ltr.css HTTP/1.1" 200 56398 "http://162.250.19.7/welding/Miller/What%20Are%20Stickout,%20Electrode%20Extension%20and%20Contact-Tip-To-Work%20Distance_%20_%20MillerWelds_files/anchor.html" "Mozilla/5.0 (Linux; Android 6.0.1; Nexus 5X Build/MMB29P) AppleWebKit/537.36 (KHTML, like Gecko) Chrome/131.0.6778.264 Mobile Safari/537.36 (compatible; Googlebot/2.1; +http://www.google.com/bot.html)"
66.249.74.164 - - [02/Feb/2025:05:49:05 +0000] "GET /welding/Miller/What%20Are%20Stickout,%20Electrode%20Extension%20and%20Contact-Tip-To-Work%20Distance_%20_%20MillerWelds_files/recaptcha__en.js HTTP/1.1" 200 463621 "http://162.250.19.7/welding/Miller/What%20Are%20Stickout,%20Electrode%20Extension%20and%20Contact-Tip-To-Work%20Distance_%20_%20MillerWelds_files/anchor.html" "Mozilla/5.0 (Linux; Android 6.0.1; Nexus 5X Build/MMB29P) AppleWebKit/537.36 (KHTML, like Gecko) Chrome/131.0.6778.264 Mobile Safari/537.36 (compatible; Googlebot/2.1; +http://www.google.com/bot.html)"
66.249.74.165 - - [02/Feb/2025:05:49:05 +0000] "GET /welding/Miller/What%20Are%20Stickout,%20Electrode%20Extension%20and%20Contact-Tip-To-Work%20Distance_%20_%20MillerWelds_files/saved_resource.html HTTP/1.1" 200 149 "http://162.250.19.7/welding/Miller/What%20Are%20Stickout,%20Electrode%20Extension%20and%20Contact-Tip-To-Work%20Distance_%20_%20MillerWelds_files/anchor.html" "Mozilla/5.0 (Linux; Android 6.0.1; Nexus 5X Build/MMB29P) AppleWebKit/537.36 (KHTML, like Gecko) Chrome/131.0.6778.264 Mobile Safari/537.36 (compatible; Googlebot/2.1; +http://www.google.com/bot.html)"
66.249.74.165 - - [02/Feb/2025:05:49:05 +0000] "GET /welding/Miller/What%20Are%20Stickout,%20Electrode%20Extension%20and%20Contact-Tip-To-Work%20Distance_%20_%20MillerWelds_files/f.txt HTTP/1.1" 200 50347 "http://162.250.19.7/welding/Miller/What%20Are%20Stickout%2C%20Electrode%20Extension%20and%20Contact-Tip-To-Work%20Distance_%20_%20MillerWelds.html" "Mozilla/5.0 (Linux; Android 6.0.1; Nexus 5X Build/MMB29P) AppleWebKit/537.36 (KHTML, like Gecko) Chrome/131.0.6778.264 Mobile Safari/537.36 (compatible; Googlebot/2.1; +http://www.google.com/bot.html)"
36.110.131.223 - - [02/Feb/2025:05:49:32 +0000] "GET /ac0xl/Color-of-Law/WE%20are%20the%20%E2%80%9CEnemies%20of%20the%20State%E2%80%9D%20-%20Documented%20Evidence%20-%20And%20How%20to%20Change%20The%20Status%20Quo%20-%20Stillness%20in%20the%20Storm_file HTTP/1.1" 200 7896 "" "Mozilla/5.0 (Windows NT 10.0; WOW64; Trident/7.0; AS; rv:11.0) like Gecko"
156.59.198.135 - - [02/Feb/2025:05:49:57 +0000] "GET /ac0xl/Welding/2023-09-22/Welding%20101%20Part%20III_files/a_data_005/admi_data/f.txt HTTP/1.0" 404 0 "" "Mozilla/5.0 (Linux; Android 5.0) AppleWebKit/537.36 (KHTML, like Gecko) Mobile Safari/537.36 (compatible; Bytespider; spider-feedback@bytedance.com)"
66.249.74.166 - - [02/Feb/2025:05:53:14 +0000] "GET /static/dfp.ads.prebid.js HTTP/1.1" 404 0 "http://162.250.19.7/welding/2023-09-22/MIG%20Welding%20101.html" "Mozilla/5.0 (Linux; Android 6.0.1; Nexus 5X Build/MMB29P) AppleWebKit/537.36 (KHTML, like Gecko) Chrome/131.0.6778.264 Mobile Safari/537.36 (compatible; Googlebot/2.1; +http://www.google.com/bot.html)"
66.249.74.164 - - [02/Feb/2025:05:53:15 +0000] "GET /dist/Modal-Modal-4da15a0a659762d936bc.js HTTP/1.1" 404 0 "http://162.250.19.7/welding/2023-09-22/MIG%20Welding%20101.html" "Mozilla/5.0 (Linux; Android 6.0.1; Nexus 5X Build/MMB29P) AppleWebKit/537.36 (KHTML, like Gecko) Chrome/131.0.6778.264 Mobile Safari/537.36 (compatible; Googlebot/2.1; +http://www.google.com/bot.html)"
66.249.74.166 - - [02/Feb/2025:05:53:16 +0000] "GET /dist/pages-Union-Union-45f366ba9a69406c4395.js HTTP/1.1" 404 0 "http://162.250.19.7/welding/2023-09-22/MIG%20Welding%20101.html" "Mozilla/5.0 (Linux; Android 6.0.1; Nexus 5X Build/MMB29P) AppleWebKit/537.36 (KHTML, like Gecko) Chrome/131.0.6778.264 Mobile Safari/537.36 (compatible; Googlebot/2.1; +http://www.google.com/bot.html)"
66.249.74.165 - - [02/Feb/2025:05:53:16 +0000] "GET /dist/logos-LiveLogo-LiveLogo-11dce59999f71f160042.js HTTP/1.1" 404 0 "http://162.250.19.7/welding/2023-09-22/MIG%20Welding%20101.html" "Mozilla/5.0 (Linux; Android 6.0.1; Nexus 5X Build/MMB29P) AppleWebKit/537.36 (KHTML, like Gecko) Chrome/131.0.6778.264 Mobile Safari/537.36 (compatible; Googlebot/2.1; +http://www.google.com/bot.html)"
66.249.74.166 - - [02/Feb/2025:05:53:16 +0000] "GET /dist/pages-AboutUs-AboutUs~pages-AdvertiseWithUs-AdvertiseWithUs~pages-Article-Article~pages-BuyingGuide-~e4a4df30-a7129cf4dca36617f633.js HTTP/1.1" 404 0 "http://162.250.19.7/welding/2023-09-22/MIG%20Welding%20101.html" "Mozilla/5.0 (Linux; Android 6.0.1; Nexus 5X Build/MMB29P) AppleWebKit/537.36 (KHTML, like Gecko) Chrome/131.0.6778.264 Mobile Safari/537.36 (compatible; Googlebot/2.1; +http://www.google.com/bot.html)"
66.249.74.164 - - [02/Feb/2025:05:53:17 +0000] "GET /dist/pages-Article-Article-d74e13fab2965573d632.js HTTP/1.1" 404 0 "http://162.250.19.7/welding/2023-09-22/MIG%20Welding%20101.html" "Mozilla/5.0 (Linux; Android 6.0.1; Nexus 5X Build/MMB29P) AppleWebKit/537.36 (KHTML, like Gecko) Chrome/131.0.6778.264 Mobile Safari/537.36 (compatible; Googlebot/2.1; +http://www.google.com/bot.html)"
66.249.74.166 - - [02/Feb/2025:05:53:17 +0000] "GET /dist/vendors~pages-Article-Article~pages-Draft-Draft~pages-OneApp-OneApp-3bc65a021576f7e653c8.js HTTP/1.1" 404 0 "http://162.250.19.7/welding/2023-09-22/MIG%20Welding%20101.html" "Mozilla/5.0 (Linux; Android 6.0.1; Nexus 5X Build/MMB29P) AppleWebKit/537.36 (KHTML, like Gecko) Chrome/131.0.6778.264 Mobile Safari/537.36 (compatible; Googlebot/2.1; +http://www.google.com/bot.html)"
66.249.74.165 - - [02/Feb/2025:05:53:18 +0000] "GET /dist/vendors~pages-Article-Article~pages-Curated-Curated~pages-Draft-Draft~pages-OneApp-OneApp-81bd89f89fedde404904.js HTTP/1.1" 404 0 "http://162.250.19.7/welding/2023-09-22/MIG%20Welding%20101.html" "Mozilla/5.0 (Linux; Android 6.0.1; Nexus 5X Build/MMB29P) AppleWebKit/537.36 (KHTML, like Gecko) Chrome/131.0.6778.264 Mobile Safari/537.36 (compatible; Googlebot/2.1; +http://www.google.com/bot.html)"
66.249.74.164 - - [02/Feb/2025:05:53:18 +0000] "GET /dist/components-VideoPlayer-VideoPlayer-6a9a886fc7a9cac1a215.js HTTP/1.1" 404 0 "http://162.250.19.7/welding/2023-09-22/MIG%20Welding%20101.html" "Mozilla/5.0 (Linux; Android 6.0.1; Nexus 5X Build/MMB29P) AppleWebKit/537.36 (KHTML, like Gecko) Chrome/131.0.6778.264 Mobile Safari/537.36 (compatible; Googlebot/2.1; +http://www.google.com/bot.html)"
66.249.74.164 - - [02/Feb/2025:05:53:19 +0000] "GET /dist/main-2fbf38b89b51cc74240a.js HTTP/1.1" 404 0 "http://162.250.19.7/welding/2023-09-22/MIG%20Welding%20101.html" "Mozilla/5.0 (Linux; Android 6.0.1; Nexus 5X Build/MMB29P) AppleWebKit/537.36 (KHTML, like Gecko) Chrome/131.0.6778.264 Mobile Safari/537.36 (compatible; Googlebot/2.1; +http://www.google.com/bot.html)"
66.249.74.165 - - [02/Feb/2025:05:53:19 +0000] "GET /dist/components-StickyBanner-StickyBanner-a693af234adeb0609124.js HTTP/1.1" 404 0 "http://162.250.19.7/welding/2023-09-22/MIG%20Welding%20101.html" "Mozilla/5.0 (Linux; Android 6.0.1; Nexus 5X Build/MMB29P) AppleWebKit/537.36 (KHTML, like Gecko) Chrome/131.0.6778.264 Mobile Safari/537.36 (compatible; Googlebot/2.1; +http://www.google.com/bot.html)"
66.249.74.165 - - [02/Feb/2025:05:53:20 +0000] "GET /dist/pages-Article-Article-d74e13fab2965573d632.js HTTP/1.1" 404 0 "http://162.250.19.7/welding/2023-09-22/MIG%20Welding%20101.html" "Mozilla/5.0 (Linux; Android 6.0.1; Nexus 5X Build/MMB29P) AppleWebKit/537.36 (KHTML, like Gecko) Chrome/131.0.6778.264 Mobile Safari/537.36 (compatible; Googlebot/2.1; +http://www.google.com/bot.html)"
156.59.198.135 - - [02/Feb/2025:05:53:58 +0000] "GET /welding/Tooliom/2023-05-28-TOOLIOM250MAluminumMulti-ProcessWelderMIG_LiftTIG_Stick3in1%E2%80%93Tooliom_files/TL-250M_3_002.webp HTTP/1.0" 404 0 "" "Mozilla/5.0 (Linux; Android 5.0) AppleWebKit/537.36 (KHTML, like Gecko) Mobile Safari/537.36 (compatible; Bytespider; spider-feedback@bytedance.com)"
2.187.218.214 - - [02/Feb/2025:05:56:56 +0000] "GET / HTTP/1.1" 200 25000 "" "Mozilla/5.0 (Windows NT 10.0; WOW64) AppleWebKit/537.36 (KHTML, like Gecko) Chrome/51.0.2704.103 Safari/537.36"
156.59.198.136 - - [02/Feb/2025:05:57:59 +0000] "GET /ac0xl/DavidStraight/Universal%20Declaration%20of%20Human%20Rights%20%7C%20United%20Nations_files/universal-declaration-human-rights.jpg HTTP/1.0" 404 0 "" "Mozilla/5.0 (Linux; Android 5.0) AppleWebKit/537.36 (KHTML, like Gecko) Mobile Safari/537.36 (compatible; Bytespider; spider-feedback@bytedance.com)"
156.59.198.135 - - [02/Feb/2025:06:01:59 +0000] "GET /welding/Tooliom/2023-05-28-TOOLIOM%20250M%20Aluminum%20Multi-Process%20Welder%20MIG_Lift%20TIG_Stick%203%20in%201%20%E2%80%93%20Tooliom_files/TL-250M_STICK_002.avif HTTP/1.0" 200 12394 "" "Mozilla/5.0 (Linux; Android 5.0) AppleWebKit/537.36 (KHTML, like Gecko) Mobile Safari/537.36 (compatible; Bytespider; spider-feedback@bytedance.com)"
156.59.198.136 - - [02/Feb/2025:06:06:00 +0000] "GET /ac0xl/Welding/2023-09-22/Welding%20101%20Part%20I_files/container_data_003/f.txt HTTP/1.0" 404 0 "" "Mozilla/5.0 (Linux; Android 5.0) AppleWebKit/537.36 (KHTML, like Gecko) Mobile Safari/537.36 (compatible; Bytespider; spider-feedback@bytedance.com)"
103.199.202.239 - - [02/Feb/2025:06:07:21 +0000] "GET /boaform/admin/formLogin?username=admin&psd=admin HTTP/1.0" 404 0 "" ""
114.119.147.137 - - [02/Feb/2025:06:09:15 +0000] "GET /robots.txt HTTP/1.1" 200 70 "" "Mozilla/5.0 (compatible;PetalBot;+https://webmaster.petalsearch.com/site/petalbot)"
47.128.42.183 - - [02/Feb/2025:06:17:40 +0000] "GET /welding/2023-09-22/Welding%20101%20Part%20III_files/sync.html HTTP/1.1" 200 0 "" "Mozilla/5.0 (Linux; Android 5.0) AppleWebKit/537.36 (KHTML, like Gecko) Mobile Safari/537.36 (compatible; Bytespider; spider-feedback@bytedance.com)"
183.199.5.35 - - [02/Feb/2025:06:20:29 +0000] "GET /favicon.ico HTTP/1.1" 200 533 "http://162.250.19.7/welding/Solutions%20for%20Welding%20Zinc%20Coated%20Steels-mc1595.pdf" "Mozilla/5.0 (Windows NT 10.0; Win64; x64) AppleWebKit/537.36 (KHTML, like Gecko) Chrome/132.0.0.0 Safari/537.36 Edg/132.0.0.0"
183.199.5.35 - - [02/Feb/2025:06:20:32 +0000] "GET /welding/Solutions%20for%20Welding%20Zinc%20Coated%20Steels-mc1595.pdf HTTP/1.1" 200 2216650 "https://xs.typicalgame.com/" "Mozilla/5.0 (Windows NT 10.0; Win64; x64) AppleWebKit/537.36 (KHTML, like Gecko) Chrome/132.0.0.0 Safari/537.36 Edg/132.0.0.0"
183.199.5.35 - - [02/Feb/2025:06:20:37 +0000] "UNKNOWN UNKNOWN" 400 0 "" ""
47.128.60.214 - - [02/Feb/2025:06:21:40 +0000] "GET /welding/2023-09-22/Flux-Cored%20Welding%20The%20Basics%20for%20Mild%20Steel%20MillerWelds_files/a_004.html HTTP/1.1" 200 107 "" "Mozilla/5.0 (Linux; Android 5.0) AppleWebKit/537.36 (KHTML, like Gecko) Mobile Safari/537.36 (compatible; Bytespider; spider-feedback@bytedance.com)"
156.59.198.136 - - [02/Feb/2025:06:25:41 +0000] "GET /ac0xl/Welding/2023-09-22/Welding%20101%20Part%20III_files/a_data_006/admi_data/a_data_002/f_002.txt HTTP/1.0" 404 0 "" "Mozilla/5.0 (Linux; Android 5.0) AppleWebKit/537.36 (KHTML, like Gecko) Mobile Safari/537.36 (compatible; Bytespider; spider-feedback@bytedance.com)"
146.19.24.168 - - [02/Feb/2025:06:28:54 +0000] "GET / HTTP/1.1" 200 25000 "" ""
4.151.38.109 - - [02/Feb/2025:06:35:57 +0000] "GET /actuator/health HTTP/1.1" 404 0 "" "Mozilla/5.0 zgrab/0.x"
156.59.198.136 - - [02/Feb/2025:06:40:09 +0000] "GET /ac0xl/Welding/Lincoln/WELD-PAK%2090iFC/C1VgPs2Y%2b2L-User-Manual-%28PDF%29-.pdf HTTP/1.0" 404 0 "" "Mozilla/5.0 (Linux; Android 5.0) AppleWebKit/537.36 (KHTML, like Gecko) Mobile Safari/537.36 (compatible; Bytespider; spider-feedback@bytedance.com)"
156.59.198.136 - - [02/Feb/2025:06:46:15 +0000] "GET /welding/Tooliom.com/2023-07-01-TooliomPlasmaCuttingBestMigWelder&MIG_TIG_StickWelders_files/Tooliom-banner-1920x1080-1_004.webp HTTP/1.0" 404 0 "" "Mozilla/5.0 (Linux; Android 5.0) AppleWebKit/537.36 (KHTML, like Gecko) Mobile Safari/537.36 (compatible; Bytespider; spider-feedback@bytedance.com)"
95.214.55.132 - - [02/Feb/2025:06:48:39 +0000] "GET / HTTP/1.1" 200 25000 "" "Mozilla/5.0 (Windows NT 10.0; Win64; x64) AppleWebKit/537.36 (KHTML, like Gecko) Chrome/90.0.4430.85 Safari/537.36 Edg/90.0.818.46"
156.59.198.135 - - [02/Feb/2025:06:50:24 +0000] "GET /welding/Tooliom.com/2023-07-01-TooliomPlasmaCuttingBestMigWelder&MIG_TIG_StickWelders_files/2138f2579893a679a0314d07ca96ea89_dd81615b-5930-4657-9191-d3.webp HTTP/1.0" 404 0 "" "Mozilla/5.0 (Linux; Android 5.0) AppleWebKit/537.36 (KHTML, like Gecko) Mobile Safari/537.36 (compatible; Bytespider; spider-feedback@bytedance.com)"
13.214.53.161 - - [02/Feb/2025:06:53:43 +0000] "GET /rome/Trust%20Law%20How%20You%20Became%20A%20Commodity%20-%20The%20Creation%20of%20Constructive%20Trusts%20...%20%22This%20power%20over%20us%20is,%20or%20is%20about%20to%20become,%20SLAVERY.%20We%20ar HTTP/1.1" 200 15388 "" "Mozilla/5.0 (Windows NT 6.1; WOW64; rv:54.0) Gecko/20100101 Firefox/54.0"
167.99.193.184 - - [02/Feb/2025:06:53:50 +0000] "GET / HTTP/1.1" 200 25000 "" "Mozilla/5.0 (compatible)"
156.59.198.135 - - [02/Feb/2025:06:54:24 +0000] "GET /-/media/miller-electric/images/misc-article-images/ron-covell-images/article-3/tig-008.jpg?h=240&w=350&la=en HTTP/1.0" 404 0 "" "Mozilla/5.0 (Linux; Android 5.0) AppleWebKit/537.36 (KHTML, like Gecko) Mobile Safari/537.36 (compatible; Bytespider; spider-feedback@bytedance.com)"
64.62.197.206 - - [02/Feb/2025:06:56:01 +0000] "UNKNOWN UNKNOWN" 400 0 "" ""
54.151.170.101 - - [02/Feb/2025:06:57:08 +0000] "GET /ac0xl/www/2002-ArchHunterBooks/SJSlides/61strans.jpg HTTP/1.1" 200 2554 "" "Mozilla/5.0 (Windows NT 6.1; WOW64) AppleWebKit/537.36 (KHTML, like Gecko) Chrome/58.0.3029.110 Safari/537.36 OPR/45.0.2552.888"
114.119.139.123 - - [02/Feb/2025:06:57:31 +0000] "GET /notices/2021-court/2019-07-25-whom-it-concerns-001.pdf HTTP/1.1" 200 344609 "http://162.250.19.7/notices/2021-court/" "Mozilla/5.0 (Linux; Android 7.0;) AppleWebKit/537.36 (KHTML, like Gecko) Mobile Safari/537.36 (compatible; PetalBot;+https://webmaster.petalsearch.com/site/petalbot)"
45.148.10.242 - - [02/Feb/2025:06:57:55 +0000] "GET /cgi-bin/luci/;stok=/locale HTTP/1.1" 404 0 "" ""
156.59.198.136 - - [02/Feb/2025:06:58:24 +0000] "GET /-/media/miller-electric/images/article-images/0/1/8/appearance-720x410_caption.jpg?h=410&w=720&la=en&hash=F5140D6A95C3F1935D6302F0C5E28744E96E0A4D HTTP/1.0" 404 0 "" "Mozilla/5.0 (Linux; Android 5.0) AppleWebKit/537.36 (KHTML, like Gecko) Mobile Safari/537.36 (compatible; Bytespider; spider-feedback@bytedance.com)"
114.119.151.133 - - [02/Feb/2025:06:58:39 +0000] "GET /welding/2023-09-22/Welding%20101%20Part%20III_files/Accordion-866cdb9bfadd5046d909.js HTTP/1.1" 200 1626 "http://162.250.19.7/welding/2023-09-22/Welding%20101%20Part%20III_files/" "Mozilla/5.0 (Linux; Android 7.0;) AppleWebKit/537.36 (KHTML, like Gecko) Mobile Safari/537.36 (compatible; PetalBot;+https://webmaster.petalsearch.com/site/petalbot)"
114.119.151.153 - - [02/Feb/2025:07:01:41 +0000] "GET /videos/USB-HDMI-grabber/2022-02-11-Implementing%20and%20comparing%20video%20over%20USB%20-%20EDN_files/a.html HTTP/1.1" 200 43768 "http://162.250.19.7/videos/USB-HDMI-grabber/2022-02-11-Implementing%20and%20comparing%20video%20over%20USB%20-%20EDN_files/" "Mozilla/5.0 (Linux; Android 7.0;) AppleWebKit/537.36 (KHTML, like Gecko) Mobile Safari/537.36 (compatible; PetalBot;+https://webmaster.petalsearch.com/site/petalbot)"
114.119.139.123 - - [02/Feb/2025:07:05:55 +0000] "GET /rome/Judge-Anna-von-Reitz/docs/%23HATJ%20Context%20on%20Where%20We%20Are%20%E2%80%93%20I%20https%20_i-uv.com_files/G99w562_w6U_data/ HTTP/1.1" 200 25000 "http://162.250.19.7/rome/Judge-Anna-von-Reitz/docs/%23HATJ%20Context%20on%20Where%20We%20Are%20%e2%80%93%20I%20https%20_i-uv.com_files/" "Mozilla/5.0 (Linux; Android 7.0;) AppleWebKit/537.36 (KHTML, like Gecko) Mobile Safari/537.36 (compatible; PetalBot;+https://webmaster.petalsearch.com/site/petalbot)"
114.119.137.193 - - [02/Feb/2025:07:10:00 +0000] "GET /videos/USB-HDMI-grabber/2022-02-11-What's%20next%20for%20USB%20and%20Thunderbolt%3F%20-%20EDN_files/a_data_003/ HTTP/1.1" 200 25000 "http://162.250.19.7/videos/USB-HDMI-grabber/2022-02-11-What%27s%20next%20for%20USB%20and%20Thunderbolt%3f%20-%20EDN_files/" "Mozilla/5.0 (Linux; Android 7.0;) AppleWebKit/537.36 (KHTML, like Gecko) Mobile Safari/537.36 (compatible; PetalBot;+https://webmaster.petalsearch.com/site/petalbot)"
99.72.235.195 - - [02/Feb/2025:07:10:36 +0000] "GET /favicon.ico HTTP/1.1" 200 533 "http://162.250.19.7/welding/Tooliom/TL-135M.pdf" "Mozilla/5.0 (Macintosh; Intel Mac OS X 10_15_7) AppleWebKit/537.36 (KHTML, like Gecko) Chrome/116.0.0.0 Safari/537.36"
114.119.147.73 - - [02/Feb/2025:07:13:45 +0000] "GET /welding/2023-09-22/Welding%20101%20Part%20III_files/eyJpdSI6IjljMmMzMGI2NGVkYjc3NTk0ZmVmNDg1ZTU3NmQ1MmYyOTdkYjM.webp HTTP/1.1" 200 1144 "http://162.250.19.7/welding/2023-09-22/Welding%20101%20Part%20III_files/" "Mozilla/5.0 (Linux; Android 7.0;) AppleWebKit/537.36 (KHTML, like Gecko) Mobile Safari/537.36 (compatible; PetalBot;+https://webmaster.petalsearch.com/site/petalbot)"
185.196.220.253 - - [02/Feb/2025:07:14:08 +0000] "GET / HTTP/1.1" 200 25000 "" "Hello World"
114.119.139.226 - - [02/Feb/2025:07:14:11 +0000] "GET /freedom/freedom-2022-05-20/2022-05-03-AC0XL-Pi-B-Plus-1-2/2022-05-07-AC0XL-Pi-B-Plus-test-2/192.168.1.90-test-2/ac0xl/justiniandeception.wordpress.com/type/audio/index.html HTTP/1.1" 200 151575 "http://162.250.19.7/freedom/freedom-2022-05-20/2022-05-03-AC0XL-Pi-B-Plus-1-2/2022-05-07-AC0XL-Pi-B-Plus-test-2/192.168.1.90-test-2/ac0xl/justiniandeception.wordpress.com/2016/04/21/first-blog-post/in" "Mozilla/5.0 (Linux; Android 7.0;) AppleWebKit/537.36 (KHTML, like Gecko) Mobile Safari/537.36 (compatible; PetalBot;+https://webmaster.petalsearch.com/site/petalbot)"
99.72.235.195 - - [02/Feb/2025:07:14:36 +0000] "GET /welding/Tooliom/TL-135M.pdf HTTP/1.1" 200 45166092 "https://www.google.com/" "Mozilla/5.0 (Macintosh; Intel Mac OS X 10_15_7) AppleWebKit/537.36 (KHTML, like Gecko) Chrome/116.0.0.0 Safari/537.36"
47.128.127.17 - - [02/Feb/2025:07:14:39 +0000] "GET /downloads/2020-09-03-Raspberry-Pi-A-cheat-sheet--TechRepublic_files/a_data_010/a_002.html HTTP/1.1" 200 7085 "" "Mozilla/5.0 (Linux; Android 5.0) AppleWebKit/537.36 (KHTML, like Gecko) Mobile Safari/537.36 (compatible; Bytespider; spider-feedback@bytedance.com)"
114.119.137.193 - - [02/Feb/2025:07:17:58 +0000] "GET /welding/2023-09-22/Welding%20101%20Part%20III_files/2024-Ford-F-150-Platinum-1.avif HTTP/1.1" 200 22192 "http://162.250.19.7/welding/2023-09-22/Welding%20101%20Part%20III_files/" "Mozilla/5.0 (Linux; Android 7.0;) AppleWebKit/537.36 (KHTML, like Gecko) Mobile Safari/537.36 (compatible; PetalBot;+https://webmaster.petalsearch.com/site/petalbot)"
158.62.199.131 - - [02/Feb/2025:07:18:16 +0000] "GET /documents/White--18-USC-242--Damages.odt HTTP/1.1" 200 31037 "" "Mozilla/5.0 (Windows; U; Windows NT 6.1; it; rv:1.9.2.6) Gecko/20100625 Firefox/3.6.6 ( .NET CLR 3.5.30729)"
36.110.131.19 - - [02/Feb/2025:07:18:30 +0000] "GET /ac0xl/www/2002-ArchHunterBooks/SJSlides/29strans.jpg HTTP/1.1" 200 2336 "" "Mozilla/5.0 (Windows NT 10.0; Win64; x64) AppleWebKit/537.36 (KHTML, like Gecko) Chrome/58.0.3029.110 Safari/537.36"
47.128.47.117 - - [02/Feb/2025:07:18:39 +0000] "GET /welding/2023-09-22/Flux-Cored%20Welding%20The%20Basics%20for%20Mild%20Steel%20MillerWelds_files/iu3.html HTTP/1.1" 200 153 "" "Mozilla/5.0 (Linux; Android 5.0) AppleWebKit/537.36 (KHTML, like Gecko) Mobile Safari/537.36 (compatible; Bytespider; spider-feedback@bytedance.com)"
114.119.151.133 - - [02/Feb/2025:07:22:14 +0000] "GET /welding/2023-09-22/Welding%20101%20Part%20III_files/001-drag-week-2023-spotlight-robert-lowe-39-ford-pickup.avif HTTP/1.1" 200 20619 "http://162.250.19.7/welding/2023-09-22/Welding%20101%20Part%20III_files/" "Mozilla/5.0 (Linux; Android 7.0;) AppleWebKit/537.36 (KHTML, like Gecko) Mobile Safari/537.36 (compatible; PetalBot;+https://webmaster.petalsearch.com/site/petalbot)"
114.119.139.226 - - [02/Feb/2025:07:22:30 +0000] "GET /rome/Paths%20to%20Awakening%20Spiritual%20Activism%20or%20Disempowerment%20%7C%20Understanding%20the%20Spiritual%20Causes%20of%20Depression%20-%20Stillness%20in%20the%20Storm_files/ajs.js HTTP/1.1" 200 5364 "http://162.250.19.7/rome/Paths%20to%20Awakening%20Spiritual%20Activism%20or%20Disempowerment%20%7c%20Understanding%20the%20Spiritual%20Causes%20of%20Depression%20-%20Stillness%20in%20the%20Storm_files" "Mozilla/5.0 (Linux; Android 7.0;) AppleWebKit/537.36 (KHTML, like Gecko) Mobile Safari/537.36 (compatible; PetalBot;+https://webmaster.petalsearch.com/site/petalbot)"
114.119.153.91 - - [02/Feb/2025:07:26:18 +0000] "GET /welding/2020-06-16-Silicon%20Bronze%20MIG%20Brazing%20Basics_files/conversion.js HTTP/1.1" 200 45480 "http://162.250.19.7/welding/2020-06-16-Silicon%20Bronze%20MIG%20Brazing%20Basics_files/" "Mozilla/5.0 (Linux; Android 7.0;) AppleWebKit/537.36 (KHTML, like Gecko) Mobile Safari/537.36 (compatible; PetalBot;+https://webmaster.petalsearch.com/site/petalbot)"
156.59.198.136 - - [02/Feb/2025:07:29:19 +0000] "GET /freedom/freedom-2021-07-12/freedom/2021-06-15-Install-thttpd-Pi-400-ubuntu-21.04-desktop-arm64%2braspi.txt HTTP/1.0" 200 117602 "" "Mozilla/5.0 (Linux; Android 5.0) AppleWebKit/537.36 (KHTML, like Gecko) Mobile Safari/537.36 (compatible; Bytespider; spider-feedback@bytedance.com)"
114.119.151.133 - - [02/Feb/2025:07:30:27 +0000] "GET /welding/Forney/2018-04-01-Forney%20Easy%20Weld%20140%20MP%20Machine%20%20%20Forney%20Industries_files/ecommerce.js HTTP/1.1" 200 1403 "http://162.250.19.7/welding/Forney/2018-04-01-Forney%20Easy%20Weld%20140%20MP%20Machine%20%20%20Forney%20Industries_files/" "Mozilla/5.0 (Linux; Android 7.0;) AppleWebKit/537.36 (KHTML, like Gecko) Mobile Safari/537.36 (compatible; PetalBot;+https://webmaster.petalsearch.com/site/petalbot)"
156.59.198.136 - - [02/Feb/2025:07:34:16 +0000] "GET /rome/TrumpOn20thAnniversaryOf9_11%E2%80%94%E2%80%9CAmericaWillBeMadeGreatAgain%E2%80%9D-StillnessintheStorm_files/61434bc4a745d8-58831862.jpeg HTTP/1.0" 404 0 "" "Mozilla/5.0 (Linux; Android 5.0) AppleWebKit/537.36 (KHTML, like Gecko) Mobile Safari/537.36 (compatible; Bytespider; spider-feedback@bytedance.com)"
51.222.253.20 - - [02/Feb/2025:07:36:07 +0000] "GET /robots.txt HTTP/1.1" 200 70 "" "Mozilla/5.0 (compatible; AhrefsBot/7.0; +http://ahrefs.com/robot/)"
51.222.253.8 - - [02/Feb/2025:07:36:08 +0000] "GET /freedom/freedom-2022-05-20/2022-05-03-AC0XL-Pi-B-Plus-1-2/2022-05-07-AC0XL-Pi-B-Plus-test-2/192.168.1.90-test-2/ac0xl/justiniandeception.wordpress.com/2016/11/23/rohan-loran-dog-latin-corruption-in-t HTTP/1.1" 200 76917 "" "Mozilla/5.0 (compatible; AhrefsBot/7.0; +http://ahrefs.com/robot/)"
66.249.74.165 - - [02/Feb/2025:07:36:40 +0000] "GET /restore.sql.gz HTTP/1.1" 404 0 "" "Mozilla/5.0 (Linux; Android 6.0.1; Nexus 5X Build/MMB29P) AppleWebKit/537.36 (KHTML, like Gecko) Chrome/132.0.6834.159 Mobile Safari/537.36 (compatible; Googlebot/2.1; +http://www.google.com/bot.html)"
156.59.198.136 - - [02/Feb/2025:07:38:17 +0000] "GET /welding/Miller/The%20History%20of%20Welding%20_%20MillerWelds_files/f.txt HTTP/1.0" 200 50347 "" "Mozilla/5.0 (Linux; Android 5.0) AppleWebKit/537.36 (KHTML, like Gecko) Mobile Safari/537.36 (compatible; Bytespider; spider-feedback@bytedance.com)"
114.119.139.226 - - [02/Feb/2025:07:38:47 +0000] "GET /welding/2023-09-22/TIG%20Welding%20Tips%20for%20Beginner%20and%20Intermediate%20Welders%20MillerWelds.html HTTP/1.1" 200 200120 "http://162.250.19.7/welding/2023-09-22/" "Mozilla/5.0 (Linux; Android 7.0;) AppleWebKit/537.36 (KHTML, like Gecko) Mobile Safari/537.36 (compatible; PetalBot;+https://webmaster.petalsearch.com/site/petalbot)"
36.110.131.72 - - [02/Feb/2025:07:40:35 +0000] "GET /ac0xl/www/2001-ArchHunterBooks/SJSlides/45sphoto.jpg HTTP/1.1" 200 2168 "" "Mozilla/5.0 (Windows NT 10.0; Win64; x64) AppleWebKit/537.36 (KHTML, like Gecko) Chrome/58.0.3029.110 Safari/537.36"
156.59.198.135 - - [02/Feb/2025:07:42:17 +0000] "GET /freedom/freedom-2021-07-12/2021-07-12-freedom/2021-06-15-Install-thttpd-Pi-400-ubuntu-21.04-desktop-arm64%2braspi.txt HTTP/1.0" 200 117602 "" "Mozilla/5.0 (Linux; Android 5.0) AppleWebKit/537.36 (KHTML, like Gecko) Mobile Safari/537.36 (compatible; Bytespider; spider-feedback@bytedance.com)"
114.119.139.123 - - [02/Feb/2025:07:43:01 +0000] "GET /freedom/freedom-2021-09-13/thttpd-extras/robots.txt HTTP/1.1" 200 27 "http://162.250.19.7/freedom/freedom-2021-09-13/thttpd-extras/" "Mozilla/5.0 (Linux; Android 7.0;) AppleWebKit/537.36 (KHTML, like Gecko) Mobile Safari/537.36 (compatible; PetalBot;+https://webmaster.petalsearch.com/site/petalbot)"
114.119.147.73 - - [02/Feb/2025:07:43:42 +0000] "GET /videos/USB-HDMI-grabber/2022-02-11-How%20to%20perform%20HDMI%20measurements%20-%20EDN_files/rules-p-ha81gRQTKQ0vn.js HTTP/1.1" 200 2 "http://162.250.19.7/videos/USB-HDMI-grabber/2022-02-11-How%20to%20perform%20HDMI%20measurements%20-%20EDN_files/" "Mozilla/5.0 (Linux; Android 7.0;) AppleWebKit/537.36 (KHTML, like Gecko) Mobile Safari/537.36 (compatible; PetalBot;+https://webmaster.petalsearch.com/site/petalbot)"
66.249.74.166 - - [02/Feb/2025:07:44:40 +0000] "GET /ac0xl/art/atlas_cyanotype.pdf HTTP/1.1" 304 0 "" "Mozilla/5.0 (Linux; Android 6.0.1; Nexus 5X Build/MMB29P) AppleWebKit/537.36 (KHTML, like Gecko) Chrome/132.0.6834.159 Mobile Safari/537.36 (compatible; Googlebot/2.1; +http://www.google.com/bot.html)"
156.59.198.135 - - [02/Feb/2025:07:46:18 +0000] "GET /ac0xl/Welding/2023-09-22/Fab%20101%20-%20TIG%20Welding_files/user_sync_data_002/SPug_002.txt HTTP/1.0" 404 0 "" "Mozilla/5.0 (Linux; Android 5.0) AppleWebKit/537.36 (KHTML, like Gecko) Mobile Safari/537.36 (compatible; Bytespider; spider-feedback@bytedance.com)"
114.119.151.153 - - [02/Feb/2025:07:47:15 +0000] "GET /ac0xl/www/2005-museumarchives/Raw-Data/0-Raw-Data/Sylvia.Harris.Ekker/unknown%20male.tif HTTP/1.1" 200 861286 "http://162.250.19.7/ac0xl/www/2005-museumarchives/Raw-Data/0-Raw-Data/Sylvia.Harris.Ekker" "Mozilla/5.0 (Linux; Android 7.0;) AppleWebKit/537.36 (KHTML, like Gecko) Mobile Safari/537.36 (compatible; PetalBot;+https://webmaster.petalsearch.com/site/petalbot)"
192.42.116.183 - - [02/Feb/2025:07:49:19 +0000] "GET / HTTP/1.1" 200 25000 "" "Mozilla/5.0 (X11; Linux x86_64; rv:128.0) Gecko/20100101 Firefox/128.0"
192.42.116.183 - - [02/Feb/2025:07:49:22 +0000] "GET /videos/ HTTP/1.1" 200 25000 "" "Mozilla/5.0 (X11; Linux x86_64; rv:128.0) Gecko/20100101 Firefox/128.0"
192.42.116.183 - - [02/Feb/2025:07:49:22 +0000] "GET /favicon.ico HTTP/1.1" 200 533 "http://162.250.19.7/videos/" "Mozilla/5.0 (X11; Linux x86_64; rv:128.0) Gecko/20100101 Firefox/128.0"
114.119.153.91 - - [02/Feb/2025:07:51:17 +0000] "GET /ac0xl/www/2005-museumarchives/Raw-Data/0-Raw-Data/Grandma.Dumas.scrap.book.2/20.tif HTTP/1.1" 200 987140 "http://162.250.19.7/ac0xl/www/2005-museumarchives/Raw-Data/0-Raw-Data/Grandma.Dumas.scrap.book.2" "Mozilla/5.0 (Linux; Android 7.0;) AppleWebKit/537.36 (KHTML, like Gecko) Mobile Safari/537.36 (compatible; PetalBot;+https://webmaster.petalsearch.com/site/petalbot)"
156.59.198.136 - - [02/Feb/2025:07:53:59 +0000] "GET /ac0xl/Welding/2023-09-22/MIG%20Welding%20101_files/container_data_006/index_data/23579273_20230906072141069_2024_Silverado-HD_Rotator_image3_.jpg HTTP/1.0" 404 0 "" "Mozilla/5.0 (Linux; Android 5.0) AppleWebKit/537.36 (KHTML, like Gecko) Mobile Safari/537.36 (compatible; Bytespider; spider-feedback@bytedance.com)"
114.119.137.193 - - [02/Feb/2025:07:55:26 +0000] "GET /welding/2023-09-22/Oxy-Acetylene%20Welding%20101_files/ HTTP/1.1" 200 25000 "http://162.250.19.7/welding/2023-09-22/" "Mozilla/5.0 (Linux; Android 7.0;) AppleWebKit/537.36 (KHTML, like Gecko) Mobile Safari/537.36 (compatible; PetalBot;+https://webmaster.petalsearch.com/site/petalbot)"
156.59.198.136 - - [02/Feb/2025:07:58:01 +0000] "GET /welding/Tooliom.com/Plasma%20Cutter%20TL-50C%20Non-Touch%20Pilot%20Arc%20NHF%20Version%20%E2%80%93%20Tooliom_files/05c749914ceb6f0e401d50aac1cec636_cab03385-2749-4143-a90_002.avif HTTP/1.0" 200 15731 "" "Mozilla/5.0 (Linux; Android 5.0) AppleWebKit/537.36 (KHTML, like Gecko) Mobile Safari/537.36 (compatible; Bytespider; spider-feedback@bytedance.com)"
114.119.151.153 - - [02/Feb/2025:07:59:38 +0000] "GET /welding/Forney/2018-04-01-Forney%20Easy%20Weld%20140%20FC-i%20MIG%20Machine%20%20%20Forney%20Industries_files/90_custom.css HTTP/1.1" 200 7005 "http://162.250.19.7/welding/Forney/2018-04-01-Forney%20Easy%20Weld%20140%20FC-i%20MIG%20Machine%20%20%20Forney%20Industries_files/" "Mozilla/5.0 (Linux; Android 7.0;) AppleWebKit/537.36 (KHTML, like Gecko) Mobile Safari/537.36 (compatible; PetalBot;+https://webmaster.petalsearch.com/site/petalbot)"
114.119.139.226 - - [02/Feb/2025:07:59:51 +0000] "GET /ac0xl/YottaDB.com/Get%20Started%20_%20Download%20YottaDB%20_%20YottaDB_files/bootstrap.js HTTP/1.1" 200 4081 "http://162.250.19.7/ac0xl/YottaDB.com/Get%20Started%20_%20Download%20YottaDB%20_%20YottaDB_files/" "Mozilla/5.0 (Linux; Android 7.0;) AppleWebKit/537.36 (KHTML, like Gecko) Mobile Safari/537.36 (compatible; PetalBot;+https://webmaster.petalsearch.com/site/petalbot)"
13.228.102.103 - - [02/Feb/2025:08:01:23 +0000] "GET /ac0xl/Welding/2020-06-16-Silicon%20Bronze%20MIG%20Brazing%20Basics_files/multimatic-255-panel-mig-mild-steel-c10-connection-screen.jpg HTTP/1.1" 404 0 "" "Mozilla/5.0 (Windows NT 6.1; WOW64) AppleWebKit/537.36 (KHTML, like Gecko) Chrome/58.0.3029.110 Safari/537.36 OPR/45.0.2552.888"
156.59.198.135 - - [02/Feb/2025:08:02:01 +0000] "GET /downloads/2020-09-03-Raspberry%20Pi%20A%20cheat%20sheet%20-%20TechRepublic_files/starterkit.jpg HTTP/1.0" 404 0 "" "Mozilla/5.0 (Linux; Android 5.0) AppleWebKit/537.36 (KHTML, like Gecko) Mobile Safari/537.36 (compatible; Bytespider; spider-feedback@bytedance.com)"
114.119.137.193 - - [02/Feb/2025:08:03:47 +0000] "GET /ac0xl/www/2005-museumarchives/Charlotte/2005-07-13/100_1551.jpg HTTP/1.1" 200 637665 "http://162.250.19.7/ac0xl/www/2005-museumarchives/Charlotte/2005-07-13/1540-index.html" "Mozilla/5.0 (Linux; Android 7.0;) AppleWebKit/537.36 (KHTML, like Gecko) Mobile Safari/537.36 (compatible; PetalBot;+https://webmaster.petalsearch.com/site/petalbot)"
156.59.198.135 - - [02/Feb/2025:08:06:02 +0000] "GET /ac0xl/Basiago-Andrew/DARPA%20-%20PROJECT%20PEGASUS_files/FACE_0F_PHAROAH_jpg.jpg HTTP/1.0" 404 0 "" "Mozilla/5.0 (Linux; Android 5.0) AppleWebKit/537.36 (KHTML, like Gecko) Mobile Safari/537.36 (compatible; Bytespider; spider-feedback@bytedance.com)"
114.119.151.133 - - [02/Feb/2025:08:07:57 +0000] "GET /ac0xl/DavidStraight/International%20Covenant%20on%20Civil%20and%20Political%20Rights%20-%20A_RES_21_2200%20A%20Annex%202%20-%20UN%20Documents_%20Gathering%20a%20body%20of%20global%20agreements_files/ HTTP/1.1" 403 0 "http://162.250.19.7/ac0xl/DavidStraight/International%20Covenant%20on%20Civil%20and%20Political%20Rights%20-%20A_RES_21_2200%20A%20Annex%202%20-%20UN%20Documents_%20Gathering%20a%20body%20of%20global%" "Mozilla/5.0 (Linux; Android 7.0;) AppleWebKit/537.36 (KHTML, like Gecko) Mobile Safari/537.36 (compatible; PetalBot;+https://webmaster.petalsearch.com/site/petalbot)"
156.59.198.135 - - [02/Feb/2025:08:10:02 +0000] "GET /freedom/freedom-2021-09-13/Acme.com/ConfigurationOptions_files/aframe_data/sodar.html HTTP/1.0" 404 0 "" "Mozilla/5.0 (Linux; Android 5.0) AppleWebKit/537.36 (KHTML, like Gecko) Mobile Safari/537.36 (compatible; Bytespider; spider-feedback@bytedance.com)"
156.59.198.135 - - [02/Feb/2025:08:15:14 +0000] "GET /ac0xl/Welding/2023-09-22/Oxy-Acetylene%20Welding%20101_files/container_data_003/f_004.txt HTTP/1.0" 404 0 "" "Mozilla/5.0 (Linux; Android 5.0) AppleWebKit/537.36 (KHTML, like Gecko) Mobile Safari/537.36 (compatible; Bytespider; spider-feedback@bytedance.com)"
114.119.139.123 - - [02/Feb/2025:08:17:00 +0000] "GET /freedom/freedom-2022-05-20/2022-04-01-Install-thttpd-on-32-or-64-bit-OS.txt HTTP/1.1" 200 1177316 "http://162.250.19.7/freedom/freedom-2022-05-20/" "Mozilla/5.0 (Linux; Android 7.0;) AppleWebKit/537.36 (KHTML, like Gecko) Mobile Safari/537.36 (compatible; PetalBot;+https://webmaster.petalsearch.com/site/petalbot)"
47.128.59.249 - - [02/Feb/2025:08:19:14 +0000] "GET /freedom/freedom/DNS/2023-01-31-How%20Can%20Disrupting%20DNS%20Communications%20Thwart%20a%20Malware%20Attack%20_files/how-can-disrupting-dns-communications-thwart-a-malware-attac_003/how-can-disrupti HTTP/1.1" 200 156074 "" "Mozilla/5.0 (Linux; Android 5.0) AppleWebKit/537.36 (KHTML, like Gecko) Mobile Safari/537.36 (compatible; Bytespider; spider-feedback@bytedance.com)"
114.119.139.123 - - [02/Feb/2025:08:20:39 +0000] "GET /freedom/freedom-2022-02-06/Acme.com/Web%20Server%20Comparisons.html HTTP/1.1" 200 22711 "http://162.250.19.7/freedom/freedom-2022-02-06/Acme.com/" "Mozilla/5.0 (Linux; Android 7.0;) AppleWebKit/537.36 (KHTML, like Gecko) Mobile Safari/537.36 (compatible; PetalBot;+https://webmaster.petalsearch.com/site/petalbot)"
156.59.198.136 - - [02/Feb/2025:08:23:14 +0000] "GET /ac0xl/Welding/2023-09-22/Fab%20101%20-%20TIG%20Welding_files/68903216.xml HTTP/1.0" 404 0 "" "Mozilla/5.0 (Linux; Android 5.0) AppleWebKit/537.36 (KHTML, like Gecko) Mobile Safari/537.36 (compatible; Bytespider; spider-feedback@bytedance.com)"
156.59.198.136 - - [02/Feb/2025:08:31:19 +0000] "GET /ac0xl/Welding/2023-09-22/Welding%20101%20Part%20III_files/container_data_004/f.txt HTTP/1.0" 404 0 "" "Mozilla/5.0 (Linux; Android 5.0) AppleWebKit/537.36 (KHTML, like Gecko) Mobile Safari/537.36 (compatible; Bytespider; spider-feedback@bytedance.com)"
194.50.16.218 - - [02/Feb/2025:08:34:48 +0000] "GET / HTTP/1.1" 200 25000 "" "libwww-perl/6.77"
66.249.74.164 - - [02/Feb/2025:08:35:36 +0000] "GET /searles-sav-on-propane/SearlesSavOnPropane/acct%2301101-001.pdf HTTP/1.1" 200 2357508 "" "Mozilla/5.0 (Linux; Android 6.0.1; Nexus 5X Build/MMB29P) AppleWebKit/537.36 (KHTML, like Gecko) Chrome/132.0.6834.159 Mobile Safari/537.36 (compatible; Googlebot/2.1; +http://www.google.com/bot.html)"
156.59.198.136 - - [02/Feb/2025:08:38:18 +0000] "GET /ac0xl/Welding/2023-09-22/Fab%20101%20-%20TIG%20Welding_files/container_data_002/f.txt HTTP/1.0" 404 0 "" "Mozilla/5.0 (Linux; Android 5.0) AppleWebKit/537.36 (KHTML, like Gecko) Mobile Safari/537.36 (compatible; Bytespider; spider-feedback@bytedance.com)"
156.59.198.136 - - [02/Feb/2025:08:42:19 +0000] "GET /ac0xl/Welding/2023-09-22/MIG%20Welding%20101_files/user_sync_data_002/SPug_002.txt HTTP/1.0" 404 0 "" "Mozilla/5.0 (Linux; Android 5.0) AppleWebKit/537.36 (KHTML, like Gecko) Mobile Safari/537.36 (compatible; Bytespider; spider-feedback@bytedance.com)" datelog, thttpd pid = PID TTY TIME CMD 943 ? 00:00:04 thttpd Sun Feb 2 02:00:16 AM MST 2025 02:00:16 up 1 min, 3 users, load average: 1.48, 0.57, 0.21 USER TTY FROM LOGIN@ IDLE JCPU PCPU WHAT pi tty1 - 01:45 43:14 0.07s 0.05s -bash pi tty7 :0 01:45 43:14 1.98s 0.16s /usr/bin/lxsession -s LXDE-pi -e LXDE pi pts/1 - 02:00 0.00s 0.06s 0.03s sudo datelog
