51.222.253.12 - - [01/Feb/2025:00:24:59 +0000] "GET /rome/Judge-Anna-von-Reitz/docs/The%20Mystical%20George%20Washington_files/ads_data/ads.html HTTP/1.1" 200 241 "" "Mozilla/5.0 (compatible; AhrefsBot/7.0; +http://ahrefs.com/robot/)"
156.59.198.136 - - [01/Feb/2025:00:29:08 +0000] "GET /freedom/freedom-2022-02-06/Acme.com/old-thttpd-2.29/Configuration%20Options_files/f.txt HTTP/1.0" 403 0 "" "Mozilla/5.0 (Linux; Android 5.0) AppleWebKit/537.36 (KHTML, like Gecko) Mobile Safari/537.36 (compatible; Bytespider; spider-feedback@bytedance.com)"
51.222.253.4 - - [01/Feb/2025:00:31:48 +0000] "GET /rome/Judge-Anna-von-Reitz/docs/The%20Mystical%20George%20Washington_files/ads_data/si.html HTTP/1.1" 200 107 "" "Mozilla/5.0 (compatible; AhrefsBot/7.0; +http://ahrefs.com/robot/)"
51.222.253.4 - - [01/Feb/2025:00:35:22 +0000] "GET /ac0xl/Dont-Be-Evil/Hiring%20Practices/Cloud%20Tech%202017%20Diversity%20Intro%20-%20Google%20Slides_files/proxy_data/._cbgapi.loaded_0 HTTP/1.1" 200 4096 "" "Mozilla/5.0 (compatible; AhrefsBot/7.0; +http://ahrefs.com/robot/)"
156.59.198.136 - - [01/Feb/2025:00:38:03 +0000] "GET /freedom/freedom-2022-02-06/Acme.com/old-thttpd-2.29/thttpd%20notes_files/f.txt HTTP/1.0" 403 0 "" "Mozilla/5.0 (Linux; Android 5.0) AppleWebKit/537.36 (KHTML, like Gecko) Mobile Safari/537.36 (compatible; Bytespider; spider-feedback@bytedance.com)" ****************************************************************************************** In Hospital, batteries went down,Lo Rotate should hae been here! End of 2025.02.01, beginning of 2025.02.02. ******************************************************************************************
23.94.143.29 - - [01/Feb/2025:23:20:41 +0000] "GET / HTTP/1.1" 200 25000 "" "Mozilla/5.0 (Windows NT 10.0; Win64; x64) AppleWebKit/537.36 (KHTML, like Gecko) Chrome/132.0.0.0 Safari/537.36" datelog, thttpd pid = PID TTY TIME CMD 896 ? 00:00:51 thttpd Sat Feb 1 04:21:32 PM MST 2025 16:21:32 up 1 min, 3 users, load average: 1.66, 0.66, 0.24 USER TTY FROM LOGIN@ IDLE JCPU PCPU WHAT pi tty1 - Fri17 23:04m 0.08s 0.05s -bash pi tty7 :0 Fri17 23:04m 2.79s 0.10s /usr/bin/lxsession -s LXDE-pi -e LXDE pi pts/1 - 16:21 0.00s 0.07s 0.02s sudo datelog
36.110.131.253 - - [01/Feb/2025:23:23:21 +0000] "GET /ac0xl/www/2001-ArchHunterBooks/SJSlides/62strans.jpg HTTP/1.1" 200 2608 "" "Mozilla/5.0 (Windows NT 10.0; Win64; x64) AppleWebKit/537.36 (KHTML, like Gecko) Chrome/58.0.3029.110 Safari/537.36"
47.128.18.142 - - [01/Feb/2025:23:24:58 +0000] "GET /welding/Changing%20the%20Contact%20Tip%20to%20Work%20Distance%20or%20Arc%20Length_files/a_002.html HTTP/1.1" 200 107 "" "Mozilla/5.0 (Linux; Android 5.0) AppleWebKit/537.36 (KHTML, like Gecko) Mobile Safari/537.36 (compatible; Bytespider; spider-feedback@bytedance.com)"
66.249.74.164 - - [01/Feb/2025:23:28:19 +0000] "GET /robots.txt HTTP/1.1" 200 70 "" "Mozilla/5.0 (compatible; Googlebot/2.1; +http://www.google.com/bot.html)"
66.249.74.166 - - [01/Feb/2025:23:28:19 +0000] "GET /showcase HTTP/1.1" 404 0 "" "Mozilla/5.0 (Linux; Android 6.0.1; Nexus 5X Build/MMB29P) AppleWebKit/537.36 (KHTML, like Gecko) Chrome/132.0.6834.159 Mobile Safari/537.36 (compatible; Googlebot/2.1; +http://www.google.com/bot.html)"
47.128.117.117 - - [01/Feb/2025:23:28:58 +0000] "GET /welding/2020-06-16-Silicon%20Bronze%20MIG%20Brazing%20Basics_files/a.html HTTP/1.1" 200 107 "" "Mozilla/5.0 (Linux; Android 5.0) AppleWebKit/537.36 (KHTML, like Gecko) Mobile Safari/537.36 (compatible; Bytespider; spider-feedback@bytedance.com)"
45.156.128.130 - - [01/Feb/2025:23:31:40 +0000] "GET / HTTP/1.1" 200 25000 "" "Mozilla/5.0 (Windows NT 10.0; Win64; x64) AppleWebKit/537.36 (KHTML, like Gecko) Chrome/60.0.3112.113 Safari/537.36 "
66.249.74.165 - - [01/Feb/2025:23:31:44 +0000] "GET /welding/Miller/MIG%20Welding%20Aluminum_%20Important%20Questions%20and%20Best%20Practices%20_%20MillerWelds.html HTTP/1.1" 200 194749 "" "Mozilla/5.0 (Linux; Android 6.0.1; Nexus 5X Build/MMB29P) AppleWebKit/537.36 (KHTML, like Gecko) Chrome/132.0.6834.159 Mobile Safari/537.36 (compatible; Googlebot/2.1; +http://www.google.com/bot.html)"
109.236.61.85 - - [01/Feb/2025:23:33:19 +0000] "GET / HTTP/1.1" 400 0 "" "curl/7.68.0"
156.59.198.136 - - [01/Feb/2025:23:40:54 +0000] "GET /ac0xl/Welding/Lincoln/WELD-PAK%2090iFC/C1VgPs2Y%2b2L.pdf HTTP/1.0" 404 0 "" "Mozilla/5.0 (Linux; Android 5.0) AppleWebKit/537.36 (KHTML, like Gecko) Mobile Safari/537.36 (compatible; Bytespider; spider-feedback@bytedance.com)"
66.249.74.164 - - [01/Feb/2025:23:42:24 +0000] "GET /ac0xl/www/2001-ArchHunterBooks/SJSlides/07strans.jpg HTTP/1.1" 200 3105 "" "Googlebot-Image/1.0"
66.249.74.165 - - [01/Feb/2025:23:42:37 +0000] "GET /welding/Miller/MIG%20Welding%20Aluminum_%20Important%20Questions%20and%20Best%20Practices%20_%20MillerWelds_files/facebook.svg HTTP/1.1" 200 301 "http://162.250.19.7/welding/Miller/MIG%20Welding%20Aluminum_%20Important%20Questions%20and%20Best%20Practices%20_%20MillerWelds.html" "Mozilla/5.0 (Linux; Android 6.0.1; Nexus 5X Build/MMB29P) AppleWebKit/537.36 (KHTML, like Gecko) Chrome/131.0.6778.264 Mobile Safari/537.36 (compatible; Googlebot/2.1; +http://www.google.com/bot.html)"
66.249.74.164 - - [01/Feb/2025:23:42:38 +0000] "GET /welding/Miller/MIG%20Welding%20Aluminum_%20Important%20Questions%20and%20Best%20Practices%20_%20MillerWelds_files/ui.js HTTP/1.1" 200 59714 "http://162.250.19.7/welding/Miller/MIG%20Welding%20Aluminum_%20Important%20Questions%20and%20Best%20Practices%20_%20MillerWelds.html" "Mozilla/5.0 (Linux; Android 6.0.1; Nexus 5X Build/MMB29P) AppleWebKit/537.36 (KHTML, like Gecko) Chrome/131.0.6778.264 Mobile Safari/537.36 (compatible; Googlebot/2.1; +http://www.google.com/bot.html)"
66.249.74.165 - - [01/Feb/2025:23:42:38 +0000] "GET /t/1.css?apiType=css&projectid=3a91c7aa-ab8e-46eb-8411-a34af5522248 HTTP/1.1" 404 0 "http://162.250.19.7/welding/Miller/MIG%20Welding%20Aluminum_%20Important%20Questions%20and%20Best%20Practices%20_%20MillerWelds_files/3a91c7aa-ab8e-46eb-8411-a34af5522248.css" "Mozilla/5.0 (Linux; Android 6.0.1; Nexus 5X Build/MMB29P) AppleWebKit/537.36 (KHTML, like Gecko) Chrome/131.0.6778.264 Mobile Safari/537.36 (compatible; Googlebot/2.1; +http://www.google.com/bot.html)"
66.249.74.164 - - [01/Feb/2025:23:42:39 +0000] "GET /welding/Miller/MIG%20Welding%20Aluminum_%20Important%20Questions%20and%20Best%20Practices%20_%20MillerWelds_files/api.js HTTP/1.1" 200 1256 "http://162.250.19.7/welding/Miller/MIG%20Welding%20Aluminum_%20Important%20Questions%20and%20Best%20Practices%20_%20MillerWelds.html" "Mozilla/5.0 (Linux; Android 6.0.1; Nexus 5X Build/MMB29P) AppleWebKit/537.36 (KHTML, like Gecko) Chrome/131.0.6778.264 Mobile Safari/537.36 (compatible; Googlebot/2.1; +http://www.google.com/bot.html)"
66.249.74.164 - - [01/Feb/2025:23:42:39 +0000] "GET /welding/Miller/MIG%20Welding%20Aluminum_%20Important%20Questions%20and%20Best%20Practices%20_%20MillerWelds_files/sharethis.js HTTP/1.1" 200 207829 "http://162.250.19.7/welding/Miller/MIG%20Welding%20Aluminum_%20Important%20Questions%20and%20Best%20Practices%20_%20MillerWelds.html" "Mozilla/5.0 (Linux; Android 6.0.1; Nexus 5X Build/MMB29P) AppleWebKit/537.36 (KHTML, like Gecko) Chrome/131.0.6778.264 Mobile Safari/537.36 (compatible; Googlebot/2.1; +http://www.google.com/bot.html)"
66.249.74.164 - - [01/Feb/2025:23:42:40 +0000] "GET /-/media/miller-electric/images/icons/footer-social-icons/svg-icons/linkedin.svg HTTP/1.1" 404 0 "http://162.250.19.7/welding/Miller/MIG%20Welding%20Aluminum_%20Important%20Questions%20and%20Best%20Practices%20_%20MillerWelds.html" "Mozilla/5.0 (Linux; Android 6.0.1; Nexus 5X Build/MMB29P) AppleWebKit/537.36 (KHTML, like Gecko) Chrome/131.0.6778.264 Mobile Safari/537.36 (compatible; Googlebot/2.1; +http://www.google.com/bot.html)"
66.249.74.164 - - [01/Feb/2025:23:42:40 +0000] "GET /-/media/miller-electric/images/icons/footer-social-icons/svg-icons/facebook.svg HTTP/1.1" 404 0 "http://162.250.19.7/welding/Miller/MIG%20Welding%20Aluminum_%20Important%20Questions%20and%20Best%20Practices%20_%20MillerWelds.html" "Mozilla/5.0 (Linux; Android 6.0.1; Nexus 5X Build/MMB29P) AppleWebKit/537.36 (KHTML, like Gecko) Chrome/131.0.6778.264 Mobile Safari/537.36 (compatible; Googlebot/2.1; +http://www.google.com/bot.html)"
66.249.74.165 - - [01/Feb/2025:23:42:40 +0000] "GET /-/media/miller-electric/images/icons/footer-social-icons/svg-icons/twitter.svg HTTP/1.1" 404 0 "http://162.250.19.7/welding/Miller/MIG%20Welding%20Aluminum_%20Important%20Questions%20and%20Best%20Practices%20_%20MillerWelds.html" "Mozilla/5.0 (Linux; Android 6.0.1; Nexus 5X Build/MMB29P) AppleWebKit/537.36 (KHTML, like Gecko) Chrome/131.0.6778.264 Mobile Safari/537.36 (compatible; Googlebot/2.1; +http://www.google.com/bot.html)"
66.249.74.164 - - [01/Feb/2025:23:42:41 +0000] "GET /-/media/miller-electric/images/icons/footer-social-icons/svg-icons/instagram.svg HTTP/1.1" 404 0 "http://162.250.19.7/welding/Miller/MIG%20Welding%20Aluminum_%20Important%20Questions%20and%20Best%20Practices%20_%20MillerWelds.html" "Mozilla/5.0 (Linux; Android 6.0.1; Nexus 5X Build/MMB29P) AppleWebKit/537.36 (KHTML, like Gecko) Chrome/131.0.6778.264 Mobile Safari/537.36 (compatible; Googlebot/2.1; +http://www.google.com/bot.html)"
66.249.74.164 - - [01/Feb/2025:23:42:41 +0000] "GET /-/media/miller-electric/images/icons/footer-social-icons/svg-icons/youtube.svg HTTP/1.1" 404 0 "http://162.250.19.7/welding/Miller/MIG%20Welding%20Aluminum_%20Important%20Questions%20and%20Best%20Practices%20_%20MillerWelds.html" "Mozilla/5.0 (Linux; Android 6.0.1; Nexus 5X Build/MMB29P) AppleWebKit/537.36 (KHTML, like Gecko) Chrome/131.0.6778.264 Mobile Safari/537.36 (compatible; Googlebot/2.1; +http://www.google.com/bot.html)"
66.249.74.164 - - [01/Feb/2025:23:42:42 +0000] "GET /welding/Miller/MIG%20Welding%20Aluminum_%20Important%20Questions%20and%20Best%20Practices%20_%20MillerWelds_files/recaptcha__en.js HTTP/1.1" 200 463621 "http://162.250.19.7/welding/Miller/MIG%20Welding%20Aluminum_%20Important%20Questions%20and%20Best%20Practices%20_%20MillerWelds_files/anchor.html" "Mozilla/5.0 (Linux; Android 6.0.1; Nexus 5X Build/MMB29P) AppleWebKit/537.36 (KHTML, like Gecko) Chrome/131.0.6778.264 Mobile Safari/537.36 (compatible; Googlebot/2.1; +http://www.google.com/bot.html)"
36.110.131.72 - - [01/Feb/2025:23:45:32 +0000] "GET /ac0xl/www/2001-ArchHunterBooks/images/b0018.jpg HTTP/1.1" 200 50950 "" "Mozilla/5.0 (Windows NT 6.1; WOW64) AppleWebKit/537.36 (KHTML, like Gecko) Chrome/58.0.3029.110 Safari/537.36 OPR/45.0.2552.888"
54.151.170.101 - - [01/Feb/2025:23:48:02 +0000] "GET /ac0xl/www/2001-ArchHunterBooks/SJSlides/41strans.jpg HTTP/1.1" 200 3289 "" "Mozilla/5.0 (Windows NT 6.1; WOW64) AppleWebKit/537.36 (KHTML, like Gecko) Chrome/58.0.3029.110 Safari/537.36 OPR/45.0.2552.888"
156.59.198.135 - - [01/Feb/2025:23:48:08 +0000] "GET /ac0xl/Welding/2023-09-22/Welding%20101%20Part%20III_files/container_data_004/f_002.txt HTTP/1.0" 404 0 "" "Mozilla/5.0 (Linux; Android 5.0) AppleWebKit/537.36 (KHTML, like Gecko) Mobile Safari/537.36 (compatible; Bytespider; spider-feedback@bytedance.com)"
156.59.198.136 - - [01/Feb/2025:23:52:10 +0000] "GET /ac0xl/Welding/Miller/Tips%20for%20Welding%20Sheet%20Metal%20With%20MIG%20or%20TIG%20_%20MillerWelds_files/f.txt HTTP/1.0" 404 0 "" "Mozilla/5.0 (Linux; Android 5.0) AppleWebKit/537.36 (KHTML, like Gecko) Mobile Safari/537.36 (compatible; Bytespider; spider-feedback@bytedance.com)"
54.151.170.101 - - [01/Feb/2025:23:53:09 +0000] "GET /welding/Tooliom/MIG_Stick_TIG%20Multi-Process%20Welder%20TL-135M%203%20in%201%20IGBT%20DC%20Inverter%20%E2%80%93%20Tooliom_files/MMA.webp HTTP/1.1" 200 141136 "" "Mozilla/5.0 (Windows NT 6.1; WOW64; rv:54.0) Gecko/20100101 Firefox/54.0"
156.59.198.136 - - [01/Feb/2025:23:56:13 +0000] "GET /welding/Miller/TipsforWeldingSheetMetalWithMIGorTIG_MillerWelds_files/twitter.svg HTTP/1.0" 404 0 "" "Mozilla/5.0 (Linux; Android 5.0) AppleWebKit/537.36 (KHTML, like Gecko) Mobile Safari/537.36 (compatible; Bytespider; spider-feedback@bytedance.com)"
66.249.74.166 - - [02/Feb/2025:00:00:02 +0000] "GET /ac0xl/www/slackbook/zipslack-getting.html HTTP/1.1" 304 0 "" "Mozilla/5.0 (Linux; Android 6.0.1; Nexus 5X Build/MMB29P) AppleWebKit/537.36 (KHTML, like Gecko) Chrome/132.0.6834.159 Mobile Safari/537.36 (compatible; Googlebot/2.1; +http://www.google.com/bot.html)"
156.59.198.136 - - [02/Feb/2025:00:00:14 +0000] "GET /welding/2023-09-22/Fab101-TIGWelding_files/iframe_data/cookie_004.avif HTTP/1.0" 404 0 "" "Mozilla/5.0 (Linux; Android 5.0) AppleWebKit/537.36 (KHTML, like Gecko) Mobile Safari/537.36 (compatible; Bytespider; spider-feedback@bytedance.com)"
66.249.74.164 - - [02/Feb/2025:00:05:18 +0000] "GET /ac0xl/illuminati/01.0-illumformula1chap.shtml.pdf HTTP/1.1" 200 198343 "" "Mozilla/5.0 (Linux; Android 6.0.1; Nexus 5X Build/MMB29P) AppleWebKit/537.36 (KHTML, like Gecko) Chrome/132.0.6834.159 Mobile Safari/537.36 (compatible; GoogleOther)"
38.40.119.19 - - [02/Feb/2025:00:08:56 +0000] "GET /videos/ HTTP/1.1" 200 25000 "https://search.yahoo.com/" "Mozilla/5.0 (iPhone; CPU iPhone OS 18_1_1 like Mac OS X) AppleWebKit/605.1.15 (KHTML, like Gecko) Mobile/15E148 Version/18.1.1 Safari/605.1.15 AlohaBrowser/6.5.0"
38.40.119.19 - - [02/Feb/2025:00:08:57 +0000] "GET /videos/ HTTP/1.1" 200 25000 "" "Mozilla/5.0 (iPhone; CPU iPhone OS 18_1_1 like Mac OS X) AppleWebKit/605.1.15 (KHTML, like Gecko) Mobile/15E148 Version/18.1.1 Safari/605.1.15 AlohaBrowser/6.5.0"
38.40.119.19 - - [02/Feb/2025:00:08:57 +0000] "GET /favicon.ico HTTP/1.1" 200 533 "" "Mozilla/5.0 (iPhone; CPU iPhone OS 18_1_1 like Mac OS X) AppleWebKit/605.1.15 (KHTML, like Gecko) Mobile/15E148 Version/18.1.1 Safari/605.1.15 AlohaBrowser/6.5.0"
38.40.119.19 - - [02/Feb/2025:00:08:58 +0000] "GET /videos/2020-07-08-budesonide-banned-video.mp4 HTTP/1.1" 200 812102 "http://162.250.19.7/videos/" "Mozilla/5.0 (iPhone; CPU iPhone OS 18_1_1 like Mac OS X) AppleWebKit/605.1.15 (KHTML, like Gecko) Mobile/15E148 Version/18.1.1 Safari/605.1.15 AlohaBrowser/6.5.0"
38.40.119.19 - - [02/Feb/2025:00:08:58 +0000] "GET /videos/2020-07-08-budesonide-banned-video.mp4 HTTP/1.1" 206 2 "http://162.250.19.7/videos/" "Mozilla/5.0 (iPhone; CPU iPhone OS 18_1_1 like Mac OS X) AppleWebKit/605.1.15 (KHTML, like Gecko) Mobile/15E148 Version/18.1.1 Safari/605.1.15 AlohaBrowser/6.5.0"
38.40.119.19 - - [02/Feb/2025:00:09:04 +0000] "GET /videos/2020-07-08-budesonide-banned-video.mp4 HTTP/1.1" 200 2627894 "http://162.250.19.7/videos/" "Mozilla/5.0 (iPhone; CPU iPhone OS 18_1_1 like Mac OS X) AppleWebKit/605.1.15 (KHTML, like Gecko) Mobile/15E148 Version/18.1.1 Safari/605.1.15 AlohaBrowser/6.5.0"
114.119.137.193 - - [02/Feb/2025:00:09:04 +0000] "GET /ac0xl/www/2005-museumarchives/Raw-Data/0-Raw-Data/Grandma.Dumas.scrap.book.2 HTTP/1.1" 302 0 "http://162.250.19.7/ac0xl/www/2005-museumarchives/Raw-Data/0-Raw-Data" "Mozilla/5.0 (Linux; Android 7.0;) AppleWebKit/537.36 (KHTML, like Gecko) Mobile Safari/537.36 (compatible; PetalBot;+https://webmaster.petalsearch.com/site/petalbot)"
114.119.137.193 - - [02/Feb/2025:00:09:04 +0000] "GET /ac0xl/www/2005-museumarchives/Raw-Data/0-Raw-Data/Grandma.Dumas.scrap.book.2/ HTTP/1.1" 200 25000 "http://162.250.19.7/ac0xl/www/2005-museumarchives/Raw-Data/0-Raw-Data" "Mozilla/5.0 (Linux; Android 7.0;) AppleWebKit/537.36 (KHTML, like Gecko) Mobile Safari/537.36 (compatible; PetalBot;+https://webmaster.petalsearch.com/site/petalbot)"
38.40.119.19 - - [02/Feb/2025:00:09:26 +0000] "UNKNOWN UNKNOWN" 400 0 "" ""
156.59.198.135 - - [02/Feb/2025:00:13:00 +0000] "GET /ac0xl/Welding/2023-09-22/Flux-Cored%20Welding%20The%20Basics%20for%20Mild%20Steel%20MillerWelds_files/f.txt HTTP/1.0" 404 0 "" "Mozilla/5.0 (Linux; Android 5.0) AppleWebKit/537.36 (KHTML, like Gecko) Mobile Safari/537.36 (compatible; Bytespider; spider-feedback@bytedance.com)"
198.56.2.29 - - [02/Feb/2025:00:14:46 +0000] "GET /documents/Frank-court.odt HTTP/1.1" 200 33498 "" "Mozilla/5.0 (Windows NT 6.1; rv:2.0b10pre) Gecko/20110113 Firefox/4.0b10pre"
114.119.147.73 - - [02/Feb/2025:00:15:49 +0000] "GET /downloads/AndreasKalcker/2022-03-22-Kalcker%20Institute%20%C2%AE%20%E2%80%93%20Instituto%20Oficial%20de%20Ense%C3%B1anzas%20Profesionales%20por%20Andreas%20Kalcker_files/frontend-legacy.css HTTP/1.1" 200 3855 "http://162.250.19.7/downloads/AndreasKalcker/2022-03-22-Kalcker%20Institute%20%c2%ae%20%e2%80%93%20Instituto%20Oficial%20de%20Ense%c3%b1anzas%20Profesionales%20por%20Andreas%20Kalcker_files/" "Mozilla/5.0 (Linux; Android 7.0;) AppleWebKit/537.36 (KHTML, like Gecko) Mobile Safari/537.36 (compatible; PetalBot;+https://webmaster.petalsearch.com/site/petalbot)"
156.59.198.136 - - [02/Feb/2025:00:17:00 +0000] "GET /ac0xl/Welding/2023-09-22/Fab%20101%20-%20TIG%20Welding_files/68903189.xml HTTP/1.0" 404 0 "" "Mozilla/5.0 (Linux; Android 5.0) AppleWebKit/537.36 (KHTML, like Gecko) Mobile Safari/537.36 (compatible; Bytespider; spider-feedback@bytedance.com)"
156.59.198.135 - - [02/Feb/2025:00:21:00 +0000] "GET /ac0xl/Welding/2023-09-22/Welding%20101%20Part%20I_files/container_data_005/f_002.txt HTTP/1.0" 404 0 "" "Mozilla/5.0 (Linux; Android 5.0) AppleWebKit/537.36 (KHTML, like Gecko) Mobile Safari/537.36 (compatible; Bytespider; spider-feedback@bytedance.com)"
156.59.198.135 - - [02/Feb/2025:00:27:27 +0000] "GET /ac0xl/Welding/2023-09-22/Welding%20101%20Part%20I_files/f_002.txt HTTP/1.0" 404 0 "" "Mozilla/5.0 (Linux; Android 5.0) AppleWebKit/537.36 (KHTML, like Gecko) Mobile Safari/537.36 (compatible; Bytespider; spider-feedback@bytedance.com)"
66.249.74.165 - - [02/Feb/2025:00:28:21 +0000] "GET /welding/2023-09-22/MIG%20Welding%20101.html HTTP/1.1" 200 324307 "" "Mozilla/5.0 (Linux; Android 6.0.1; Nexus 5X Build/MMB29P) AppleWebKit/537.36 (KHTML, like Gecko) Chrome/132.0.6834.159 Mobile Safari/537.36 (compatible; Googlebot/2.1; +http://www.google.com/bot.html)"
114.119.139.226 - - [02/Feb/2025:00:29:49 +0000] "GET /rome/Judge-Anna-von-Reitz/docs/The%20Speech%20of%20the%20Unknown%20%E2%80%93%20I%20https%20_i-uv.com_files/wp-emoji-release.js HTTP/1.1" 200 14110 "http://162.250.19.7/rome/Judge-Anna-von-Reitz/docs/The%20Speech%20of%20the%20Unknown%20%e2%80%93%20I%20https%20_i-uv.com_files/" "Mozilla/5.0 (Linux; Android 7.0;) AppleWebKit/537.36 (KHTML, like Gecko) Mobile Safari/537.36 (compatible; PetalBot;+https://webmaster.petalsearch.com/site/petalbot)"
114.119.139.226 - - [02/Feb/2025:00:33:35 +0000] "GET /welding/Tooliom/TL-135M.pdf HTTP/1.1" 200 1776589 "http://162.250.19.7/welding/Tooliom/" "Mozilla/5.0 (Linux; Android 7.0;) AppleWebKit/537.36 (KHTML, like Gecko) Mobile Safari/537.36 (compatible; PetalBot;+https://webmaster.petalsearch.com/site/petalbot)"
109.205.213.198 - - [02/Feb/2025:00:35:18 +0000] "GET / HTTP/1.1" 200 25000 "" "Mozilla/5.0 (Windows NT 10.0; Win64; x64) AppleWebKit/537.36 (KHTML, like Gecko) Chrome/90.0.4430.85 Safari/537.36 Edg/90.0.818.46"
156.59.198.136 - - [02/Feb/2025:00:36:20 +0000] "GET /ac0xl/Welding/2023-09-22/TIG%20Welding%20Tips%20for%20Beginner%20and%20Intermediate%20Welders%20MillerWelds_files/f.txt HTTP/1.0" 404 0 "" "Mozilla/5.0 (Linux; Android 5.0) AppleWebKit/537.36 (KHTML, like Gecko) Mobile Safari/537.36 (compatible; Bytespider; spider-feedback@bytedance.com)"
114.119.137.193 - - [02/Feb/2025:00:37:22 +0000] "GET /ac0xl/www/2005-museumarchives/Raw-Data/0-Raw-Data/Grandma.Dumas.scrap.book.2/50.tif HTTP/1.1" 200 987140 "http://162.250.19.7/ac0xl/www/2005-museumarchives/Raw-Data/0-Raw-Data/Grandma.Dumas.scrap.book.2" "Mozilla/5.0 (Linux; Android 7.0;) AppleWebKit/537.36 (KHTML, like Gecko) Mobile Safari/537.36 (compatible; PetalBot;+https://webmaster.petalsearch.com/site/petalbot)"
156.59.198.135 - - [02/Feb/2025:00:40:20 +0000] "GET /ac0xl/Welding/Tooliom/TL-250M%20PRO.pdf HTTP/1.0" 404 0 "" "Mozilla/5.0 (Linux; Android 5.0) AppleWebKit/537.36 (KHTML, like Gecko) Mobile Safari/537.36 (compatible; Bytespider; spider-feedback@bytedance.com)"
47.128.33.171 - - [02/Feb/2025:00:44:21 +0000] "GET /welding/Miller/2020-05-12-MIG%20Welding%20Setting%20the%20Correct%20Parameters_files/portal-v2.html HTTP/1.1" 200 14876 "" "Mozilla/5.0 (Linux; Android 5.0) AppleWebKit/537.36 (KHTML, like Gecko) Mobile Safari/537.36 (compatible; Bytespider; spider-feedback@bytedance.com)"
114.119.139.226 - - [02/Feb/2025:00:46:35 +0000] "GET /downloads/g2churchbooks.org/print_invoice.pdf HTTP/1.1" 200 370952 "http://162.250.19.7/downloads/g2churchbooks.org/" "Mozilla/5.0 (Linux; Android 7.0;) AppleWebKit/537.36 (KHTML, like Gecko) Mobile Safari/537.36 (compatible; PetalBot;+https://webmaster.petalsearch.com/site/petalbot)"
156.59.198.136 - - [02/Feb/2025:00:48:21 +0000] "GET /welding/2023-09-22/Fab%20101%20-%20TIG%20Welding_files/f_002.txt HTTP/1.0" 200 99653 "" "Mozilla/5.0 (Linux; Android 5.0) AppleWebKit/537.36 (KHTML, like Gecko) Mobile Safari/537.36 (compatible; Bytespider; spider-feedback@bytedance.com)"
114.119.139.226 - - [02/Feb/2025:00:50:42 +0000] "GET /ac0xl/www/slackbook/installation/setup-program-w.png HTTP/1.1" 200 5705 "http://162.250.19.7/ac0xl/www/slackbook/installation-setup.html" "Mozilla/5.0 (Linux; Android 7.0;) AppleWebKit/537.36 (KHTML, like Gecko) Mobile Safari/537.36 (compatible; PetalBot;+https://webmaster.petalsearch.com/site/petalbot)"
156.59.198.135 - - [02/Feb/2025:00:52:21 +0000] "GET /ac0xl/Welding/2023-09-22/Flux-Cored%20Welding%20The%20Basics%20for%20Mild%20Steel%20MillerWelds_files/f_002.txt HTTP/1.0" 404 0 "" "Mozilla/5.0 (Linux; Android 5.0) AppleWebKit/537.36 (KHTML, like Gecko) Mobile Safari/537.36 (compatible; Bytespider; spider-feedback@bytedance.com)"
114.119.151.133 - - [02/Feb/2025:00:54:50 +0000] "GET /downloads/How%20to%20Install%20OBS%20Studio%20on%20Raspberry%20Pi%20OS%3F%20(video%20capture)%20%E2%80%93%20RaspberryTips_files/page.html HTTP/1.1" 200 31761 "http://162.250.19.7/downloads/How%20to%20Install%20OBS%20Studio%20on%20Raspberry%20Pi%20OS%3f%20%28video%20capture%29%20%e2%80%93%20RaspberryTips_files/" "Mozilla/5.0 (Linux; Android 7.0;) AppleWebKit/537.36 (KHTML, like Gecko) Mobile Safari/537.36 (compatible; PetalBot;+https://webmaster.petalsearch.com/site/petalbot)"
95.214.55.132 - - [02/Feb/2025:00:55:59 +0000] "GET / HTTP/1.1" 200 25000 "" "Mozilla/5.0 (Windows NT 10.0; Win64; x64) AppleWebKit/537.36 (KHTML, like Gecko) Chrome/90.0.4430.85 Safari/537.36 Edg/90.0.818.46"
156.59.198.136 - - [02/Feb/2025:00:56:22 +0000] "GET /ac0xl/Welding/2023-09-22/Oxy-Acetylene%20Welding%20101_files/container_data_004/f.txt HTTP/1.0" 404 0 "" "Mozilla/5.0 (Linux; Android 5.0) AppleWebKit/537.36 (KHTML, like Gecko) Mobile Safari/537.36 (compatible; Bytespider; spider-feedback@bytedance.com)"
45.85.145.145 - - [02/Feb/2025:00:57:37 +0000] "GET /videos/ HTTP/1.1" 200 25000 "https://www.bing.com/" "Mozilla/5.0 (Windows NT 10.0; Win64; x64) AppleWebKit/537.36 (KHTML, like Gecko) Chrome/132.0.0.0 Safari/537.36 Edg/132.0.0.0"
45.85.145.145 - - [02/Feb/2025:00:58:37 +0000] "UNKNOWN UNKNOWN" 400 0 "" ""
45.85.145.145 - - [02/Feb/2025:00:58:49 +0000] "UNKNOWN UNKNOWN" 400 0 "" ""
114.119.153.91 - - [02/Feb/2025:00:59:04 +0000] "GET /ac0xl/www/2009-GreenRiver.UT/www.jwprhm.com/art_show_2008%5B1%5D.pdf HTTP/1.1" 200 1316967 "http://162.250.19.7/ac0xl/www/2009-GreenRiver.UT/www.jwprhm.com/artshow.html" "Mozilla/5.0 (Linux; Android 7.0;) AppleWebKit/537.36 (KHTML, like Gecko) Mobile Safari/537.36 (compatible; PetalBot;+https://webmaster.petalsearch.com/site/petalbot)"
114.119.147.73 - - [02/Feb/2025:00:59:41 +0000] "GET /downloads/AndreasKalcker/2022-03-22-Kalcker%20Institute%20%C2%AE%20%E2%80%93%20Instituto%20Oficial%20de%20Ense%C3%B1anzas%20Profesionales%20por%20Andreas%20Kalcker_files/frontend.css HTTP/1.1" 200 112213 "http://162.250.19.7/downloads/AndreasKalcker/2022-03-22-Kalcker%20Institute%20%c2%ae%20%e2%80%93%20Instituto%20Oficial%20de%20Ense%c3%b1anzas%20Profesionales%20por%20Andreas%20Kalcker_files/" "Mozilla/5.0 (Linux; Android 7.0;) AppleWebKit/537.36 (KHTML, like Gecko) Mobile Safari/537.36 (compatible; PetalBot;+https://webmaster.petalsearch.com/site/petalbot)"
156.59.198.135 - - [02/Feb/2025:01:00:21 +0000] "GET /ac0xl/Welding/2023-09-22/Fab%20101%20-%20TIG%20Welding_files/68903195.xml HTTP/1.0" 404 0 "" "Mozilla/5.0 (Linux; Android 5.0) AppleWebKit/537.36 (KHTML, like Gecko) Mobile Safari/537.36 (compatible; Bytespider; spider-feedback@bytedance.com)"
114.119.137.193 - - [02/Feb/2025:01:03:11 +0000] "GET /ac0xl/www/2009-GreenRiver.UT/greenriverutah.com/Melon%20Days/md_parade_09.pdf HTTP/1.1" 200 3055 "http://162.250.19.7/ac0xl/www/2009-GreenRiver.UT/greenriverutah.com/melondays.html" "Mozilla/5.0 (Linux; Android 7.0;) AppleWebKit/537.36 (KHTML, like Gecko) Mobile Safari/537.36 (compatible; PetalBot;+https://webmaster.petalsearch.com/site/petalbot)"
156.59.198.136 - - [02/Feb/2025:01:04:21 +0000] "GET /freedom/freedom-2022-05-20/2022-05-03-AC0XL-Pi-B-Plus-1-2/2022-05-07-AC0XL-Pi-B-Plus-test-2/192.168.1.90-test-2/ac0xl/Title%2018%20U.S.C.%20%20Section%20242.txt HTTP/1.0" 200 4848 "" "Mozilla/5.0 (Linux; Android 5.0) AppleWebKit/537.36 (KHTML, like Gecko) Mobile Safari/537.36 (compatible; Bytespider; spider-feedback@bytedance.com)"
34.72.176.129 - - [02/Feb/2025:01:10:23 +0000] "GET /welding/Tooliom.com/TL-135S.pdf HTTP/1.1" 200 22557699 "" "Mozilla/5.0 (X11; Linux x86_64) AppleWebKit/537.36 (KHTML, like Gecko) HeadlessChrome/125.0.6422.60 Safari/537.36"
66.249.74.165 - - [02/Feb/2025:01:10:26 +0000] "GET /ac0xl/www/slackbook/booting-loadlin.html HTTP/1.1" 304 0 "" "Mozilla/5.0 (Linux; Android 6.0.1; Nexus 5X Build/MMB29P) AppleWebKit/537.36 (KHTML, like Gecko) Chrome/132.0.6834.159 Mobile Safari/537.36 (compatible; Googlebot/2.1; +http://www.google.com/bot.html)"
205.169.39.216 - - [02/Feb/2025:01:10:35 +0000] "GET /welding/Tooliom.com/TL-135S.pdf HTTP/1.1" 200 22557699 "" "Mozilla/5.0 (Windows NT 6.1; Win64; x64) AppleWebKit/537.36 (KHTML, like Gecko) Chrome/83.0.4103.61 Safari/537.36"
156.59.198.136 - - [02/Feb/2025:01:14:50 +0000] "GET /documents/Title%2018%20U.S.C.%20%20Section%20242.doc HTTP/1.0" 404 0 "" "Mozilla/5.0 (Linux; Android 5.0) AppleWebKit/537.36 (KHTML, like Gecko) Mobile Safari/537.36 (compatible; Bytespider; spider-feedback@bytedance.com)"
205.169.39.17 - - [02/Feb/2025:01:15:28 +0000] "GET /welding/Tooliom.com/TL-135S.pdf HTTP/1.1" 200 19171941 "" "Mozilla/5.0 (Windows NT 10.0; Win64; x64) AppleWebKit/537.36 (KHTML, like Gecko) Chrome/117.0.5938.132 Safari/537.36"
156.59.198.135 - - [02/Feb/2025:01:18:51 +0000] "GET /ac0xl/Welding/Forney/2018-04-01-Forney%20Easy%20Weld%20140%20FC-i%20MIG%20Machine%20%20%20Forney%20Industries_files/mqdefault_002.jpg HTTP/1.0" 404 0 "" "Mozilla/5.0 (Linux; Android 5.0) AppleWebKit/537.36 (KHTML, like Gecko) Mobile Safari/537.36 (compatible; Bytespider; spider-feedback@bytedance.com)"
198.44.129.50 - - [02/Feb/2025:01:20:21 +0000] "GET / HTTP/1.1" 200 25000 "" "Mozilla/5.0 (X11; Linux x86_64; rv:83.0) Gecko/20100101 Firefox/83.0"
156.59.198.136 - - [02/Feb/2025:01:22:52 +0000] "GET /ac0xl/www/2009-GreenRiver.UT/greenriverutah.com/MelonDays/queens_2009.jpg HTTP/1.0" 404 0 "" "Mozilla/5.0 (Linux; Android 5.0) AppleWebKit/537.36 (KHTML, like Gecko) Mobile Safari/537.36 (compatible; Bytespider; spider-feedback@bytedance.com)"
156.59.198.135 - - [02/Feb/2025:01:26:52 +0000] "GET /ac0xl/Welding/2023-09-22/Fab%20101%20-%20TIG%20Welding_files/prbds2s.txt HTTP/1.0" 404 0 "" "Mozilla/5.0 (Linux; Android 5.0) AppleWebKit/537.36 (KHTML, like Gecko) Mobile Safari/537.36 (compatible; Bytespider; spider-feedback@bytedance.com)"
156.59.198.136 - - [02/Feb/2025:01:30:52 +0000] "GET /ac0xl/Welding/2023-09-22/MIG%20Welding%20The%20Basics%20for%20Mild%20Steel%20MillerWelds_files/f_002.txt HTTP/1.0" 404 0 "" "Mozilla/5.0 (Linux; Android 5.0) AppleWebKit/537.36 (KHTML, like Gecko) Mobile Safari/537.36 (compatible; Bytespider; spider-feedback@bytedance.com)"
156.59.198.135 - - [02/Feb/2025:01:34:52 +0000] "GET /welding/Tooliom/2023-05-28-ARCWelder135AStickWeldingMachineTL-135STOOLIOM%E2%80%93Tooliom_files/96f737e3619d2556390aa56ee81d613a_4c64a487-8f4b-4232-9b3_013.webp HTTP/1.0" 404 0 "" "Mozilla/5.0 (Linux; Android 5.0) AppleWebKit/537.36 (KHTML, like Gecko) Mobile Safari/537.36 (compatible; Bytespider; spider-feedback@bytedance.com)"
156.59.198.136 - - [02/Feb/2025:01:38:53 +0000] "GET /ac0xl/Welding/2023-09-22/Welding%20101%20Part%20III_files/container_data_004/f_006.txt HTTP/1.0" 404 0 "" "Mozilla/5.0 (Linux; Android 5.0) AppleWebKit/537.36 (KHTML, like Gecko) Mobile Safari/537.36 (compatible; Bytespider; spider-feedback@bytedance.com)"
66.249.74.166 - - [02/Feb/2025:01:42:32 +0000] "GET /welding/Miller/MIG%20Basics%20for%20Automotive%20Welding%20Repair%20_%20MillerWelds.html HTTP/1.1" 304 0 "" "Mozilla/5.0 (Linux; Android 6.0.1; Nexus 5X Build/MMB29P) AppleWebKit/537.36 (KHTML, like Gecko) Chrome/132.0.6834.159 Mobile Safari/537.36 (compatible; Googlebot/2.1; +http://www.google.com/bot.html)"
156.59.198.136 - - [02/Feb/2025:01:42:53 +0000] "GET /ac0xl/Welding/Miller/AD481%20Dynasty%20210%20Series%20%20English.pdf HTTP/1.0" 404 0 "" "Mozilla/5.0 (Linux; Android 5.0) AppleWebKit/537.36 (KHTML, like Gecko) Mobile Safari/537.36 (compatible; Bytespider; spider-feedback@bytedance.com)"
47.128.125.51 - - [02/Feb/2025:01:46:53 +0000] "GET /welding/2023-09-22/Fab%20101%20-%20TIG%20Welding_files/a_021.html HTTP/1.1" 200 107 "" "Mozilla/5.0 (Linux; Android 5.0) AppleWebKit/537.36 (KHTML, like Gecko) Mobile Safari/537.36 (compatible; Bytespider; spider-feedback@bytedance.com)"
156.59.198.135 - - [02/Feb/2025:01:50:53 +0000] "GET /ac0xl/Welding/2023-09-22/Welding%20101%20Part%20III_files/a_data_006/admi_data/a_data_002/f_004.txt HTTP/1.0" 404 0 "" "Mozilla/5.0 (Linux; Android 5.0) AppleWebKit/537.36 (KHTML, like Gecko) Mobile Safari/537.36 (compatible; Bytespider; spider-feedback@bytedance.com)"
66.249.74.165 - - [02/Feb/2025:01:52:31 +0000] "GET /welding/Miller/The%20History%20of%20Welding%20_%20MillerWelds.html HTTP/1.1" 200 182972 "" "Mozilla/5.0 (Linux; Android 6.0.1; Nexus 5X Build/MMB29P) AppleWebKit/537.36 (KHTML, like Gecko) Chrome/132.0.6834.159 Mobile Safari/537.36 (compatible; Googlebot/2.1; +http://www.google.com/bot.html)"
167.94.138.32 - - [02/Feb/2025:01:53:46 +0000] "GET / HTTP/1.1" 200 25000 "" "Mozilla/5.0 (compatible; CensysInspect/1.1; +https://about.censys.io/)"
167.94.138.32 - - [02/Feb/2025:01:53:47 +0000] "GET /favicon.ico HTTP/1.1" 200 533 "" "Mozilla/5.0 (compatible; CensysInspect/1.1; +https://about.censys.io/)"
167.94.138.32 - - [02/Feb/2025:01:53:49 +0000] "UNKNOWN HTTP/2.0" 400 0 "" ""
156.59.198.136 - - [02/Feb/2025:01:54:53 +0000] "GET /ac0xl/Welding/Miller/How%20to%20Reduce%20Welding%20Troubleshooting%20With%20SuitCase%c2%ae%20Wire%20Feeder%20Technology%20_%20MillerWelds_files/f.txt HTTP/1.0" 404 0 "" "Mozilla/5.0 (Linux; Android 5.0) AppleWebKit/537.36 (KHTML, like Gecko) Mobile Safari/537.36 (compatible; Bytespider; spider-feedback@bytedance.com)"
66.249.74.165 - - [02/Feb/2025:01:55:04 +0000] "GET /welding/Miller/The%20History%20of%20Welding%20_%20MillerWelds_files/article.less HTTP/1.1" 200 7457 "http://162.250.19.7/welding/Miller/The%20History%20of%20Welding%20_%20MillerWelds.html" "Mozilla/5.0 (Linux; Android 6.0.1; Nexus 5X Build/MMB29P) AppleWebKit/537.36 (KHTML, like Gecko) Chrome/131.0.6778.204 Mobile Safari/537.36 (compatible; Googlebot/2.1; +http://www.google.com/bot.html)"
66.249.74.165 - - [02/Feb/2025:01:55:05 +0000] "GET /welding/Miller/The%20History%20of%20Welding%20_%20MillerWelds_files/livehelpnow-override.css HTTP/1.1" 200 337 "http://162.250.19.7/welding/Miller/The%20History%20of%20Welding%20_%20MillerWelds.html" "Mozilla/5.0 (Linux; Android 6.0.1; Nexus 5X Build/MMB29P) AppleWebKit/537.36 (KHTML, like Gecko) Chrome/131.0.6778.204 Mobile Safari/537.36 (compatible; Googlebot/2.1; +http://www.google.com/bot.html)"
66.249.74.165 - - [02/Feb/2025:01:55:06 +0000] "GET /welding/Miller/The%20History%20of%20Welding%20_%20MillerWelds_files/generic-content.less HTTP/1.1" 200 42425 "http://162.250.19.7/welding/Miller/The%20History%20of%20Welding%20_%20MillerWelds.html" "Mozilla/5.0 (Linux; Android 6.0.1; Nexus 5X Build/MMB29P) AppleWebKit/537.36 (KHTML, like Gecko) Chrome/131.0.6778.204 Mobile Safari/537.36 (compatible; Googlebot/2.1; +http://www.google.com/bot.html)"
66.249.74.164 - - [02/Feb/2025:01:55:06 +0000] "GET /welding/Miller/The%20History%20of%20Welding%20_%20MillerWelds_files/main.less HTTP/1.1" 200 135375 "http://162.250.19.7/welding/Miller/The%20History%20of%20Welding%20_%20MillerWelds.html" "Mozilla/5.0 (Linux; Android 6.0.1; Nexus 5X Build/MMB29P) AppleWebKit/537.36 (KHTML, like Gecko) Chrome/131.0.6778.204 Mobile Safari/537.36 (compatible; Googlebot/2.1; +http://www.google.com/bot.html)"
66.249.74.165 - - [02/Feb/2025:01:55:06 +0000] "GET /welding/Miller/The%20History%20of%20Welding%20_%20MillerWelds_files/ActivityServer.bs HTTP/1.1" 200 1142 "http://162.250.19.7/welding/Miller/The%20History%20of%20Welding%20_%20MillerWelds.html" "Mozilla/5.0 (Linux; Android 6.0.1; Nexus 5X Build/MMB29P) AppleWebKit/537.36 (KHTML, like Gecko) Chrome/131.0.6778.204 Mobile Safari/537.36 (compatible; Googlebot/2.1; +http://www.google.com/bot.html)"
66.249.74.166 - - [02/Feb/2025:01:55:07 +0000] "GET /welding/Miller/The%20History%20of%20Welding%20_%20MillerWelds_files/styles.css HTTP/1.1" 200 436145 "http://162.250.19.7/welding/Miller/The%20History%20of%20Welding%20_%20MillerWelds.html" "Mozilla/5.0 (Linux; Android 6.0.1; Nexus 5X Build/MMB29P) AppleWebKit/537.36 (KHTML, like Gecko) Chrome/131.0.6778.204 Mobile Safari/537.36 (compatible; Googlebot/2.1; +http://www.google.com/bot.html)"
66.249.74.164 - - [02/Feb/2025:01:55:07 +0000] "GET /welding/Miller/The%20History%20of%20Welding%20_%20MillerWelds_files/jquery.min.js HTTP/1.1" 200 92792 "http://162.250.19.7/welding/Miller/The%20History%20of%20Welding%20_%20MillerWelds.html" "Mozilla/5.0 (Linux; Android 6.0.1; Nexus 5X Build/MMB29P) AppleWebKit/537.36 (KHTML, like Gecko) Chrome/131.0.6778.204 Mobile Safari/537.36 (compatible; Googlebot/2.1; +http://www.google.com/bot.html)"
66.249.74.164 - - [02/Feb/2025:01:55:08 +0000] "GET /welding/Miller/The%20History%20of%20Welding%20_%20MillerWelds_files/Miller_Logo.svg HTTP/1.1" 200 2381 "http://162.250.19.7/welding/Miller/The%20History%20of%20Welding%20_%20MillerWelds.html" "Mozilla/5.0 (Linux; Android 6.0.1; Nexus 5X Build/MMB29P) AppleWebKit/537.36 (KHTML, like Gecko) Chrome/131.0.6778.204 Mobile Safari/537.36 (compatible; Googlebot/2.1; +http://www.google.com/bot.html)"
66.249.74.164 - - [02/Feb/2025:01:55:08 +0000] "GET /welding/Miller/The%20History%20of%20Welding%20_%20MillerWelds_files/generic-products.less HTTP/1.1" 200 3013 "http://162.250.19.7/welding/Miller/The%20History%20of%20Welding%20_%20MillerWelds.html" "Mozilla/5.0 (Linux; Android 6.0.1; Nexus 5X Build/MMB29P) AppleWebKit/537.36 (KHTML, like Gecko) Chrome/131.0.6778.204 Mobile Safari/537.36 (compatible; Googlebot/2.1; +http://www.google.com/bot.html)"
66.249.74.165 - - [02/Feb/2025:01:55:09 +0000] "GET /welding/Miller/The%20History%20of%20Welding%20_%20MillerWelds_files/facebook.svg HTTP/1.1" 200 301 "http://162.250.19.7/welding/Miller/The%20History%20of%20Welding%20_%20MillerWelds.html" "Mozilla/5.0 (Linux; Android 6.0.1; Nexus 5X Build/MMB29P) AppleWebKit/537.36 (KHTML, like Gecko) Chrome/131.0.6778.204 Mobile Safari/537.36 (compatible; Googlebot/2.1; +http://www.google.com/bot.html)"
66.249.74.165 - - [02/Feb/2025:01:55:10 +0000] "GET /welding/Miller/The%20History%20of%20Welding%20_%20MillerWelds_files/ui.engine.js HTTP/1.1" 200 987197 "http://162.250.19.7/welding/Miller/The%20History%20of%20Welding%20_%20MillerWelds.html" "Mozilla/5.0 (Linux; Android 6.0.1; Nexus 5X Build/MMB29P) AppleWebKit/537.36 (KHTML, like Gecko) Chrome/131.0.6778.204 Mobile Safari/537.36 (compatible; Googlebot/2.1; +http://www.google.com/bot.html)"
66.249.74.164 - - [02/Feb/2025:01:55:10 +0000] "GET /welding/Miller/The%20History%20of%20Welding%20_%20MillerWelds_files/api.js HTTP/1.1" 200 1256 "http://162.250.19.7/welding/Miller/The%20History%20of%20Welding%20_%20MillerWelds.html" "Mozilla/5.0 (Linux; Android 6.0.1; Nexus 5X Build/MMB29P) AppleWebKit/537.36 (KHTML, like Gecko) Chrome/131.0.6778.204 Mobile Safari/537.36 (compatible; Googlebot/2.1; +http://www.google.com/bot.html)"
66.249.74.165 - - [02/Feb/2025:01:55:10 +0000] "GET /welding/Miller/The%20History%20of%20Welding%20_%20MillerWelds_files/jquery.tmpl.min.js HTTP/1.1" 200 6007 "http://162.250.19.7/welding/Miller/The%20History%20of%20Welding%20_%20MillerWelds.html" "Mozilla/5.0 (Linux; Android 6.0.1; Nexus 5X Build/MMB29P) AppleWebKit/537.36 (KHTML, like Gecko) Chrome/131.0.6778.204 Mobile Safari/537.36 (compatible; Googlebot/2.1; +http://www.google.com/bot.html)"
66.249.74.165 - - [02/Feb/2025:01:55:11 +0000] "GET /welding/Miller/The%20History%20of%20Welding%20_%20MillerWelds_files/main HTTP/1.1" 200 118221 "http://162.250.19.7/welding/Miller/The%20History%20of%20Welding%20_%20MillerWelds.html" "Mozilla/5.0 (Linux; Android 6.0.1; Nexus 5X Build/MMB29P) AppleWebKit/537.36 (KHTML, like Gecko) Chrome/131.0.6778.204 Mobile Safari/537.36 (compatible; Googlebot/2.1; +http://www.google.com/bot.html)"
66.249.74.165 - - [02/Feb/2025:01:55:11 +0000] "GET /welding/Miller/The%20History%20of%20Welding%20_%20MillerWelds_files/app HTTP/1.1" 200 138098 "http://162.250.19.7/welding/Miller/The%20History%20of%20Welding%20_%20MillerWelds.html" "Mozilla/5.0 (Linux; Android 6.0.1; Nexus 5X Build/MMB29P) AppleWebKit/537.36 (KHTML, like Gecko) Chrome/131.0.6778.204 Mobile Safari/537.36 (compatible; Googlebot/2.1; +http://www.google.com/bot.html)"
66.249.74.165 - - [02/Feb/2025:01:55:12 +0000] "GET /welding/Miller/The%20History%20of%20Welding%20_%20MillerWelds_files/main(1) HTTP/1.1" 200 21249 "http://162.250.19.7/welding/Miller/The%20History%20of%20Welding%20_%20MillerWelds.html" "Mozilla/5.0 (Linux; Android 6.0.1; Nexus 5X Build/MMB29P) AppleWebKit/537.36 (KHTML, like Gecko) Chrome/131.0.6778.204 Mobile Safari/537.36 (compatible; Googlebot/2.1; +http://www.google.com/bot.html)"
66.249.74.166 - - [02/Feb/2025:01:55:13 +0000] "GET /welding/Miller/The%20History%20of%20Welding%20_%20MillerWelds_files/product.cart(1).js HTTP/1.1" 200 1615 "http://162.250.19.7/welding/Miller/The%20History%20of%20Welding%20_%20MillerWelds.html" "Mozilla/5.0 (Linux; Android 6.0.1; Nexus 5X Build/MMB29P) AppleWebKit/537.36 (KHTML, like Gecko) Chrome/131.0.6778.204 Mobile Safari/537.36 (compatible; Googlebot/2.1; +http://www.google.com/bot.html)"
66.249.74.166 - - [02/Feb/2025:01:55:13 +0000] "GET /welding/Miller/The%20History%20of%20Welding%20_%20MillerWelds_files/generic-content(1).js HTTP/1.1" 200 5914 "http://162.250.19.7/welding/Miller/The%20History%20of%20Welding%20_%20MillerWelds.html" "Mozilla/5.0 (Linux; Android 6.0.1; Nexus 5X Build/MMB29P) AppleWebKit/537.36 (KHTML, like Gecko) Chrome/131.0.6778.204 Mobile Safari/537.36 (compatible; Googlebot/2.1; +http://www.google.com/bot.html)"
66.249.74.164 - - [02/Feb/2025:01:55:13 +0000] "GET /welding/Miller/The%20History%20of%20Welding%20_%20MillerWelds_files/product.cart.js HTTP/1.1" 200 1420 "http://162.250.19.7/welding/Miller/The%20History%20of%20Welding%20_%20MillerWelds.html" "Mozilla/5.0 (Linux; Android 6.0.1; Nexus 5X Build/MMB29P) AppleWebKit/537.36 (KHTML, like Gecko) Chrome/131.0.6778.204 Mobile Safari/537.36 (compatible; Googlebot/2.1; +http://www.google.com/bot.html)"
66.249.74.164 - - [02/Feb/2025:01:55:14 +0000] "GET /welding/Miller/The%20History%20of%20Welding%20_%20MillerWelds_files/generic-miller-slider.js HTTP/1.1" 200 237 "http://162.250.19.7/welding/Miller/The%20History%20of%20Welding%20_%20MillerWelds.html" "Mozilla/5.0 (Linux; Android 6.0.1; Nexus 5X Build/MMB29P) AppleWebKit/537.36 (KHTML, like Gecko) Chrome/131.0.6778.204 Mobile Safari/537.36 (compatible; Googlebot/2.1; +http://www.google.com/bot.html)"
66.249.74.164 - - [02/Feb/2025:01:55:14 +0000] "GET /welding/Miller/The%20History%20of%20Welding%20_%20MillerWelds_files/slick.min.js HTTP/1.1" 200 41470 "http://162.250.19.7/welding/Miller/The%20History%20of%20Welding%20_%20MillerWelds.html" "Mozilla/5.0 (Linux; Android 6.0.1; Nexus 5X Build/MMB29P) AppleWebKit/537.36 (KHTML, like Gecko) Chrome/131.0.6778.204 Mobile Safari/537.36 (compatible; Googlebot/2.1; +http://www.google.com/bot.html)"
66.249.74.166 - - [02/Feb/2025:01:55:15 +0000] "GET /welding/Miller/The%20History%20of%20Welding%20_%20MillerWelds_files/newsletter-modal-signup.js HTTP/1.1" 200 1612 "http://162.250.19.7/welding/Miller/The%20History%20of%20Welding%20_%20MillerWelds.html" "Mozilla/5.0 (Linux; Android 6.0.1; Nexus 5X Build/MMB29P) AppleWebKit/537.36 (KHTML, like Gecko) Chrome/131.0.6778.204 Mobile Safari/537.36 (compatible; Googlebot/2.1; +http://www.google.com/bot.html)"
66.249.74.165 - - [02/Feb/2025:01:55:15 +0000] "GET /welding/Miller/The%20History%20of%20Welding%20_%20MillerWelds_files/product HTTP/1.1" 200 4487 "http://162.250.19.7/welding/Miller/The%20History%20of%20Welding%20_%20MillerWelds.html" "Mozilla/5.0 (Linux; Android 6.0.1; Nexus 5X Build/MMB29P) AppleWebKit/537.36 (KHTML, like Gecko) Chrome/131.0.6778.204 Mobile Safari/537.36 (compatible; Googlebot/2.1; +http://www.google.com/bot.html)"
66.249.74.165 - - [02/Feb/2025:01:55:16 +0000] "GET /welding/Miller/The%20History%20of%20Welding%20_%20MillerWelds_files/recaptcha__en.js HTTP/1.1" 200 463621 "http://162.250.19.7/welding/Miller/The%20History%20of%20Welding%20_%20MillerWelds.html" "Mozilla/5.0 (Linux; Android 6.0.1; Nexus 5X Build/MMB29P) AppleWebKit/537.36 (KHTML, like Gecko) Chrome/131.0.6778.204 Mobile Safari/537.36 (compatible; Googlebot/2.1; +http://www.google.com/bot.html)"
66.249.74.166 - - [02/Feb/2025:01:55:16 +0000] "GET /welding/Miller/The%20History%20of%20Welding%20_%20MillerWelds_files/product(1) HTTP/1.1" 200 3222 "http://162.250.19.7/welding/Miller/The%20History%20of%20Welding%20_%20MillerWelds.html" "Mozilla/5.0 (Linux; Android 6.0.1; Nexus 5X Build/MMB29P) AppleWebKit/537.36 (KHTML, like Gecko) Chrome/131.0.6778.204 Mobile Safari/537.36 (compatible; Googlebot/2.1; +http://www.google.com/bot.html)"
66.249.74.165 - - [02/Feb/2025:01:55:18 +0000] "GET /welding/Miller/The%20History%20of%20Welding%20_%20MillerWelds_files/59c226282b68e2001125adcb.js HTTP/1.1" 200 1141 "http://162.250.19.7/welding/Miller/The%20History%20of%20Welding%20_%20MillerWelds.html" "Mozilla/5.0 (Linux; Android 6.0.1; Nexus 5X Build/MMB29P) AppleWebKit/537.36 (KHTML, like Gecko) Chrome/131.0.6778.204 Mobile Safari/537.36 (compatible; Googlebot/2.1; +http://www.google.com/bot.html)"
66.249.74.166 - - [02/Feb/2025:01:55:18 +0000] "GET /welding/Miller/The%20History%20of%20Welding%20_%20MillerWelds_files/sharethis.js HTTP/1.1" 200 207829 "http://162.250.19.7/welding/Miller/The%20History%20of%20Welding%20_%20MillerWelds.html" "Mozilla/5.0 (Linux; Android 6.0.1; Nexus 5X Build/MMB29P) AppleWebKit/537.36 (KHTML, like Gecko) Chrome/131.0.6778.204 Mobile Safari/537.36 (compatible; Googlebot/2.1; +http://www.google.com/bot.html)"
66.249.74.166 - - [02/Feb/2025:01:55:19 +0000] "GET /welding/Miller/The%20History%20of%20Welding%20_%20MillerWelds_files/linkedin.svg HTTP/1.1" 200 456 "http://162.250.19.7/welding/Miller/The%20History%20of%20Welding%20_%20MillerWelds.html" "Mozilla/5.0 (Linux; Android 6.0.1; Nexus 5X Build/MMB29P) AppleWebKit/537.36 (KHTML, like Gecko) Chrome/131.0.6778.204 Mobile Safari/537.36 (compatible; Googlebot/2.1; +http://www.google.com/bot.html)"
66.249.74.164 - - [02/Feb/2025:01:55:19 +0000] "GET /welding/Miller/The%20History%20of%20Welding%20_%20MillerWelds_files/email.svg HTTP/1.1" 200 343 "http://162.250.19.7/welding/Miller/The%20History%20of%20Welding%20_%20MillerWelds.html" "Mozilla/5.0 (Linux; Android 6.0.1; Nexus 5X Build/MMB29P) AppleWebKit/537.36 (KHTML, like Gecko) Chrome/131.0.6778.204 Mobile Safari/537.36 (compatible; Googlebot/2.1; +http://www.google.com/bot.html)"
66.249.74.165 - - [02/Feb/2025:01:55:19 +0000] "GET /t/1.css?apiType=css&projectid=3a91c7aa-ab8e-46eb-8411-a34af5522248 HTTP/1.1" 404 0 "http://162.250.19.7/welding/Miller/The%20History%20of%20Welding%20_%20MillerWelds_files/3a91c7aa-ab8e-46eb-8411-a34af5522248.css" "Mozilla/5.0 (Linux; Android 6.0.1; Nexus 5X Build/MMB29P) AppleWebKit/537.36 (KHTML, like Gecko) Chrome/131.0.6778.204 Mobile Safari/537.36 (compatible; Googlebot/2.1; +http://www.google.com/bot.html)"
66.249.74.164 - - [02/Feb/2025:01:55:24 +0000] "GET /-/media/miller-electric/images/icons/footer-social-icons/svg-icons/twitter.svg HTTP/1.1" 404 0 "http://162.250.19.7/welding/Miller/The%20History%20of%20Welding%20_%20MillerWelds.html" "Mozilla/5.0 (Linux; Android 6.0.1; Nexus 5X Build/MMB29P) AppleWebKit/537.36 (KHTML, like Gecko) Chrome/131.0.6778.204 Mobile Safari/537.36 (compatible; Googlebot/2.1; +http://www.google.com/bot.html)"
66.249.74.166 - - [02/Feb/2025:01:55:24 +0000] "GET /welding/Miller/The%20History%20of%20Welding%20_%20MillerWelds_files/anchor.html HTTP/1.1" 200 52962 "http://162.250.19.7/welding/Miller/The%20History%20of%20Welding%20_%20MillerWelds.html" "Mozilla/5.0 (Linux; Android 6.0.1; Nexus 5X Build/MMB29P) AppleWebKit/537.36 (KHTML, like Gecko) Chrome/131.0.6778.204 Mobile Safari/537.36 (compatible; Googlebot/2.1; +http://www.google.com/bot.html)"
66.249.74.166 - - [02/Feb/2025:01:55:25 +0000] "GET /-/media/miller-electric/images/icons/footer-social-icons/svg-icons/youtube.svg HTTP/1.1" 404 0 "http://162.250.19.7/welding/Miller/The%20History%20of%20Welding%20_%20MillerWelds.html" "Mozilla/5.0 (Linux; Android 6.0.1; Nexus 5X Build/MMB29P) AppleWebKit/537.36 (KHTML, like Gecko) Chrome/131.0.6778.204 Mobile Safari/537.36 (compatible; Googlebot/2.1; +http://www.google.com/bot.html)"
66.249.74.164 - - [02/Feb/2025:01:55:25 +0000] "GET /-/media/miller-electric/images/icons/footer-social-icons/svg-icons/facebook.svg HTTP/1.1" 404 0 "http://162.250.19.7/welding/Miller/The%20History%20of%20Welding%20_%20MillerWelds.html" "Mozilla/5.0 (Linux; Android 6.0.1; Nexus 5X Build/MMB29P) AppleWebKit/537.36 (KHTML, like Gecko) Chrome/131.0.6778.204 Mobile Safari/537.36 (compatible; Googlebot/2.1; +http://www.google.com/bot.html)"
66.249.74.166 - - [02/Feb/2025:01:55:26 +0000] "GET /-/media/miller-electric/images/icons/footer-social-icons/svg-icons/instagram.svg HTTP/1.1" 404 0 "http://162.250.19.7/welding/Miller/The%20History%20of%20Welding%20_%20MillerWelds.html" "Mozilla/5.0 (Linux; Android 6.0.1; Nexus 5X Build/MMB29P) AppleWebKit/537.36 (KHTML, like Gecko) Chrome/131.0.6778.204 Mobile Safari/537.36 (compatible; Googlebot/2.1; +http://www.google.com/bot.html)"
66.249.74.166 - - [02/Feb/2025:01:55:27 +0000] "GET /welding/Miller/The%20History%20of%20Welding%20_%20MillerWelds_files/recaptcha__en.js HTTP/1.1" 200 463621 "http://162.250.19.7/welding/Miller/The%20History%20of%20Welding%20_%20MillerWelds_files/anchor.html" "Mozilla/5.0 (Linux; Android 6.0.1; Nexus 5X Build/MMB29P) AppleWebKit/537.36 (KHTML, like Gecko) Chrome/131.0.6778.204 Mobile Safari/537.36 (compatible; Googlebot/2.1; +http://www.google.com/bot.html)"
66.249.74.164 - - [02/Feb/2025:01:55:27 +0000] "GET /-/media/miller-electric/images/icons/footer-social-icons/svg-icons/linkedin.svg HTTP/1.1" 404 0 "http://162.250.19.7/welding/Miller/The%20History%20of%20Welding%20_%20MillerWelds.html" "Mozilla/5.0 (Linux; Android 6.0.1; Nexus 5X Build/MMB29P) AppleWebKit/537.36 (KHTML, like Gecko) Chrome/131.0.6778.204 Mobile Safari/537.36 (compatible; Googlebot/2.1; +http://www.google.com/bot.html)"
66.249.74.166 - - [02/Feb/2025:01:55:27 +0000] "GET /welding/Miller/The%20History%20of%20Welding%20_%20MillerWelds_files/saved_resource(1).html HTTP/1.1" 200 149 "http://162.250.19.7/welding/Miller/The%20History%20of%20Welding%20_%20MillerWelds.html" "Mozilla/5.0 (Linux; Android 6.0.1; Nexus 5X Build/MMB29P) AppleWebKit/537.36 (KHTML, like Gecko) Chrome/131.0.6778.204 Mobile Safari/537.36 (compatible; Googlebot/2.1; +http://www.google.com/bot.html)"
66.249.74.164 - - [02/Feb/2025:01:55:28 +0000] "GET /welding/Miller/The%20History%20of%20Welding%20_%20MillerWelds_files/styles__ltr.css HTTP/1.1" 200 56398 "http://162.250.19.7/welding/Miller/The%20History%20of%20Welding%20_%20MillerWelds_files/anchor.html" "Mozilla/5.0 (Linux; Android 6.0.1; Nexus 5X Build/MMB29P) AppleWebKit/537.36 (KHTML, like Gecko) Chrome/131.0.6778.204 Mobile Safari/537.36 (compatible; Googlebot/2.1; +http://www.google.com/bot.html)"
66.249.74.164 - - [02/Feb/2025:01:55:28 +0000] "GET /-/media/miller-electric/images/icons/footer-social-icons/svg-icons/youtube.svg HTTP/1.1" 404 0 "http://162.250.19.7/welding/Miller/The%20History%20of%20Welding%20_%20MillerWelds.html" "Mozilla/5.0 (Linux; Android 6.0.1; Nexus 5X Build/MMB29P) AppleWebKit/537.36 (KHTML, like Gecko) Chrome/131.0.6778.204 Mobile Safari/537.36 (compatible; Googlebot/2.1; +http://www.google.com/bot.html)"
66.249.74.164 - - [02/Feb/2025:01:55:29 +0000] "GET /-/media/miller-electric/images/icons/footer-social-icons/svg-icons/instagram.svg HTTP/1.1" 404 0 "http://162.250.19.7/welding/Miller/The%20History%20of%20Welding%20_%20MillerWelds.html" "Mozilla/5.0 (Linux; Android 6.0.1; Nexus 5X Build/MMB29P) AppleWebKit/537.36 (KHTML, like Gecko) Chrome/131.0.6778.204 Mobile Safari/537.36 (compatible; Googlebot/2.1; +http://www.google.com/bot.html)"
66.249.74.164 - - [02/Feb/2025:01:55:29 +0000] "GET /-/media/miller-electric/images/icons/footer-social-icons/svg-icons/facebook.svg HTTP/1.1" 404 0 "http://162.250.19.7/welding/Miller/The%20History%20of%20Welding%20_%20MillerWelds.html" "Mozilla/5.0 (Linux; Android 6.0.1; Nexus 5X Build/MMB29P) AppleWebKit/537.36 (KHTML, like Gecko) Chrome/131.0.6778.204 Mobile Safari/537.36 (compatible; Googlebot/2.1; +http://www.google.com/bot.html)"
