54.151.170.101 - - [02/Feb/2025:09:07:12 +0000] "GET /rome/Black%20Magic%20Satanists%20Rule%20The%20World,%20Not%20Politicians,%20Bankers%20Or%20Military%20Heads%20%7C%20Shift%20Frequency_files/SkullnBones_002.webp HTTP/1.1" 200 4652 "" "Mozilla/5.0 (Windows NT 6.1; WOW64; rv:54.0) Gecko/20100101 Firefox/54.0"
47.128.28.190 - - [02/Feb/2025:09:11:18 +0000] "GET /welding/Miller/The%20History%20of%20Welding%20_%20MillerWelds_files/saved_resource.html HTTP/1.1" 200 149 "" "Mozilla/5.0 (Linux; Android 5.0) AppleWebKit/537.36 (KHTML, like Gecko) Mobile Safari/537.36 (compatible; Bytespider; spider-feedback@bytedance.com)"
179.43.191.146 - - [02/Feb/2025:09:12:55 +0000] "GET / HTTP/1.1" 200 25000 "" "Mozilla/5.0 (Windows NT 10.0; Win64; x64) AppleWebKit/537.36 (KHTML, like Gecko) Chrome/90.0.4430.85 Safari/537.36 Edg/90.0.818.46"
74.82.47.3 - - [02/Feb/2025:09:14:21 +0000] "GET / HTTP/1.1" 200 25000 "" "Mozilla/5.0 (Windows NT 10.0; Win64; x64) AppleWebKit/537.36 (KHTML, like Gecko) Chrome/114.0.0.0 YaBrowser/23.7.0.2534 Yowser/2.5 Safari/537.36"
47.128.33.152 - - [02/Feb/2025:09:15:18 +0000] "GET /freedom/freedom-2022-02-06/HTML%20Sampler_files/ads_002.html HTTP/1.1" 200 107 "" "Mozilla/5.0 (Linux; Android 5.0) AppleWebKit/537.36 (KHTML, like Gecko) Mobile Safari/537.36 (compatible; Bytespider; spider-feedback@bytedance.com)"
74.82.47.3 - - [02/Feb/2025:09:18:03 +0000] "GET /favicon.ico HTTP/1.1" 200 533 "" "Mozilla/5.0 (Macintosh; Intel Mac OS X 10_15_7) AppleWebKit/605.1.15 (KHTML, like Gecko) Version/17.0 Safari/605.1.15"
74.82.47.3 - - [02/Feb/2025:09:18:53 +0000] "GET /geoserver/web/ HTTP/1.1" 404 0 "" "Mozilla/5.0 (Windows NT 10.0; Win64; x64) AppleWebKit/537.36 (KHTML, like Gecko) Chrome/114.0.0.0 YaBrowser/23.7.0.2534 Yowser/2.5 Safari/537.36"
164.90.160.84 - - [02/Feb/2025:09:19:01 +0000] "GET / HTTP/1.1" 200 25000 "" "Mozilla/5.0 (Windows NT 10.0; WOW64; rv:64.0.2) Gecko/20100101 Firefox/64.0.2"
156.59.198.135 - - [02/Feb/2025:09:19:18 +0000] "GET /ac0xl/Welding/2023-09-22/Welding%20101%20Part%20III_files/container_data_004/f_005.txt HTTP/1.0" 404 0 "" "Mozilla/5.0 (Linux; Android 5.0) AppleWebKit/537.36 (KHTML, like Gecko) Mobile Safari/537.36 (compatible; Bytespider; spider-feedback@bytedance.com)"
156.59.198.136 - - [02/Feb/2025:09:23:19 +0000] "GET /ac0xl/Welding/2023-09-22/Fab%20101%20-%20TIG%20Welding_files/68903213.xml HTTP/1.0" 404 0 "" "Mozilla/5.0 (Linux; Android 5.0) AppleWebKit/537.36 (KHTML, like Gecko) Mobile Safari/537.36 (compatible; Bytespider; spider-feedback@bytedance.com)"
66.249.74.165 - - [02/Feb/2025:09:26:39 +0000] "GET /ac0xl/www/slackbook/system-configuration-kernel.html HTTP/1.1" 304 0 "" "Mozilla/5.0 (Linux; Android 6.0.1; Nexus 5X Build/MMB29P) AppleWebKit/537.36 (KHTML, like Gecko) Chrome/132.0.6834.159 Mobile Safari/537.36 (compatible; Googlebot/2.1; +http://www.google.com/bot.html)"
156.59.198.135 - - [02/Feb/2025:09:33:27 +0000] "GET /-/media/miller-electric/images/resources/mig-tips/penetrationpatternssteel.png?h=106&la=en&w=200 HTTP/1.0" 404 0 "" "Mozilla/5.0 (Linux; Android 5.0) AppleWebKit/537.36 (KHTML, like Gecko) Mobile Safari/537.36 (compatible; Bytespider; spider-feedback@bytedance.com)"
95.214.55.132 - - [02/Feb/2025:09:34:19 +0000] "GET / HTTP/1.1" 200 25000 "" "Mozilla/5.0 (Windows NT 10.0; Win64; x64) AppleWebKit/537.36 (KHTML, like Gecko) Chrome/90.0.4430.85 Safari/537.36 Edg/90.0.818.46"
47.128.116.28 - - [02/Feb/2025:09:37:28 +0000] "GET /robots.txt HTTP/1.1" 200 70 "" "Mozilla/5.0 (Linux; Android 5.0) AppleWebKit/537.36 (KHTML, like Gecko) Mobile Safari/537.36 (compatible; Bytespider; spider-feedback@bytedance.com)"
156.59.198.135 - - [02/Feb/2025:09:41:28 +0000] "GET /ac0xl/Color-of-Law/2021-05-19-WEarethe%E2%80%9CEnemiesoftheState%E2%80%9D-DocumentedEvidence-AndHowtoChangeTheStatusQuo-StillnessintheStorm_files/9979529217388902_data/39a227538aad3a676db537516326204 HTTP/1.0" 404 0 "" "Mozilla/5.0 (Linux; Android 5.0) AppleWebKit/537.36 (KHTML, like Gecko) Mobile Safari/537.36 (compatible; Bytespider; spider-feedback@bytedance.com)"
66.249.74.164 - - [02/Feb/2025:09:43:35 +0000] "GET /ads.txt HTTP/1.1" 404 0 "" "Mozilla/5.0 (compatible; Googlebot/2.1; +http://www.google.com/bot.html)"
156.59.198.136 - - [02/Feb/2025:09:46:47 +0000] "GET /ac0xl/Welding/Tooliom/2023-05-28-TOOLIOM%20250M%20Aluminum%20Multi-Process%20Welder%20MIG_Lift%20TIG_Stick%203%20in%201%20%E2%80%93%20Tooliom_files/TL-250M_3_002.webp HTTP/1.0" 404 0 "" "Mozilla/5.0 (Linux; Android 5.0) AppleWebKit/537.36 (KHTML, like Gecko) Mobile Safari/537.36 (compatible; Bytespider; spider-feedback@bytedance.com)"
162.216.150.250 - - [02/Feb/2025:09:47:30 +0000] "GET / HTTP/1.1" 200 25000 "" "Expanse, a Palo Alto Networks company, searches across the global IPv4 space multiple times per day to identify customers' presences on the Internet. If you would like to be excluded from our scan"
156.59.198.136 - - [02/Feb/2025:09:50:47 +0000] "GET /ac0xl/Welding/2023-09-22/Fab%20101%20-%20TIG%20Welding_files/container_data_002/f_002.txt HTTP/1.0" 404 0 "" "Mozilla/5.0 (Linux; Android 5.0) AppleWebKit/537.36 (KHTML, like Gecko) Mobile Safari/537.36 (compatible; Bytespider; spider-feedback@bytedance.com)"
3.144.180.133 - - [02/Feb/2025:09:53:45 +0000] "GET / HTTP/1.1" 200 25000 "" "Mozilla/5.0 (Macintosh; Intel Mac OS X 10_15_7) Chrome/126.0.0.0 Safari/537.36"
3.144.180.133 - - [02/Feb/2025:09:53:56 +0000] "GET / HTTP/1.1" 200 25000 "" "Mozilla/5.0 (Macintosh; Intel Mac OS X 10_15_7) Chrome/126.0.0.0 Safari/537.36"
114.119.139.123 - - [02/Feb/2025:09:54:37 +0000] "GET /rome/DavidStraight/AffidavitofRepudiation.pdf HTTP/1.1" 200 222206 "http://162.250.19.7/rome/DavidStraight/" "Mozilla/5.0 (Linux; Android 7.0;) AppleWebKit/537.36 (KHTML, like Gecko) Mobile Safari/537.36 (compatible; PetalBot;+https://webmaster.petalsearch.com/site/petalbot)"
156.59.198.135 - - [02/Feb/2025:09:54:47 +0000] "GET /ac0xl/Welding/2023-09-22/Fab%20101%20-%20TIG%20Welding_files/user_sync_data_002/SPug.txt HTTP/1.0" 404 0 "" "Mozilla/5.0 (Linux; Android 5.0) AppleWebKit/537.36 (KHTML, like Gecko) Mobile Safari/537.36 (compatible; Bytespider; spider-feedback@bytedance.com)"
3.144.180.133 - - [02/Feb/2025:09:54:56 +0000] "UNKNOWN UNKNOWN" 400 0 "" ""
156.59.198.136 - - [02/Feb/2025:09:58:47 +0000] "GET /welding/Tooliom/2023-05-28-Tooliom-WeldingToolsMIG_TIG_Stickweldershoods&PlasmaCutting_files/6ff2d1c1d37b6e0862912533ee635983_8e8ad509-ce52-4e35-bb7_006.webp HTTP/1.0" 404 0 "" "Mozilla/5.0 (Linux; Android 5.0) AppleWebKit/537.36 (KHTML, like Gecko) Mobile Safari/537.36 (compatible; Bytespider; spider-feedback@bytedance.com)"
185.196.220.253 - - [02/Feb/2025:10:04:43 +0000] "GET / HTTP/1.1" 200 25000 "" "Hello World"
13.228.83.96 - - [02/Feb/2025:10:12:28 +0000] "GET /rome/Judge-Anna-von-Reitz/2017-07-27-Update%20from%20Anna%20von%20Reitz%20on%20Arrest%20of%20Heather%20Ann%20Tucci-Jarraf%20(OPPT%20Trustee%20&%20Treasury%20Direct%20Account%20Use%20Promoter)%20-%20S HTTP/1.1" 200 12099 "" "Mozilla/5.0 (Windows NT 6.1; WOW64) AppleWebKit/537.36 (KHTML, like Gecko) Chrome/58.0.3029.110 Safari/537.36 OPR/45.0.2552.888"
114.119.151.133 - - [02/Feb/2025:10:14:24 +0000] "GET /welding/2020-06-16-Silicon%20Bronze%20MIG%20Brazing%20Basics_files/insight.js HTTP/1.1" 200 7813 "http://162.250.19.7/welding/2020-06-16-Silicon%20Bronze%20MIG%20Brazing%20Basics_files/" "Mozilla/5.0 (Linux; Android 7.0;) AppleWebKit/537.36 (KHTML, like Gecko) Mobile Safari/537.36 (compatible; PetalBot;+https://webmaster.petalsearch.com/site/petalbot)"
52.167.144.221 - - [02/Feb/2025:10:16:11 +0000] "GET /videos/ HTTP/1.1" 200 25000 "" "Mozilla/5.0 AppleWebKit/537.36 (KHTML, like Gecko; compatible; bingbot/2.0; +http://www.bing.com/bingbot.htm) Chrome/116.0.1938.76 Safari/537.36"
156.59.198.136 - - [02/Feb/2025:10:18:40 +0000] "GET /ac0xl/Welding/Tooliom/MIG_Stick_TIG%20Multi-Process%20Welder%20TL-135M%203%20in%201%20IGBT%20DC%20Inverter%20%e2%80%93%20Tooliom_files/PDF/Tooliom_TL-135M_Panel_Annotation.pdf HTTP/1.0" 404 0 "" "Mozilla/5.0 (Linux; Android 5.0) AppleWebKit/537.36 (KHTML, like Gecko) Mobile Safari/537.36 (compatible; Bytespider; spider-feedback@bytedance.com)"
66.249.74.166 - - [02/Feb/2025:10:18:44 +0000] "GET /ac0xl/www/slackbook/introduction-slackware.html HTTP/1.1" 200 4353 "" "Mozilla/5.0 (Linux; Android 6.0.1; Nexus 5X Build/MMB29P) AppleWebKit/537.36 (KHTML, like Gecko) Chrome/132.0.6834.159 Mobile Safari/537.36 (compatible; Googlebot/2.1; +http://www.google.com/bot.html)"
114.119.139.123 - - [02/Feb/2025:10:22:06 +0000] "GET /rome/StopTheCrime_files/player-noyui-min.html HTTP/1.1" 200 4781 "http://162.250.19.7/rome/StopTheCrime_files/" "Mozilla/5.0 (Linux; Android 7.0;) AppleWebKit/537.36 (KHTML, like Gecko) Mobile Safari/537.36 (compatible; PetalBot;+https://webmaster.petalsearch.com/site/petalbot)"
156.59.198.136 - - [02/Feb/2025:10:25:44 +0000] "GET /ac0xl/Welding/2023-09-22/Welding%20101%20Part%20III_files/container_data_004/f_003.txt HTTP/1.0" 404 0 "" "Mozilla/5.0 (Linux; Android 5.0) AppleWebKit/537.36 (KHTML, like Gecko) Mobile Safari/537.36 (compatible; Bytespider; spider-feedback@bytedance.com)"
114.119.147.73 - - [02/Feb/2025:10:26:15 +0000] "GET /freedom/freedom/DNS/2023-01-31-How%20Can%20Disrupting%20DNS%20Communications%20Thwart%20a%20Malware%20Attack%20_files/ HTTP/1.1" 200 25000 "http://162.250.19.7/freedom/freedom/DNS/" "Mozilla/5.0 (Linux; Android 7.0;) AppleWebKit/537.36 (KHTML, like Gecko) Mobile Safari/537.36 (compatible; PetalBot;+https://webmaster.petalsearch.com/site/petalbot)"
114.119.153.91 - - [02/Feb/2025:10:30:25 +0000] "GET /freedom/freedom-2022-02-06/thttpd-extras/thttpd-rotate HTTP/1.1" 200 1746 "http://162.250.19.7/freedom/freedom-2022-02-06/thttpd-extras/" "Mozilla/5.0 (Linux; Android 7.0;) AppleWebKit/537.36 (KHTML, like Gecko) Mobile Safari/537.36 (compatible; PetalBot;+https://webmaster.petalsearch.com/site/petalbot)"
114.119.130.125 - - [02/Feb/2025:10:34:35 +0000] "GET /downloads/AndreasKalcker/2021-05-12-Andreas%20Kalcker%20-%20Chlorine%20Dioxide%20Clinical%20Study_files/css_006.css HTTP/1.1" 200 21877 "http://162.250.19.7/downloads/AndreasKalcker/2021-05-12-Andreas%20Kalcker%20-%20Chlorine%20Dioxide%20Clinical%20Study_files/" "Mozilla/5.0 (Linux; Android 7.0;) AppleWebKit/537.36 (KHTML, like Gecko) Mobile Safari/537.36 (compatible; PetalBot;+https://webmaster.petalsearch.com/site/petalbot)"
156.59.198.135 - - [02/Feb/2025:10:34:46 +0000] "GET /ac0xl/Welding/2023-09-22/MIG%20Welding%20The%20Basics%20for%20Mild%20Steel%20MillerWelds_files/f.txt HTTP/1.0" 404 0 "" "Mozilla/5.0 (Linux; Android 5.0) AppleWebKit/537.36 (KHTML, like Gecko) Mobile Safari/537.36 (compatible; Bytespider; spider-feedback@bytedance.com)"
114.119.139.123 - - [02/Feb/2025:10:37:40 +0000] "GET /welding/Power%20Mode%20Aluminum%20Welding%20Process%20Guide-te12016.pdf HTTP/1.1" 200 1655292 "http://162.250.19.7/welding/" "Mozilla/5.0 (Linux; Android 7.0;) AppleWebKit/537.36 (KHTML, like Gecko) Mobile Safari/537.36 (compatible; PetalBot;+https://webmaster.petalsearch.com/site/petalbot)"
114.119.147.73 - - [02/Feb/2025:10:38:45 +0000] "GET /ac0xl/Basiago-Andrew/Andrew-Basiago-interview-by-Jessica-Schab.html HTTP/1.1" 200 452 "http://162.250.19.7/ac0xl/Basiago-Andrew/" "Mozilla/5.0 (Linux; Android 7.0;) AppleWebKit/537.36 (KHTML, like Gecko) Mobile Safari/537.36 (compatible; PetalBot;+https://webmaster.petalsearch.com/site/petalbot)"
156.59.198.135 - - [02/Feb/2025:10:38:46 +0000] "GET /welding/Miller/MIGBasicsforAutomotiveWeldingRepair_MillerWelds_files/twitter.svg HTTP/1.0" 404 0 "" "Mozilla/5.0 (Linux; Android 5.0) AppleWebKit/537.36 (KHTML, like Gecko) Mobile Safari/537.36 (compatible; Bytespider; spider-feedback@bytedance.com)"
114.119.151.133 - - [02/Feb/2025:10:41:44 +0000] "GET /welding/2023-09-22/Oxy-Acetylene%20Welding%20101_files/otCCPAiab.js HTTP/1.1" 200 22075 "http://162.250.19.7/welding/2023-09-22/Oxy-Acetylene%20Welding%20101_files/" "Mozilla/5.0 (Linux; Android 7.0;) AppleWebKit/537.36 (KHTML, like Gecko) Mobile Safari/537.36 (compatible; PetalBot;+https://webmaster.petalsearch.com/site/petalbot)"
156.59.198.136 - - [02/Feb/2025:10:42:46 +0000] "GET /freedom/freedom-2021-09-13/Acme.com/old-thttpd-2.29/Configuration%20Options_files/f.txt HTTP/1.0" 403 0 "" "Mozilla/5.0 (Linux; Android 5.0) AppleWebKit/537.36 (KHTML, like Gecko) Mobile Safari/537.36 (compatible; Bytespider; spider-feedback@bytedance.com)"
156.59.198.135 - - [02/Feb/2025:10:46:47 +0000] "GET /welding/2023-09-22/Fab%20101%20-%20TIG%20Welding_files/usersync_data_002/a_data/user_sync_data/SPug_002.txt HTTP/1.0" 200 0 "" "Mozilla/5.0 (Linux; Android 5.0) AppleWebKit/537.36 (KHTML, like Gecko) Mobile Safari/537.36 (compatible; Bytespider; spider-feedback@bytedance.com)"
45.144.212.139 - - [02/Feb/2025:10:47:21 +0000] "GET /_profiler/phpinfo HTTP/1.1" 404 0 "" "Mozilla/5.0 (Windows NT 10.0; Win64; x64; rv:52.0) Gecko/20100101 Firefox/52.0"
156.59.198.135 - - [02/Feb/2025:10:50:47 +0000] "GET /ac0xl/Welding/2023-09-22/TIG%20Welding%20Tips%20for%20Beginner%20and%20Intermediate%20Welders%20MillerWelds_files/f_002.txt HTTP/1.0" 404 0 "" "Mozilla/5.0 (Linux; Android 5.0) AppleWebKit/537.36 (KHTML, like Gecko) Mobile Safari/537.36 (compatible; Bytespider; spider-feedback@bytedance.com)"
36.110.131.94 - - [02/Feb/2025:10:53:31 +0000] "GET /welding/Tooliom/2023-05-28-MIG_Stick_TIG%20Multi-Process%20Welder%20TL-200M%203%20in%201%20Welding%20Machine%20%E2%80%93%20Tooliom_files/TL-200M-6_002.webp HTTP/1.1" 200 78908 "" "Mozilla/5.0 (Windows NT 6.1; WOW64) AppleWebKit/537.36 (KHTML, like Gecko) Chrome/58.0.3029.110 Safari/537.36 OPR/45.0.2552.888"
156.59.198.136 - - [02/Feb/2025:10:54:47 +0000] "GET /welding/2023-09-22/Fab%20101%20-%20TIG%20Welding_files/usersync_data_002/user_sync_data/SPug.txt HTTP/1.0" 200 0 "" "Mozilla/5.0 (Linux; Android 5.0) AppleWebKit/537.36 (KHTML, like Gecko) Mobile Safari/537.36 (compatible; Bytespider; spider-feedback@bytedance.com)"
114.119.151.153 - - [02/Feb/2025:10:56:22 +0000] "GET /ac0xl/Color-of-Law/2021-07-02-USCODE-2011-title18-partI-chap13-sec242.pdf HTTP/1.1" 200 218612 "http://162.250.19.7/ac0xl/Color-of-Law/" "Mozilla/5.0 (Linux; Android 7.0;) AppleWebKit/537.36 (KHTML, like Gecko) Mobile Safari/537.36 (compatible; PetalBot;+https://webmaster.petalsearch.com/site/petalbot)"
156.59.198.135 - - [02/Feb/2025:10:58:47 +0000] "GET /ac0xl/Welding/2023-09-22/Fab%20101%20-%20TIG%20Welding_files/68903198.xml HTTP/1.0" 404 0 "" "Mozilla/5.0 (Linux; Android 5.0) AppleWebKit/537.36 (KHTML, like Gecko) Mobile Safari/537.36 (compatible; Bytespider; spider-feedback@bytedance.com)"
114.119.137.193 - - [02/Feb/2025:10:59:37 +0000] "GET /staff/alisa-priddle/ HTTP/1.1" 404 0 "http://162.250.19.7/welding/2023-09-22/Welding%20101%20Part%20III.html" "Mozilla/5.0 (Linux; Android 7.0;) AppleWebKit/537.36 (KHTML, like Gecko) Mobile Safari/537.36 (compatible; PetalBot;+https://webmaster.petalsearch.com/site/petalbot)"
114.119.139.226 - - [02/Feb/2025:11:00:31 +0000] "GET /rome/How%20the%20Cabal%20Maintains%20Their%20Power%20And%20What%20You%20Need%20To%20Do%20To%20Stop%20It%20-%20Un-Consent%20%7C%20Beyond%20BRICS%20Exposing%20the%20Rats%20-%20Stillness%20in%20the%20St HTTP/1.1" 200 24569 "http://162.250.19.7/rome/How%20the%20Cabal%20Maintains%20Their%20Power%20And%20What%20You%20Need%20To%20Do%20To%20Stop%20It%20-%20Un-Consent%20%7c%20Beyond%20BRICS%20Exposing%20the%20Rats%20-%20Stilln" "Mozilla/5.0 (Linux; Android 7.0;) AppleWebKit/537.36 (KHTML, like Gecko) Mobile Safari/537.36 (compatible; PetalBot;+https://webmaster.petalsearch.com/site/petalbot)"
156.59.198.136 - - [02/Feb/2025:11:02:47 +0000] "GET /ac0xl/Welding/2023-09-22/Welding%20101%20Part%20III_files/container_data_003/f.txt HTTP/1.0" 404 0 "" "Mozilla/5.0 (Linux; Android 5.0) AppleWebKit/537.36 (KHTML, like Gecko) Mobile Safari/537.36 (compatible; Bytespider; spider-feedback@bytedance.com)"
114.119.151.133 - - [02/Feb/2025:11:04:16 +0000] "GET /ac0xl/www/2005-museumarchives/Raw-Data/0-Raw-Data/My-Pictures/2005-05%20(May)/Scan0003.tif HTTP/1.1" 200 2642375 "http://162.250.19.7/ac0xl/www/2005-museumarchives/Raw-Data/0-Raw-Data/My-Pictures/2005-05%20%28May%29" "Mozilla/5.0 (Linux; Android 7.0;) AppleWebKit/537.36 (KHTML, like Gecko) Mobile Safari/537.36 (compatible; PetalBot;+https://webmaster.petalsearch.com/site/petalbot)"
99.232.113.128 - - [02/Feb/2025:11:04:21 +0000] "GET /welding/Tooliom.com/TL-135S.pdf HTTP/1.1" 200 22557699 "https://www.google.com/" "Mozilla/5.0 (iPhone; CPU iPhone OS 18_1_1 like Mac OS X) AppleWebKit/605.1.15 (KHTML, like Gecko) Version/18.1.1 Mobile/15E148 Safari/604.1"
99.232.113.128 - - [02/Feb/2025:11:04:22 +0000] "GET /favicon.ico HTTP/1.1" 200 533 "http://162.250.19.7/welding/Tooliom.com/TL-135S.pdf" "Mozilla/5.0 (iPhone; CPU iPhone OS 18_1_1 like Mac OS X) AppleWebKit/605.1.15 (KHTML, like Gecko) Version/18.1.1 Mobile/15E148 Safari/604.1"
99.232.113.128 - - [02/Feb/2025:11:05:42 +0000] "GET /apple-touch-icon-precomposed.png HTTP/1.1" 404 0 "" "NetworkingExtension/8619.2.8.10.9 Network/4277.42.2 iOS/18.1.1"
99.232.113.128 - - [02/Feb/2025:11:05:42 +0000] "GET /apple-touch-icon.png HTTP/1.1" 404 0 "" "NetworkingExtension/8619.2.8.10.9 Network/4277.42.2 iOS/18.1.1"
99.232.113.128 - - [02/Feb/2025:11:05:42 +0000] "GET /favicon.ico HTTP/1.1" 200 533 "" "NetworkingExtension/8619.2.8.10.9 Network/4277.42.2 iOS/18.1.1"
13.228.102.103 - - [02/Feb/2025:11:06:41 +0000] "GET /rome/Trump%20On%2020th%20Anniversary%20Of%209_11%20%E2%80%94%20%E2%80%9CAmerica%20Will%20Be%20Made%20Great%20Again%E2%80%9D%20-%20Stillness%20in%20the%20Storm_files/11937033442529894_data/7e23f3ac166 HTTP/1.1" 200 17908 "" "Mozilla/5.0 (Windows NT 10.0; Win64; x64) AppleWebKit/537.36 (KHTML, like Gecko) Chrome/58.0.3029.110 Safari/537.36"
47.128.17.143 - - [02/Feb/2025:11:06:47 +0000] "GET /welding/2023-09-22/MIG%20Welding%20101_files/ixmatch.html HTTP/1.1" 200 3307 "" "Mozilla/5.0 (Linux; Android 5.0) AppleWebKit/537.36 (KHTML, like Gecko) Mobile Safari/537.36 (compatible; Bytespider; spider-feedback@bytedance.com)"
36.110.131.111 - - [02/Feb/2025:11:08:18 +0000] "GET /welding/Forney/2018-04-01-Forney%20Easy%20Weld%2020%20P%20Plasma%20Cutter%20%20%20Forney%20Industries_files/GetImage_003.jpg HTTP/1.1" 200 5121 "" "Mozilla/5.0 (Windows NT 6.1; WOW64; rv:54.0) Gecko/20100101 Firefox/54.0"
195.3.223.55 - - [02/Feb/2025:11:09:21 +0000] "GET / HTTP/1.1" 200 25000 "" ""
66.249.74.165 - - [02/Feb/2025:11:09:48 +0000] "GET /welding/2023-09-22/MIG%20Welding%20The%20Basics%20for%20Mild%20Steel%20MillerWelds.html HTTP/1.1" 200 212530 "" "Mozilla/5.0 (Linux; Android 6.0.1; Nexus 5X Build/MMB29P) AppleWebKit/537.36 (KHTML, like Gecko) Chrome/132.0.6834.159 Mobile Safari/537.36 (compatible; Googlebot/2.1; +http://www.google.com/bot.html)"
47.128.125.216 - - [02/Feb/2025:11:10:47 +0000] "GET /freedom/freedom-2022-05-20/2022-05-03-AC0XL-Pi-B-Plus-1-2/2022-05-07-AC0XL-Pi-B-Plus-test-2/192.168.1.90-test-2/videos/Andreas-Kalcker-link.html HTTP/1.1" 200 296 "" "Mozilla/5.0 (Linux; Android 5.0) AppleWebKit/537.36 (KHTML, like Gecko) Mobile Safari/537.36 (compatible; Bytespider; spider-feedback@bytedance.com)"
109.236.61.83 - - [02/Feb/2025:11:14:22 +0000] "GET / HTTP/1.1" 200 25000 "" "curl/7.68.0"
156.59.198.136 - - [02/Feb/2025:11:15:09 +0000] "GET /ac0xl/Welding/Tooliom/MIG_Stick_TIG%20Multi-Process%20Welder%20TL-135M%203%20in%201%20IGBT%20DC%20Inverter%20%e2%80%93%20Tooliom_files/PDF/Tooliom_TL-135M-Controls.odp HTTP/1.0" 404 0 "" "Mozilla/5.0 (Linux; Android 5.0) AppleWebKit/537.36 (KHTML, like Gecko) Mobile Safari/537.36 (compatible; Bytespider; spider-feedback@bytedance.com)"
156.59.198.136 - - [02/Feb/2025:11:19:10 +0000] "GET /rome/DavidStraight/Universal%20Declaration%20of%20Human%20Rights%20%7C%20United%20Nations_files/submissions_matrix.jpg HTTP/1.0" 404 0 "" "Mozilla/5.0 (Linux; Android 5.0) AppleWebKit/537.36 (KHTML, like Gecko) Mobile Safari/537.36 (compatible; Bytespider; spider-feedback@bytedance.com)"
114.119.139.226 - - [02/Feb/2025:11:20:37 +0000] "GET /rome/William-Cooper-lecture--Behold-a-Pale-Horse--Full-Video--Atlanta-GA--02-23-1991.html HTTP/1.1" 200 507 "http://162.250.19.7/rome/" "Mozilla/5.0 (Linux; Android 7.0;) AppleWebKit/537.36 (KHTML, like Gecko) Mobile Safari/537.36 (compatible; PetalBot;+https://webmaster.petalsearch.com/site/petalbot)"
156.59.198.136 - - [02/Feb/2025:11:23:10 +0000] "GET /welding/Tooliom.com/MIG_Stick_TIG%20Multi-Process%20Welder%20TL-135M%203%20in%201%20IGBT%20DC%20Inverter%20%E2%80%93%20Tooliom_files/1_002.avif HTTP/1.0" 200 3375 "" "Mozilla/5.0 (Linux; Android 5.0) AppleWebKit/537.36 (KHTML, like Gecko) Mobile Safari/537.36 (compatible; Bytespider; spider-feedback@bytedance.com)"
114.119.139.226 - - [02/Feb/2025:11:24:47 +0000] "GET /rome/Judge-Anna-von-Reitz/%23UNIVERSALCLEANUP%20Current%20Status%20of%20Events%20Now%20Unfold%20%23HATJ%20and%20RKB%20Alleged%20Court%20Proceedings%20%E2%80%93%20I%20https%20_i-uv.com_files/postmessa HTTP/1.1" 200 593 "http://162.250.19.7/rome/Judge-Anna-von-Reitz/%23UNIVERSALCLEANUP%20Current%20Status%20of%20Events%20Now%20Unfold%20%23HATJ%20and%20RKB%20Alleged%20Court%20Proceedings%20%e2%80%93%20I%20https%20_i-uv." "Mozilla/5.0 (Linux; Android 7.0;) AppleWebKit/537.36 (KHTML, like Gecko) Mobile Safari/537.36 (compatible; PetalBot;+https://webmaster.petalsearch.com/site/petalbot)"
114.119.139.123 - - [02/Feb/2025:11:25:17 +0000] "GET /welding/2023-09-22/Oxy-Acetylene%20Welding%20101_files/syncframe.html HTTP/1.1" 200 13828 "http://162.250.19.7/welding/2023-09-22/Oxy-Acetylene%20Welding%20101_files/" "Mozilla/5.0 (Linux; Android 7.0;) AppleWebKit/537.36 (KHTML, like Gecko) Mobile Safari/537.36 (compatible; PetalBot;+https://webmaster.petalsearch.com/site/petalbot)"
156.59.198.135 - - [02/Feb/2025:11:27:10 +0000] "GET /rome/TrumpOn20thAnniversaryOf9_11%E2%80%94%E2%80%9CAmericaWillBeMadeGreatAgain%E2%80%9D-StillnessintheStorm_files/48e3ef480651328c7f84493f4918a03b.jpeg HTTP/1.0" 404 0 "" "Mozilla/5.0 (Linux; Android 5.0) AppleWebKit/537.36 (KHTML, like Gecko) Mobile Safari/537.36 (compatible; Bytespider; spider-feedback@bytedance.com)"
114.119.151.153 - - [02/Feb/2025:11:28:58 +0000] "GET /ac0xl/Andreas-Kalcker/Tribute-to-Jim-Humble.html HTTP/1.1" 200 535 "http://162.250.19.7/ac0xl/Andreas-Kalcker/" "Mozilla/5.0 (Linux; Android 7.0;) AppleWebKit/537.36 (KHTML, like Gecko) Mobile Safari/537.36 (compatible; PetalBot;+https://webmaster.petalsearch.com/site/petalbot)"
114.119.139.123 - - [02/Feb/2025:11:29:25 +0000] "GET /welding/2023-09-22/Welding%20101%20Part%20III_files/components-SourceDigital-SourceDigital-96b60102351cf78a01ab.js HTTP/1.1" 200 15829 "http://162.250.19.7/welding/2023-09-22/Welding%20101%20Part%20III_files/" "Mozilla/5.0 (Linux; Android 7.0;) AppleWebKit/537.36 (KHTML, like Gecko) Mobile Safari/537.36 (compatible; PetalBot;+https://webmaster.petalsearch.com/site/petalbot)"
156.59.198.135 - - [02/Feb/2025:11:31:10 +0000] "GET /welding/Tooliom/2023-05-28-StickWelderMachine195A110_220VDualVoltageMMAWelderTL-195S%E2%80%93Tooliom_files/05c749914ceb6f0e401d50aac1cec636_16d5cc60-542a-4431-970_002.webp HTTP/1.0" 404 0 "" "Mozilla/5.0 (Linux; Android 5.0) AppleWebKit/537.36 (KHTML, like Gecko) Mobile Safari/537.36 (compatible; Bytespider; spider-feedback@bytedance.com)"
114.119.151.153 - - [02/Feb/2025:11:33:37 +0000] "GET /welding/2023-09-22/Oxy-Acetylene%20Welding%20101_files/pages-Union-Union-e1bb5a6c249eb0a95226.js HTTP/1.1" 200 7121 "http://162.250.19.7/welding/2023-09-22/Oxy-Acetylene%20Welding%20101_files/" "Mozilla/5.0 (Linux; Android 7.0;) AppleWebKit/537.36 (KHTML, like Gecko) Mobile Safari/537.36 (compatible; PetalBot;+https://webmaster.petalsearch.com/site/petalbot)"
156.59.198.135 - - [02/Feb/2025:11:35:11 +0000] "GET /welding/Tooliom/MIG_Stick_TIGMulti-ProcessWelderTL-135M3in1IGBTDCInverter%E2%80%93Tooliom_files/bca07234b2ae72ae6aa5dd60ff09fa7d_005.avif HTTP/1.0" 404 0 "" "Mozilla/5.0 (Linux; Android 5.0) AppleWebKit/537.36 (KHTML, like Gecko) Mobile Safari/537.36 (compatible; Bytespider; spider-feedback@bytedance.com)"
114.119.139.123 - - [02/Feb/2025:11:38:10 +0000] "GET /welding/2023-09-22/Oxy-Acetylene%20Welding%20101_files/main-2fbf38b89b51cc74240a.js HTTP/1.1" 200 938691 "http://162.250.19.7/welding/2023-09-22/Oxy-Acetylene%20Welding%20101_files/" "Mozilla/5.0 (Linux; Android 7.0;) AppleWebKit/537.36 (KHTML, like Gecko) Mobile Safari/537.36 (compatible; PetalBot;+https://webmaster.petalsearch.com/site/petalbot)"
156.59.198.136 - - [02/Feb/2025:11:39:11 +0000] "GET /ac0xl/Welding/2023-09-22/Oxy-Acetylene%20Welding%20101_files/container_data_003/f.txt HTTP/1.0" 404 0 "" "Mozilla/5.0 (Linux; Android 5.0) AppleWebKit/537.36 (KHTML, like Gecko) Mobile Safari/537.36 (compatible; Bytespider; spider-feedback@bytedance.com)"
114.119.139.226 - - [02/Feb/2025:11:41:58 +0000] "GET /ac0xl/www/2005-museumarchives/Raw-Data/0-Raw-Data/Grandma.Dumas.scrap.book.2/08.tif HTTP/1.1" 200 992602 "http://162.250.19.7/ac0xl/www/2005-museumarchives/Raw-Data/0-Raw-Data/Grandma.Dumas.scrap.book.2" "Mozilla/5.0 (Linux; Android 7.0;) AppleWebKit/537.36 (KHTML, like Gecko) Mobile Safari/537.36 (compatible; PetalBot;+https://webmaster.petalsearch.com/site/petalbot)"
156.59.198.135 - - [02/Feb/2025:11:43:14 +0000] "GET /videos/USB-HDMI-grabber/2022-02-11-Teardown%20Hacking%20into%20a%20HDMI%20adapter%20-%20EDN_files/adapter_outside_hdmi_end_003.jpg HTTP/1.0" 404 0 "" "Mozilla/5.0 (Linux; Android 5.0) AppleWebKit/537.36 (KHTML, like Gecko) Mobile Safari/537.36 (compatible; Bytespider; spider-feedback@bytedance.com)"
114.119.130.125 - - [02/Feb/2025:11:43:58 +0000] "GET /rome/Judge-Anna-von-Reitz/docs/2021-08-09-search-The%20One%20People's%20Public%20Trust%201776%20at%20DuckDuckGo_files/www_009.ico HTTP/1.1" 200 1793 "http://162.250.19.7/rome/Judge-Anna-von-Reitz/docs/2021-08-09-search-The%20One%20People%27s%20Public%20Trust%201776%20at%20DuckDuckGo_files/" "Mozilla/5.0 (Linux; Android 7.0;) AppleWebKit/537.36 (KHTML, like Gecko) Mobile Safari/537.36 (compatible; PetalBot;+https://webmaster.petalsearch.com/site/petalbot)"
156.59.198.136 - - [02/Feb/2025:11:47:14 +0000] "GET /ac0xl/Welding/Miller/MIG%20and%20Flux%20Cored%20Welding%20on%20the%20Farm%20_%20MillerWelds_files/f.txt HTTP/1.0" 404 0 "" "Mozilla/5.0 (Linux; Android 5.0) AppleWebKit/537.36 (KHTML, like Gecko) Mobile Safari/537.36 (compatible; Bytespider; spider-feedback@bytedance.com)"
156.59.198.135 - - [02/Feb/2025:11:51:14 +0000] "GET /ac0xl/Welding/2023-09-22/MIG%20Welding%20101_files/prbds2s.txt HTTP/1.0" 404 0 "" "Mozilla/5.0 (Linux; Android 5.0) AppleWebKit/537.36 (KHTML, like Gecko) Mobile Safari/537.36 (compatible; Bytespider; spider-feedback@bytedance.com)"
146.19.24.168 - - [02/Feb/2025:11:51:17 +0000] "GET / HTTP/1.1" 200 25000 "" ""
156.59.198.136 - - [02/Feb/2025:11:55:14 +0000] "GET /ac0xl/Welding/2023-09-22/Welding%20101%20Part%20I_files/f.txt HTTP/1.0" 404 0 "" "Mozilla/5.0 (Linux; Android 5.0) AppleWebKit/537.36 (KHTML, like Gecko) Mobile Safari/537.36 (compatible; Bytespider; spider-feedback@bytedance.com)"
156.59.198.136 - - [02/Feb/2025:11:59:15 +0000] "GET /ac0xl/Welding/Lincoln/WELD-PAK%2090iFC/C1o7cymKFmL-Brochure%20%28PDF%29-.pdf HTTP/1.0" 404 0 "" "Mozilla/5.0 (Linux; Android 5.0) AppleWebKit/537.36 (KHTML, like Gecko) Mobile Safari/537.36 (compatible; Bytespider; spider-feedback@bytedance.com)"
66.249.74.166 - - [02/Feb/2025:12:00:52 +0000] "GET /rome/DavidStraight/It%20is%20written%2C%20My%20house%20is%20the%20house%20of%20prayer.html HTTP/1.1" 200 2667 "" "Mozilla/5.0 (Linux; Android 6.0.1; Nexus 5X Build/MMB29P) AppleWebKit/537.36 (KHTML, like Gecko) Chrome/132.0.6834.159 Mobile Safari/537.36 (compatible; Googlebot/2.1; +http://www.google.com/bot.html)"
13.214.53.161 - - [02/Feb/2025:12:00:52 +0000] "GET /ac0xl/www/2001-ArchHunterBooks/SJSlides/10strans.jpg HTTP/1.1" 200 3230 "" "Mozilla/5.0 (Windows NT 10.0; Win64; x64) AppleWebKit/537.36 (KHTML, like Gecko) Chrome/58.0.3029.110 Safari/537.36"
13.228.83.96 - - [02/Feb/2025:12:03:00 +0000] "GET /welding/Forney/2018-04-01-Forney%20Easy%20Weld%2020%20P%20Plasma%20Cutter%20%20%20Forney%20Industries_files/GetImage_006.jpg HTTP/1.1" 200 5678 "" "Mozilla/5.0 (Windows NT 10.0; WOW64; Trident/7.0; AS; rv:11.0) like Gecko"
156.59.198.135 - - [02/Feb/2025:12:03:15 +0000] "GET /ac0xl/Welding/ESAB/0463%20407%20001%20US.pdf HTTP/1.0" 404 0 "" "Mozilla/5.0 (Linux; Android 5.0) AppleWebKit/537.36 (KHTML, like Gecko) Mobile Safari/537.36 (compatible; Bytespider; spider-feedback@bytedance.com)"
114.119.139.226 - - [02/Feb/2025:12:03:48 +0000] "GET /welding/2023-09-22/Oxy-Acetylene%20Welding%20101_files/js_002.js HTTP/1.1" 200 258147 "http://162.250.19.7/welding/2023-09-22/Oxy-Acetylene%20Welding%20101_files/" "Mozilla/5.0 (Linux; Android 7.0;) AppleWebKit/537.36 (KHTML, like Gecko) Mobile Safari/537.36 (compatible; PetalBot;+https://webmaster.petalsearch.com/site/petalbot)"
47.128.53.69 - - [02/Feb/2025:12:07:15 +0000] "GET /freedom/freedom-2022-05-20/HTML%20Sampler_files/ads_data/si.html HTTP/1.1" 200 107 "" "Mozilla/5.0 (Linux; Android 5.0) AppleWebKit/537.36 (KHTML, like Gecko) Mobile Safari/537.36 (compatible; Bytespider; spider-feedback@bytedance.com)"
156.59.198.135 - - [02/Feb/2025:12:11:15 +0000] "GET /images/2020/12/06/active-cases-bolivia.png HTTP/1.0" 404 0 "" "Mozilla/5.0 (Linux; Android 5.0) AppleWebKit/537.36 (KHTML, like Gecko) Mobile Safari/537.36 (compatible; Bytespider; spider-feedback@bytedance.com)"
36.110.131.175 - - [02/Feb/2025:12:12:15 +0000] "GET /rome/How%20the%20Cabal%20Maintains%20Their%20Power%20And%20What%20You%20Need%20To%20Do%20To%20Stop%20It%20-%20Un-Consent%20%7C%20Beyond%20BRICS%20Exposing%20the%20Rats%20-%20Stillness%20in%20the%20St HTTP/1.1" 200 14715 "" "Mozilla/5.0 (Windows NT 6.1; WOW64; rv:54.0) Gecko/20100101 Firefox/54.0"
156.59.198.135 - - [02/Feb/2025:12:15:15 +0000] "GET /freedom/freedom-2022-02-06/Acme.com/HTMLSampler_files/aframe_data/sodar.html HTTP/1.0" 404 0 "" "Mozilla/5.0 (Linux; Android 5.0) AppleWebKit/537.36 (KHTML, like Gecko) Mobile Safari/537.36 (compatible; Bytespider; spider-feedback@bytedance.com)"
109.236.61.82 - - [02/Feb/2025:12:17:43 +0000] "GET / HTTP/1.1" 200 25000 "" "curl/7.68.0"
109.236.61.81 - - [02/Feb/2025:12:17:44 +0000] "GET / HTTP/1.1" 200 25000 "" "curl/7.68.0"
114.119.130.125 - - [02/Feb/2025:12:18:01 +0000] "GET /welding/Forney/2018-04-01-Forney%20Easy%20Weld%20100%20ST%20Stick%20Machine%20%20%20Forney%20Industries_files/ecommerce.js HTTP/1.1" 200 1403 "http://162.250.19.7/welding/Forney/2018-04-01-Forney%20Easy%20Weld%20100%20ST%20Stick%20Machine%20%20%20Forney%20Industries_files/" "Mozilla/5.0 (Linux; Android 7.0;) AppleWebKit/537.36 (KHTML, like Gecko) Mobile Safari/537.36 (compatible; PetalBot;+https://webmaster.petalsearch.com/site/petalbot)"
109.236.61.82 - - [02/Feb/2025:12:18:14 +0000] "GET / HTTP/1.1" 200 25000 "" "curl/7.68.0"
156.59.198.135 - - [02/Feb/2025:12:19:16 +0000] "GET /ac0xl/Basiago-Andrew/DARPA%20-%20PROJECT%20PEGASUS_files/250_DEAN_MARS_BASE.jpg HTTP/1.0" 404 0 "" "Mozilla/5.0 (Linux; Android 5.0) AppleWebKit/537.36 (KHTML, like Gecko) Mobile Safari/537.36 (compatible; Bytespider; spider-feedback@bytedance.com)"
114.119.130.125 - - [02/Feb/2025:12:20:28 +0000] "GET /downloads/g2churchbooks.org/2024-05-09-Prayer%20of%20the%20Sinner.pdf HTTP/1.1" 200 1034078 "http://162.250.19.7/downloads/g2churchbooks.org/" "Mozilla/5.0 (Linux; Android 7.0;) AppleWebKit/537.36 (KHTML, like Gecko) Mobile Safari/537.36 (compatible; PetalBot;+https://webmaster.petalsearch.com/site/petalbot)"
114.119.151.133 - - [02/Feb/2025:12:22:07 +0000] "GET /features/55-56-ford-spotters-guide-december-1996-982-1597-116-1/ HTTP/1.1" 404 0 "http://162.250.19.7/welding/2023-09-22/MIG%20Welding%20101.html" "Mozilla/5.0 (Linux; Android 7.0;) AppleWebKit/537.36 (KHTML, like Gecko) Mobile Safari/537.36 (compatible; PetalBot;+https://webmaster.petalsearch.com/site/petalbot)"
156.59.198.136 - - [02/Feb/2025:12:23:17 +0000] "GET /ac0xl/Welding/2023-09-22/Fab%20101%20-%20TIG%20Welding_files/usersync_data_002/user_sync_data/SPug_002.txt HTTP/1.0" 404 0 "" "Mozilla/5.0 (Linux; Android 5.0) AppleWebKit/537.36 (KHTML, like Gecko) Mobile Safari/537.36 (compatible; Bytespider; spider-feedback@bytedance.com)"
156.59.198.136 - - [02/Feb/2025:12:27:18 +0000] "GET /ac0xl/Welding/2023-09-22/Guide%20to%20Industrial%20Aluminum%20Welding%20%e2%80%94%20Beyond%20the%20Basics%20MillerWelds_files/f_003.txt HTTP/1.0" 404 0 "" "Mozilla/5.0 (Linux; Android 5.0) AppleWebKit/537.36 (KHTML, like Gecko) Mobile Safari/537.36 (compatible; Bytespider; spider-feedback@bytedance.com)"
156.59.198.136 - - [02/Feb/2025:12:31:18 +0000] "GET /ac0xl/Welding/2023-09-22/Welding%20101%20Part%20I_files/container_data_003/index_data/f.txt HTTP/1.0" 404 0 "" "Mozilla/5.0 (Linux; Android 5.0) AppleWebKit/537.36 (KHTML, like Gecko) Mobile Safari/537.36 (compatible; Bytespider; spider-feedback@bytedance.com)"
114.119.151.153 - - [02/Feb/2025:12:31:28 +0000] "GET /ac0xl/www/2005-museumarchives/Raw-Data/0-Raw-Data/Sylvia.Harris.Ekker/unknown,%202%20females,%201%20male.tif HTTP/1.1" 200 772022 "http://162.250.19.7/ac0xl/www/2005-museumarchives/Raw-Data/0-Raw-Data/Sylvia.Harris.Ekker" "Mozilla/5.0 (Linux; Android 7.0;) AppleWebKit/537.36 (KHTML, like Gecko) Mobile Safari/537.36 (compatible; PetalBot;+https://webmaster.petalsearch.com/site/petalbot)"
36.110.131.223 - - [02/Feb/2025:12:34:33 +0000] "GET /ac0xl/www/2009-GreenRiver.UT/greenriverutah.com/images/melon%20days%2008/melon.jpg HTTP/1.1" 200 14756 "" "Mozilla/5.0 (Windows NT 6.1; WOW64; rv:54.0) Gecko/20100101 Firefox/54.0"
47.128.18.99 - - [02/Feb/2025:12:35:52 +0000] "GET /freedom/freedom/vhost-DN-test/a0/test HTTP/1.1" 200 0 "" "Mozilla/5.0 (Linux; Android 5.0) AppleWebKit/537.36 (KHTML, like Gecko) Mobile Safari/537.36 (compatible; Bytespider; spider-feedback@bytedance.com)"
185.224.128.89 - - [02/Feb/2025:12:37:16 +0000] "GET / HTTP/1.1" 200 25000 "" "Mozilla/5.0 (Windows NT 10.0; Win64; x64) AppleWebKit/537.36 (KHTML, like Gecko) Chrome/90.0.4430.85 Safari/537.36 Edg/90.0.818.46"
156.59.198.136 - - [02/Feb/2025:12:39:52 +0000] "GET /ac0xl/Color-of-Law/paper/Title%2018%20U.S.C.%20%20Section%20242.doc HTTP/1.0" 200 22016 "" "Mozilla/5.0 (Linux; Android 5.0) AppleWebKit/537.36 (KHTML, like Gecko) Mobile Safari/537.36 (compatible; Bytespider; spider-feedback@bytedance.com)"
66.249.66.82 - - [02/Feb/2025:12:44:54 +0000] "GET /ac0xl/DavidStraight/It%20is%20written%2C%20My%20house%20is%20the%20house%20of%20prayer.html?fbclid=IwAR2v_9EPxVRNc9XJj9VnzU0bR9NoH8yA1q5vjR1qWcFE-iTLaKkZpeYlocc HTTP/1.1" 200 2667 "" "Mozilla/5.0 (Linux; Android 6.0.1; Nexus 5X Build/MMB29P) AppleWebKit/537.36 (KHTML, like Gecko) Chrome/132.0.6834.159 Mobile Safari/537.36 (compatible; Googlebot/2.1; +http://www.google.com/bot.html)"
156.59.198.135 - - [02/Feb/2025:12:51:12 +0000] "GET /ac0xl/Welding/Lincoln/WELD-PAK%2090iFC/81b9wAL4YbL-Safety%20Information%20%28PDF%29-.pdf HTTP/1.0" 404 0 "" "Mozilla/5.0 (Linux; Android 5.0) AppleWebKit/537.36 (KHTML, like Gecko) Mobile Safari/537.36 (compatible; Bytespider; spider-feedback@bytedance.com)"
114.119.147.73 - - [02/Feb/2025:12:56:53 +0000] "GET /va/2024-07-03--C-29-112-367--VBA-21-4138-ARE.pdf HTTP/1.1" 200 1021304 "http://162.250.19.7/va" "Mozilla/5.0 (Linux; Android 7.0;) AppleWebKit/537.36 (KHTML, like Gecko) Mobile Safari/537.36 (compatible; PetalBot;+https://webmaster.petalsearch.com/site/petalbot)" datelog, thttpd pid = PID TTY TIME CMD 943 ? 00:01:50 thttpd Sun Feb 2 06:07:35 AM MST 2025 06:07:35 up 4:08, 3 users, load average: 0.01, 0.05, 0.02 USER TTY FROM LOGIN@ IDLE JCPU PCPU WHAT pi tty1 - 01:45 4:50m 0.07s 0.05s -bash pi tty7 :0 01:45 4:50m 1:43 0.30s /usr/bin/lxsession -s LXDE-pi -e LXDE pi pts/1 - 06:07 0.00s 0.04s 0.02s sudo datelog
66.249.66.81 - - [02/Feb/2025:13:07:54 +0000] "GET /welding/2023-09-22/MIG%20Welding%20Setting%20the%20Correct%20Parameters%20MillerWelds.html HTTP/1.1" 200 318340 "" "Mozilla/5.0 (Linux; Android 6.0.1; Nexus 5X Build/MMB29P) AppleWebKit/537.36 (KHTML, like Gecko) Chrome/132.0.6834.159 Mobile Safari/537.36 (compatible; Googlebot/2.1; +http://www.google.com/bot.html)"
66.249.66.81 - - [02/Feb/2025:13:10:07 +0000] "GET /welding/2023-09-22/MIG%20Welding%20Setting%20the%20Correct%20Parameters%20MillerWelds_files/ui.engine.js HTTP/1.1" 200 987197 "http://162.250.19.7/welding/2023-09-22/MIG%20Welding%20Setting%20the%20Correct%20Parameters%20MillerWelds.html" "Mozilla/5.0 (Linux; Android 6.0.1; Nexus 5X Build/MMB29P) AppleWebKit/537.36 (KHTML, like Gecko) Chrome/131.0.6778.264 Mobile Safari/537.36 (compatible; Googlebot/2.1; +http://www.google.com/bot.html)"
66.249.66.80 - - [02/Feb/2025:13:10:08 +0000] "GET /welding/2023-09-22/MIG%20Welding%20Setting%20the%20Correct%20Parameters%20MillerWelds_files/generic-products.css HTTP/1.1" 200 3013 "http://162.250.19.7/welding/2023-09-22/MIG%20Welding%20Setting%20the%20Correct%20Parameters%20MillerWelds.html" "Mozilla/5.0 (Linux; Android 6.0.1; Nexus 5X Build/MMB29P) AppleWebKit/537.36 (KHTML, like Gecko) Chrome/131.0.6778.264 Mobile Safari/537.36 (compatible; Googlebot/2.1; +http://www.google.com/bot.html)"
66.249.66.82 - - [02/Feb/2025:13:10:08 +0000] "GET /welding/2023-09-22/MIG%20Welding%20Setting%20the%20Correct%20Parameters%20MillerWelds_files/power-reviews-general.css HTTP/1.1" 200 6038 "http://162.250.19.7/welding/2023-09-22/MIG%20Welding%20Setting%20the%20Correct%20Parameters%20MillerWelds.html" "Mozilla/5.0 (Linux; Android 6.0.1; Nexus 5X Build/MMB29P) AppleWebKit/537.36 (KHTML, like Gecko) Chrome/131.0.6778.264 Mobile Safari/537.36 (compatible; Googlebot/2.1; +http://www.google.com/bot.html)"
66.249.66.81 - - [02/Feb/2025:13:10:09 +0000] "GET /welding/2023-09-22/MIG%20Welding%20Setting%20the%20Correct%20Parameters%20MillerWelds_files/ActivityServer.html HTTP/1.1" 200 1140 "http://162.250.19.7/welding/2023-09-22/MIG%20Welding%20Setting%20the%20Correct%20Parameters%20MillerWelds.html" "Mozilla/5.0 (Linux; Android 6.0.1; Nexus 5X Build/MMB29P) AppleWebKit/537.36 (KHTML, like Gecko) Chrome/131.0.6778.264 Mobile Safari/537.36 (compatible; Googlebot/2.1; +http://www.google.com/bot.html)"
66.249.66.81 - - [02/Feb/2025:13:10:10 +0000] "GET /welding/2023-09-22/MIG%20Welding%20Setting%20the%20Correct%20Parameters%20MillerWelds_files/article.css HTTP/1.1" 200 7457 "http://162.250.19.7/welding/2023-09-22/MIG%20Welding%20Setting%20the%20Correct%20Parameters%20MillerWelds.html" "Mozilla/5.0 (Linux; Android 6.0.1; Nexus 5X Build/MMB29P) AppleWebKit/537.36 (KHTML, like Gecko) Chrome/131.0.6778.264 Mobile Safari/537.36 (compatible; Googlebot/2.1; +http://www.google.com/bot.html)"
66.249.66.81 - - [02/Feb/2025:13:10:11 +0000] "GET /welding/2023-09-22/MIG%20Welding%20Setting%20the%20Correct%20Parameters%20MillerWelds_files/iframeResizer.min.js HTTP/1.1" 200 14114 "http://162.250.19.7/welding/2023-09-22/MIG%20Welding%20Setting%20the%20Correct%20Parameters%20MillerWelds.html" "Mozilla/5.0 (Linux; Android 6.0.1; Nexus 5X Build/MMB29P) AppleWebKit/537.36 (KHTML, like Gecko) Chrome/131.0.6778.264 Mobile Safari/537.36 (compatible; Googlebot/2.1; +http://www.google.com/bot.html)"
66.249.66.81 - - [02/Feb/2025:13:10:11 +0000] "GET /welding/2023-09-22/MIG%20Welding%20Setting%20the%20Correct%20Parameters%20MillerWelds_files/generic-miller-slider.css HTTP/1.1" 200 2368 "http://162.250.19.7/welding/2023-09-22/MIG%20Welding%20Setting%20the%20Correct%20Parameters%20MillerWelds.html" "Mozilla/5.0 (Linux; Android 6.0.1; Nexus 5X Build/MMB29P) AppleWebKit/537.36 (KHTML, like Gecko) Chrome/131.0.6778.264 Mobile Safari/537.36 (compatible; Googlebot/2.1; +http://www.google.com/bot.html)"
66.249.66.80 - - [02/Feb/2025:13:10:12 +0000] "GET /welding/2023-09-22/MIG%20Welding%20Setting%20the%20Correct%20Parameters%20MillerWelds_files/identify_7dd78.js HTTP/1.1" 200 137067 "http://162.250.19.7/welding/2023-09-22/MIG%20Welding%20Setting%20the%20Correct%20Parameters%20MillerWelds.html" "Mozilla/5.0 (Linux; Android 6.0.1; Nexus 5X Build/MMB29P) AppleWebKit/537.36 (KHTML, like Gecko) Chrome/131.0.6778.264 Mobile Safari/537.36 (compatible; Googlebot/2.1; +http://www.google.com/bot.html)"
66.249.66.80 - - [02/Feb/2025:13:10:13 +0000] "GET /welding/2023-09-22/MIG%20Welding%20Setting%20the%20Correct%20Parameters%20MillerWelds_files/styles.css HTTP/1.1" 200 436145 "http://162.250.19.7/welding/2023-09-22/MIG%20Welding%20Setting%20the%20Correct%20Parameters%20MillerWelds.html" "Mozilla/5.0 (Linux; Android 6.0.1; Nexus 5X Build/MMB29P) AppleWebKit/537.36 (KHTML, like Gecko) Chrome/131.0.6778.264 Mobile Safari/537.36 (compatible; Googlebot/2.1; +http://www.google.com/bot.html)"
66.249.66.80 - - [02/Feb/2025:13:10:14 +0000] "GET /welding/2023-09-22/MIG%20Welding%20Setting%20the%20Correct%20Parameters%20MillerWelds_files/generic-content.css HTTP/1.1" 200 42425 "http://162.250.19.7/welding/2023-09-22/MIG%20Welding%20Setting%20the%20Correct%20Parameters%20MillerWelds.html" "Mozilla/5.0 (Linux; Android 6.0.1; Nexus 5X Build/MMB29P) AppleWebKit/537.36 (KHTML, like Gecko) Chrome/131.0.6778.264 Mobile Safari/537.36 (compatible; Googlebot/2.1; +http://www.google.com/bot.html)"
66.249.66.80 - - [02/Feb/2025:13:10:15 +0000] "GET /welding/2023-09-22/MIG%20Welding%20Setting%20the%20Correct%20Parameters%20MillerWelds_files/livehelpnow-override.css HTTP/1.1" 200 337 "http://162.250.19.7/welding/2023-09-22/MIG%20Welding%20Setting%20the%20Correct%20Parameters%20MillerWelds.html" "Mozilla/5.0 (Linux; Android 6.0.1; Nexus 5X Build/MMB29P) AppleWebKit/537.36 (KHTML, like Gecko) Chrome/131.0.6778.264 Mobile Safari/537.36 (compatible; Googlebot/2.1; +http://www.google.com/bot.html)"
66.249.66.81 - - [02/Feb/2025:13:10:16 +0000] "GET /welding/2023-09-22/MIG%20Welding%20Setting%20the%20Correct%20Parameters%20MillerWelds_files/3a91c7aa-ab8e-46eb-8411-a34af5522248.css HTTP/1.1" 200 7418 "http://162.250.19.7/welding/2023-09-22/MIG%20Welding%20Setting%20the%20Correct%20Parameters%20MillerWelds.html" "Mozilla/5.0 (Linux; Android 6.0.1; Nexus 5X Build/MMB29P) AppleWebKit/537.36 (KHTML, like Gecko) Chrome/131.0.6778.264 Mobile Safari/537.36 (compatible; Googlebot/2.1; +http://www.google.com/bot.html)"
66.249.66.80 - - [02/Feb/2025:13:10:17 +0000] "GET /welding/2023-09-22/MIG%20Welding%20Setting%20the%20Correct%20Parameters%20MillerWelds_files/improved-generic-slider.css HTTP/1.1" 200 2431 "http://162.250.19.7/welding/2023-09-22/MIG%20Welding%20Setting%20the%20Correct%20Parameters%20MillerWelds.html" "Mozilla/5.0 (Linux; Android 6.0.1; Nexus 5X Build/MMB29P) AppleWebKit/537.36 (KHTML, like Gecko) Chrome/131.0.6778.264 Mobile Safari/537.36 (compatible; Googlebot/2.1; +http://www.google.com/bot.html)"
66.249.66.81 - - [02/Feb/2025:13:10:17 +0000] "GET /welding/2023-09-22/MIG%20Welding%20Setting%20the%20Correct%20Parameters%20MillerWelds_files/Miller_Logo.svg HTTP/1.1" 200 2381 "http://162.250.19.7/welding/2023-09-22/MIG%20Welding%20Setting%20the%20Correct%20Parameters%20MillerWelds.html" "Mozilla/5.0 (Linux; Android 6.0.1; Nexus 5X Build/MMB29P) AppleWebKit/537.36 (KHTML, like Gecko) Chrome/131.0.6778.264 Mobile Safari/537.36 (compatible; Googlebot/2.1; +http://www.google.com/bot.html)"
66.249.66.80 - - [02/Feb/2025:13:10:18 +0000] "GET /welding/2023-09-22/MIG%20Welding%20Setting%20the%20Correct%20Parameters%20MillerWelds_files/main.css HTTP/1.1" 200 135375 "http://162.250.19.7/welding/2023-09-22/MIG%20Welding%20Setting%20the%20Correct%20Parameters%20MillerWelds.html" "Mozilla/5.0 (Linux; Android 6.0.1; Nexus 5X Build/MMB29P) AppleWebKit/537.36 (KHTML, like Gecko) Chrome/131.0.6778.264 Mobile Safari/537.36 (compatible; Googlebot/2.1; +http://www.google.com/bot.html)"
66.249.66.81 - - [02/Feb/2025:13:10:19 +0000] "GET /t/1.css?apiType=css&projectid=3a91c7aa-ab8e-46eb-8411-a34af5522248 HTTP/1.1" 404 0 "http://162.250.19.7/welding/2023-09-22/MIG%20Welding%20Setting%20the%20Correct%20Parameters%20MillerWelds_files/3a91c7aa-ab8e-46eb-8411-a34af5522248.css" "Mozilla/5.0 (Linux; Android 6.0.1; Nexus 5X Build/MMB29P) AppleWebKit/537.36 (KHTML, like Gecko) Chrome/131.0.6778.264 Mobile Safari/537.36 (compatible; Googlebot/2.1; +http://www.google.com/bot.html)"
66.249.66.81 - - [02/Feb/2025:13:10:20 +0000] "GET /welding/2023-09-22/MIG%20Welding%20Setting%20the%20Correct%20Parameters%20MillerWelds_files/ui.js HTTP/1.1" 200 59714 "http://162.250.19.7/welding/2023-09-22/MIG%20Welding%20Setting%20the%20Correct%20Parameters%20MillerWelds.html" "Mozilla/5.0 (Linux; Android 6.0.1; Nexus 5X Build/MMB29P) AppleWebKit/537.36 (KHTML, like Gecko) Chrome/131.0.6778.264 Mobile Safari/537.36 (compatible; Googlebot/2.1; +http://www.google.com/bot.html)"
66.249.66.81 - - [02/Feb/2025:13:10:21 +0000] "GET /welding/2023-09-22/MIG%20Welding%20Setting%20the%20Correct%20Parameters%20MillerWelds_files/api.js HTTP/1.1" 200 884 "http://162.250.19.7/welding/2023-09-22/MIG%20Welding%20Setting%20the%20Correct%20Parameters%20MillerWelds.html" "Mozilla/5.0 (Linux; Android 6.0.1; Nexus 5X Build/MMB29P) AppleWebKit/537.36 (KHTML, like Gecko) Chrome/131.0.6778.264 Mobile Safari/537.36 (compatible; Googlebot/2.1; +http://www.google.com/bot.html)"
66.249.66.81 - - [02/Feb/2025:13:10:22 +0000] "GET /cassette.axd/script/9fe953aafda9fc1323f4183a3b83af35eeae068d/skins/scripts/lib/jquery.js HTTP/1.1" 404 0 "http://162.250.19.7/welding/2023-09-22/MIG%20Welding%20Setting%20the%20Correct%20Parameters%20MillerWelds.html" "Mozilla/5.0 (Linux; Android 6.0.1; Nexus 5X Build/MMB29P) AppleWebKit/537.36 (KHTML, like Gecko) Chrome/131.0.6778.264 Mobile Safari/537.36 (compatible; Googlebot/2.1; +http://www.google.com/bot.html)"
66.249.66.81 - - [02/Feb/2025:13:10:23 +0000] "GET /welding/2023-09-22/MIG%20Welding%20Setting%20the%20Correct%20Parameters%20MillerWelds_files/f.txt HTTP/1.1" 200 50347 "http://162.250.19.7/welding/2023-09-22/MIG%20Welding%20Setting%20the%20Correct%20Parameters%20MillerWelds.html" "Mozilla/5.0 (Linux; Android 6.0.1; Nexus 5X Build/MMB29P) AppleWebKit/537.36 (KHTML, like Gecko) Chrome/131.0.6778.264 Mobile Safari/537.36 (compatible; Googlebot/2.1; +http://www.google.com/bot.html)"
66.249.66.81 - - [02/Feb/2025:13:10:23 +0000] "GET /welding/2023-09-22/MIG%20Welding%20Setting%20the%20Correct%20Parameters%20MillerWelds_files/jquery.tmpl.min.js HTTP/1.1" 200 6007 "http://162.250.19.7/welding/2023-09-22/MIG%20Welding%20Setting%20the%20Correct%20Parameters%20MillerWelds.html" "Mozilla/5.0 (Linux; Android 6.0.1; Nexus 5X Build/MMB29P) AppleWebKit/537.36 (KHTML, like Gecko) Chrome/131.0.6778.264 Mobile Safari/537.36 (compatible; Googlebot/2.1; +http://www.google.com/bot.html)"
66.249.66.81 - - [02/Feb/2025:13:10:24 +0000] "GET /welding/2023-09-22/MIG%20Welding%20Setting%20the%20Correct%20Parameters%20MillerWelds_files/main HTTP/1.1" 200 118221 "http://162.250.19.7/welding/2023-09-22/MIG%20Welding%20Setting%20the%20Correct%20Parameters%20MillerWelds.html" "Mozilla/5.0 (Linux; Android 6.0.1; Nexus 5X Build/MMB29P) AppleWebKit/537.36 (KHTML, like Gecko) Chrome/131.0.6778.264 Mobile Safari/537.36 (compatible; Googlebot/2.1; +http://www.google.com/bot.html)"
66.249.66.81 - - [02/Feb/2025:13:10:25 +0000] "GET /welding/2023-09-22/MIG%20Welding%20Setting%20the%20Correct%20Parameters%20MillerWelds_files/app HTTP/1.1" 200 138098 "http://162.250.19.7/welding/2023-09-22/MIG%20Welding%20Setting%20the%20Correct%20Parameters%20MillerWelds.html" "Mozilla/5.0 (Linux; Android 6.0.1; Nexus 5X Build/MMB29P) AppleWebKit/537.36 (KHTML, like Gecko) Chrome/131.0.6778.264 Mobile Safari/537.36 (compatible; Googlebot/2.1; +http://www.google.com/bot.html)"
66.249.66.81 - - [02/Feb/2025:13:10:26 +0000] "GET /welding/2023-09-22/MIG%20Welding%20Setting%20the%20Correct%20Parameters%20MillerWelds_files/main_003 HTTP/1.1" 200 21249 "http://162.250.19.7/welding/2023-09-22/MIG%20Welding%20Setting%20the%20Correct%20Parameters%20MillerWelds.html" "Mozilla/5.0 (Linux; Android 6.0.1; Nexus 5X Build/MMB29P) AppleWebKit/537.36 (KHTML, like Gecko) Chrome/131.0.6778.264 Mobile Safari/537.36 (compatible; Googlebot/2.1; +http://www.google.com/bot.html)"
66.249.66.81 - - [02/Feb/2025:13:10:26 +0000] "GET /welding/2023-09-22/MIG%20Welding%20Setting%20the%20Correct%20Parameters%20MillerWelds_files/main_002 HTTP/1.1" 200 92106 "http://162.250.19.7/welding/2023-09-22/MIG%20Welding%20Setting%20the%20Correct%20Parameters%20MillerWelds.html" "Mozilla/5.0 (Linux; Android 6.0.1; Nexus 5X Build/MMB29P) AppleWebKit/537.36 (KHTML, like Gecko) Chrome/131.0.6778.264 Mobile Safari/537.36 (compatible; Googlebot/2.1; +http://www.google.com/bot.html)"
66.249.66.81 - - [02/Feb/2025:13:10:27 +0000] "GET /welding/2023-09-22/MIG%20Welding%20Setting%20the%20Correct%20Parameters%20MillerWelds_files/product.cart_002.js HTTP/1.1" 200 1420 "http://162.250.19.7/welding/2023-09-22/MIG%20Welding%20Setting%20the%20Correct%20Parameters%20MillerWelds.html" "Mozilla/5.0 (Linux; Android 6.0.1; Nexus 5X Build/MMB29P) AppleWebKit/537.36 (KHTML, like Gecko) Chrome/131.0.6778.264 Mobile Safari/537.36 (compatible; Googlebot/2.1; +http://www.google.com/bot.html)"
66.249.66.82 - - [02/Feb/2025:13:10:28 +0000] "GET /welding/2023-09-22/MIG%20Welding%20Setting%20the%20Correct%20Parameters%20MillerWelds_files/product.cart.js HTTP/1.1" 200 1615 "http://162.250.19.7/welding/2023-09-22/MIG%20Welding%20Setting%20the%20Correct%20Parameters%20MillerWelds.html" "Mozilla/5.0 (Linux; Android 6.0.1; Nexus 5X Build/MMB29P) AppleWebKit/537.36 (KHTML, like Gecko) Chrome/131.0.6778.264 Mobile Safari/537.36 (compatible; Googlebot/2.1; +http://www.google.com/bot.html)"
