114.119.156.30 - - [18/Jun/2021:04:45:44 +0000] "GET /ac0xl/Dont-Be-Evil/Hiring%20Practices/Cloud%20Tech%202017%20Diversity%20Intro%20-%20Google%20Slides_files/edit.htm HTTP/1.1" 200 149 "" "Mozilla/5.0 (Linux; Android 7.0;) AppleWebKit/537.36 (KHTML, like Gecko) Mobile Safari/537.36 (compatible; PetalBot;+https://webmaster.petalsearch.com/site/petalbot)"
114.119.129.107 - - [18/Jun/2021:04:46:03 +0000] "GET /ac0xl/www/2003-ArchHunterBooks/images/2025s.jpg HTTP/1.1" 404 0 "" "Mozilla/5.0 (Linux; Android 7.0;) AppleWebKit/537.36 (KHTML, like Gecko) Mobile Safari/537.36 (compatible; PetalBot;+https://webmaster.petalsearch.com/site/petalbot)"
114.119.152.60 - - [18/Jun/2021:04:47:22 +0000] "GET /ac0xl/www/2009-GreenRiver.UT/johnwesleypowell.com/planvisit.html HTTP/1.1" 200 11184 "" "Mozilla/5.0 (Linux; Android 7.0;) AppleWebKit/537.36 (KHTML, like Gecko) Mobile Safari/537.36 (compatible; PetalBot;+https://webmaster.petalsearch.com/site/petalbot)"
114.119.142.186 - - [18/Jun/2021:04:49:08 +0000] "GET /ac0xl/Fifth-master/frac.fiv HTTP/1.1" 200 2530 "" "Mozilla/5.0 (Linux; Android 7.0;) AppleWebKit/537.36 (KHTML, like Gecko) Mobile Safari/537.36 (compatible; PetalBot;+https://webmaster.petalsearch.com/site/petalbot)"
114.119.131.35 - - [18/Jun/2021:04:49:58 +0000] "GET /downloads/2020-09-03-Raspberry-Pi-A-cheat-sheet--TechRepublic_files/a_003.html HTTP/1.1" 200 26806 "" "Mozilla/5.0 (Linux; Android 7.0;) AppleWebKit/537.36 (KHTML, like Gecko) Mobile Safari/537.36 (compatible; PetalBot;+https://webmaster.petalsearch.com/site/petalbot)"
114.119.131.35 - - [18/Jun/2021:04:50:01 +0000] "GET /downloads/2020-09-03-Raspberry-Pi-A-cheat-sheet--TechRepublic_files/a_data_003/ad.js HTTP/1.1" 200 137530 "http://162.250.19.7/downloads/2020-09-03-Raspberry-Pi-A-cheat-sheet--TechRepublic_files/a_003.html" "Mozilla/5.0 (Linux; Android 7.0;) AppleWebKit/537.36 (KHTML, like Gecko) Mobile Safari/537.36 (compatible; PetalBot;+https://webmaster.petalsearch.com/site/petalbot)"
114.119.131.35 - - [18/Jun/2021:04:50:01 +0000] "GET /downloads/2020-09-03-Raspberry-Pi-A-cheat-sheet--TechRepublic_files/a_data_003/main.js HTTP/1.1" 200 178948 "http://162.250.19.7/downloads/2020-09-03-Raspberry-Pi-A-cheat-sheet--TechRepublic_files/a_003.html" "Mozilla/5.0 (Linux; Android 7.0;) AppleWebKit/537.36 (KHTML, like Gecko) Mobile Safari/537.36 (compatible; PetalBot;+https://webmaster.petalsearch.com/site/petalbot)"
114.119.131.35 - - [18/Jun/2021:04:50:01 +0000] "GET /downloads/2020-09-03-Raspberry-Pi-A-cheat-sheet--TechRepublic_files/a_data_003/dtc.asc HTTP/1.1" 404 0 "http://162.250.19.7/downloads/2020-09-03-Raspberry-Pi-A-cheat-sheet--TechRepublic_files/a_003.html" "Mozilla/5.0 (Linux; Android 7.0;) AppleWebKit/537.36 (KHTML, like Gecko) Mobile Safari/537.36 (compatible; PetalBot;+https://webmaster.petalsearch.com/site/petalbot)"
114.119.131.35 - - [18/Jun/2021:04:50:02 +0000] "GET /downloads/2020-09-03-Raspberry-Pi-A-cheat-sheet--TechRepublic_files/a_data_003/skeleton_002.js HTTP/1.1" 200 17 "http://162.250.19.7/downloads/2020-09-03-Raspberry-Pi-A-cheat-sheet--TechRepublic_files/a_003.html" "Mozilla/5.0 (Linux; Android 7.0;) AppleWebKit/537.36 (KHTML, like Gecko) Mobile Safari/537.36 (compatible; PetalBot;+https://webmaster.petalsearch.com/site/petalbot)"
114.119.131.35 - - [18/Jun/2021:04:50:02 +0000] "GET /downloads/2020-09-03-Raspberry-Pi-A-cheat-sheet--TechRepublic_files/a_data_003/skeleton.js HTTP/1.1" 200 46305 "http://162.250.19.7/downloads/2020-09-03-Raspberry-Pi-A-cheat-sheet--TechRepublic_files/a_003.html" "Mozilla/5.0 (Linux; Android 7.0;) AppleWebKit/537.36 (KHTML, like Gecko) Mobile Safari/537.36 (compatible; PetalBot;+https://webmaster.petalsearch.com/site/petalbot)"
114.119.131.35 - - [18/Jun/2021:04:50:02 +0000] "GET /downloads/2020-09-03-Raspberry-Pi-A-cheat-sheet--TechRepublic_files/a_data_003/cbsi_ads_skyboxKit.js HTTP/1.1" 200 11597 "http://162.250.19.7/downloads/2020-09-03-Raspberry-Pi-A-cheat-sheet--TechRepublic_files/a_003.html" "Mozilla/5.0 (Linux; Android 7.0;) AppleWebKit/537.36 (KHTML, like Gecko) Mobile Safari/537.36 (compatible; PetalBot;+https://webmaster.petalsearch.com/site/petalbot)"
114.119.131.35 - - [18/Jun/2021:04:50:03 +0000] "GET /downloads/2020-09-03-Raspberry-Pi-A-cheat-sheet--TechRepublic_files/a_data_010/osd_listener.js HTTP/1.1" 200 76021 "http://162.250.19.7/downloads/2020-09-03-Raspberry-Pi-A-cheat-sheet--TechRepublic_files/a_003.html" "Mozilla/5.0 (Linux; Android 7.0;) AppleWebKit/537.36 (KHTML, like Gecko) Mobile Safari/537.36 (compatible; PetalBot;+https://webmaster.petalsearch.com/site/petalbot)"
114.119.131.35 - - [18/Jun/2021:04:50:03 +0000] "GET /downloads/2020-09-03-Raspberry-Pi-A-cheat-sheet--TechRepublic_files/a_data_003/dtc.asc HTTP/1.1" 404 0 "http://162.250.19.7/downloads/2020-09-03-Raspberry-Pi-A-cheat-sheet--TechRepublic_files/a_003.html" "Mozilla/5.0 (Linux; Android 7.0;) AppleWebKit/537.36 (KHTML, like Gecko) Mobile Safari/537.36 (compatible; PetalBot;+https://webmaster.petalsearch.com/site/petalbot)"
114.119.131.35 - - [18/Jun/2021:04:50:06 +0000] "GET /downloads/2020-09-03-Raspberry-Pi-A-cheat-sheet--TechRepublic_files/a_data_003/moatad.js HTTP/1.1" 200 329115 "http://162.250.19.7/downloads/2020-09-03-Raspberry-Pi-A-cheat-sheet--TechRepublic_files/a_003.html" "Mozilla/5.0 (Linux; Android 7.0;) AppleWebKit/537.36 (KHTML, like Gecko) Mobile Safari/537.36 (compatible; PetalBot;+https://webmaster.petalsearch.com/site/petalbot)"
114.119.131.35 - - [18/Jun/2021:04:50:07 +0000] "GET /downloads/2020-09-03-Raspberry-Pi-A-cheat-sheet--TechRepublic_files/a_data_003/a_003.html HTTP/1.1" 200 146 "http://162.250.19.7/downloads/2020-09-03-Raspberry-Pi-A-cheat-sheet--TechRepublic_files/a_003.html" "Mozilla/5.0 (Linux; Android 7.0;) AppleWebKit/537.36 (KHTML, like Gecko) Mobile Safari/537.36 (compatible; PetalBot;+https://webmaster.petalsearch.com/site/petalbot)"
114.119.133.42 - - [18/Jun/2021:04:51:29 +0000] "GET /ac0xl/www/2009-GreenRiver.UT/greenriverutah.com/archives/history.html HTTP/1.1" 200 14210 "" "Mozilla/5.0 (Linux; Android 7.0;) AppleWebKit/537.36 (KHTML, like Gecko) Mobile Safari/537.36 (compatible; PetalBot;+https://webmaster.petalsearch.com/site/petalbot)"
114.119.133.42 - - [18/Jun/2021:04:55:39 +0000] "GET /ac0xl/www/slackbook/basic-network-commands-dns.html HTTP/1.1" 200 6838 "" "Mozilla/5.0 (Linux; Android 7.0;) AppleWebKit/537.36 (KHTML, like Gecko) Mobile Safari/537.36 (compatible; PetalBot;+https://webmaster.petalsearch.com/site/petalbot)"
114.119.142.186 - - [18/Jun/2021:04:56:35 +0000] "GET /ac0xl/www/2003-ArchHunterBooks/images/6202s.jpg HTTP/1.1" 404 0 "" "Mozilla/5.0 (Linux; Android 7.0;) AppleWebKit/537.36 (KHTML, like Gecko) Mobile Safari/537.36 (compatible; PetalBot;+https://webmaster.petalsearch.com/site/petalbot)"
114.119.128.20 - - [18/Jun/2021:04:57:53 +0000] "GET /ac0xl/www/slackbook/book.html HTTP/1.1" 200 517269 "" "Mozilla/5.0 (Linux; Android 7.0;) AppleWebKit/537.36 (KHTML, like Gecko) Mobile Safari/537.36 (compatible; PetalBot;+https://webmaster.petalsearch.com/site/petalbot)"
114.119.153.106 - - [18/Jun/2021:04:58:05 +0000] "GET /ac0xl/www/2003-ArchHunterBooks/images/1019s.jpg HTTP/1.1" 404 0 "" "Mozilla/5.0 (Linux; Android 7.0;) AppleWebKit/537.36 (KHTML, like Gecko) Mobile Safari/537.36 (compatible; PetalBot;+https://webmaster.petalsearch.com/site/petalbot)"
114.119.140.172 - - [18/Jun/2021:05:00:33 +0000] "GET /downloads/2020-09-03-Raspberry-Pi-A-cheat-sheet--TechRepublic_files/a_data_010/gpt.js HTTP/1.1" 200 56124 "" "Mozilla/5.0 (Linux; Android 7.0;) AppleWebKit/537.36 (KHTML, like Gecko) Mobile Safari/537.36 (compatible; PetalBot;+https://webmaster.petalsearch.com/site/petalbot)"
114.119.128.20 - - [18/Jun/2021:05:00:45 +0000] "GET /ac0xl/www/slackbook/vi-configuration.html HTTP/1.1" 200 4292 "" "Mozilla/5.0 (Linux; Android 7.0;) AppleWebKit/537.36 (KHTML, like Gecko) Mobile Safari/537.36 (compatible; PetalBot;+https://webmaster.petalsearch.com/site/petalbot)"
114.119.138.178 - - [18/Jun/2021:05:02:16 +0000] "GET /ac0xl/logs/2019.09.06 HTTP/1.1" 200 57988 "" "Mozilla/5.0 (Linux; Android 7.0;) AppleWebKit/537.36 (KHTML, like Gecko) Mobile Safari/537.36 (compatible; PetalBot;+https://webmaster.petalsearch.com/site/petalbot)"
114.119.152.60 - - [18/Jun/2021:05:03:06 +0000] "GET /ac0xl/www/2005-museumarchives/Raw-Data/0-Raw-Data/Ramsay.mis.file/vera%20larue%20hanks%20weber.rtf HTTP/1.1" 200 1013117 "" "Mozilla/5.0 (Linux; Android 7.0;) AppleWebKit/537.36 (KHTML, like Gecko) Mobile Safari/537.36 (compatible; PetalBot;+https://webmaster.petalsearch.com/site/petalbot)"
114.119.152.60 - - [18/Jun/2021:05:03:31 +0000] "GET /downloads/2020-09-03-Raspberry-Pi-A-cheat-sheet--TechRepublic_files/osd.js HTTP/1.1" 200 73413 "" "Mozilla/5.0 (Linux; Android 7.0;) AppleWebKit/537.36 (KHTML, like Gecko) Mobile Safari/537.36 (compatible; PetalBot;+https://webmaster.petalsearch.com/site/petalbot)"
114.119.133.42 - - [18/Jun/2021:05:04:55 +0000] "GET /ac0xl/www/2005-museumarchives/Raw-Data/0-Raw-Data/Museum.pics/ HTTP/1.1" 200 25000 "" "Mozilla/5.0 (Linux; Android 7.0;) AppleWebKit/537.36 (KHTML, like Gecko) Mobile Safari/537.36 (compatible; PetalBot;+https://webmaster.petalsearch.com/site/petalbot)"
114.119.156.247 - - [18/Jun/2021:05:06:14 +0000] "GET /delinquent-accounts/I-Camp-RV-Park-Campground-Green-River-Utah-84525/www-2020-02-18.prn HTTP/1.1" 200 4155 "" "Mozilla/5.0 (Linux; Android 7.0;) AppleWebKit/537.36 (KHTML, like Gecko) Mobile Safari/537.36 (compatible; PetalBot;+https://webmaster.petalsearch.com/site/petalbot)"
114.119.138.178 - - [18/Jun/2021:05:07:34 +0000] "GET /ac0xl/www/2003-ArchHunterBooks/images/6216s.jpg HTTP/1.1" 404 0 "" "Mozilla/5.0 (Linux; Android 7.0;) AppleWebKit/537.36 (KHTML, like Gecko) Mobile Safari/537.36 (compatible; PetalBot;+https://webmaster.petalsearch.com/site/petalbot)"
162.250.19.7 - - [18/Jun/2021:05:07:44 +0000] "UNKNOWN UNKNOWN" 400 0 "" ""
162.250.19.7 - - [18/Jun/2021:05:07:48 +0000] "GET /videos/2020-07-08-budesonide.txt HTTP/1.1" 200 7912 "http://162.250.19.7/videos/" "Mozilla/5.0 (X11; Ubuntu; Linux aarch64; rv:89.0) Gecko/20100101 Firefox/89.0"
162.250.19.7 - - [18/Jun/2021:05:08:27 +0000] "UNKNOWN UNKNOWN" 400 0 "" ""
162.250.19.7 - - [18/Jun/2021:05:08:31 +0000] "GET /videos/New-York-Undercover-Nurse-Confirms-COVID-19-Criminal-Hoax.txt HTTP/1.1" 200 6655 "http://162.250.19.7/videos/" "Mozilla/5.0 (X11; Ubuntu; Linux aarch64; rv:89.0) Gecko/20100101 Firefox/89.0"
162.250.19.7 - - [18/Jun/2021:05:08:46 +0000] "GET /videos/knight-2020-05-20-underground-prisons-guillotines-comments.txt HTTP/1.1" 200 1669 "http://162.250.19.7/videos/" "Mozilla/5.0 (X11; Ubuntu; Linux aarch64; rv:89.0) Gecko/20100101 Firefox/89.0"
162.250.19.7 - - [18/Jun/2021:05:09:03 +0000] "UNKNOWN UNKNOWN" 400 0 "" ""
162.250.19.7 - - [18/Jun/2021:05:09:09 +0000] "UNKNOWN UNKNOWN" 400 0 "" ""
162.250.19.7 - - [18/Jun/2021:05:09:18 +0000] "UNKNOWN UNKNOWN" 400 0 "" ""
114.119.128.20 - - [18/Jun/2021:05:10:20 +0000] "GET /ac0xl/www/2005-museumarchives/Raw-Data/0-Raw-Data/Quilt.Blocks/QUILTBLK.WRI HTTP/1.1" 200 38737 "" "Mozilla/5.0 (Linux; Android 7.0;) AppleWebKit/537.36 (KHTML, like Gecko) Mobile Safari/537.36 (compatible; PetalBot;+https://webmaster.petalsearch.com/site/petalbot)"
114.119.153.106 - - [18/Jun/2021:05:10:50 +0000] "GET /ac0xl/www/slackbook/vi-saving-files.html HTTP/1.1" 200 3698 "" "Mozilla/5.0 (Linux; Android 7.0;) AppleWebKit/537.36 (KHTML, like Gecko) Mobile Safari/537.36 (compatible; PetalBot;+https://webmaster.petalsearch.com/site/petalbot)"
114.119.152.60 - - [18/Jun/2021:05:11:32 +0000] "GET /ac0xl/www/2003-ArchHunterBooks/images/6021sB.jpg HTTP/1.1" 404 0 "" "Mozilla/5.0 (Linux; Android 7.0;) AppleWebKit/537.36 (KHTML, like Gecko) Mobile Safari/537.36 (compatible; PetalBot;+https://webmaster.petalsearch.com/site/petalbot)" datelog, thttpd pid = PID TTY TIME CMD 1089 ? 00:02:10 thttpd Thu Jun 17 11:12:46 PM MDT 2021 23:12:46 up 6:40, 1 user, load average: 0.00, 0.00, 0.00 USER TTY FROM LOGIN@ IDLE JCPU PCPU WHAT frank tty2 tty2 15:53 7:19m 0.19s 0.16s /usr/libexec/gnome-session-binary --systemd --session=ubuntu
114.119.138.178 - - [18/Jun/2021:05:12:50 +0000] "GET /downloads/2020-09-03-Raspberry-Pi-A-cheat-sheet--TechRepublic_files/a_data_003 HTTP/1.1" 302 0 "" "Mozilla/5.0 (Linux; Android 7.0;) AppleWebKit/537.36 (KHTML, like Gecko) Mobile Safari/537.36 (compatible; PetalBot;+https://webmaster.petalsearch.com/site/petalbot)"
114.119.138.178 - - [18/Jun/2021:05:12:50 +0000] "GET /downloads/2020-09-03-Raspberry-Pi-A-cheat-sheet--TechRepublic_files/a_data_003/ HTTP/1.1" 200 25000 "" "Mozilla/5.0 (Linux; Android 7.0;) AppleWebKit/537.36 (KHTML, like Gecko) Mobile Safari/537.36 (compatible; PetalBot;+https://webmaster.petalsearch.com/site/petalbot)"
114.119.142.186 - - [18/Jun/2021:05:15:31 +0000] "GET /ac0xl/www/2005-museumarchives/Charlotte/2005-07-01/1360-index.html HTTP/1.1" 200 3684 "" "Mozilla/5.0 (Linux; Android 7.0;) AppleWebKit/537.36 (KHTML, like Gecko) Mobile Safari/537.36 (compatible; PetalBot;+https://webmaster.petalsearch.com/site/petalbot)"
114.119.142.186 - - [18/Jun/2021:05:15:35 +0000] "GET /rome/DavidStraight/Universal%20Declaration%20of%20Human%20Rights%20-%20United%20Nations_files/ HTTP/1.1" 200 25000 "" "Mozilla/5.0 (Linux; Android 7.0;) AppleWebKit/537.36 (KHTML, like Gecko) Mobile Safari/537.36 (compatible; PetalBot;+https://webmaster.petalsearch.com/site/petalbot)"
114.119.130.14 - - [18/Jun/2021:05:16:51 +0000] "GET /robots.txt HTTP/1.1" 200 27 "" "Mozilla/5.0 (compatible;PetalBot;+https://webmaster.petalsearch.com/site/petalbot)"
114.119.138.178 - - [18/Jun/2021:05:20:10 +0000] "GET /rome/Source%20Docs_files/yui-min.js HTTP/1.1" 200 80045 "" "Mozilla/5.0 (Linux; Android 7.0;) AppleWebKit/537.36 (KHTML, like Gecko) Mobile Safari/537.36 (compatible; PetalBot;+https://webmaster.petalsearch.com/site/petalbot)"
114.119.128.20 - - [18/Jun/2021:05:20:32 +0000] "GET /ac0xl/www/2005-museumarchives/Raw-Data/0-Raw-Data/C.Families HTTP/1.1" 302 0 "" "Mozilla/5.0 (Linux; Android 7.0;) AppleWebKit/537.36 (KHTML, like Gecko) Mobile Safari/537.36 (compatible; PetalBot;+https://webmaster.petalsearch.com/site/petalbot)"
114.119.128.20 - - [18/Jun/2021:05:20:32 +0000] "GET /ac0xl/www/2005-museumarchives/Raw-Data/0-Raw-Data/C.Families/ HTTP/1.1" 200 25000 "" "Mozilla/5.0 (Linux; Android 7.0;) AppleWebKit/537.36 (KHTML, like Gecko) Mobile Safari/537.36 (compatible; PetalBot;+https://webmaster.petalsearch.com/site/petalbot)"
114.119.129.107 - - [18/Jun/2021:05:22:32 +0000] "GET /ac0xl/Dont-Be-Evil/Hiring%20Practices/Cloud%20Tech%202017%20Diversity%20Intro%20-%20Google%20Slides_files/._rsAA2YrTsK2SQTLZFkO44Mgn65i64yYj8mDQ.css HTTP/1.1" 200 4096 "" "Mozilla/5.0 (Linux; Android 7.0;) AppleWebKit/537.36 (KHTML, like Gecko) Mobile Safari/537.36 (compatible; PetalBot;+https://webmaster.petalsearch.com/site/petalbot)"
114.119.145.249 - - [18/Jun/2021:05:23:09 +0000] "GET /downloads/2020-09-03-Raspberry-Pi-A-cheat-sheet--TechRepublic_files/ls.html HTTP/1.1" 200 10564 "" "Mozilla/5.0 (Linux; Android 7.0;) AppleWebKit/537.36 (KHTML, like Gecko) Mobile Safari/537.36 (compatible; PetalBot;+https://webmaster.petalsearch.com/site/petalbot)"
114.119.145.249 - - [18/Jun/2021:05:23:10 +0000] "GET /downloads/2020-09-03-Raspberry-Pi-A-cheat-sheet--TechRepublic_files/ls_data/lz-string-1.js HTTP/1.1" 200 4815 "http://162.250.19.7/downloads/2020-09-03-Raspberry-Pi-A-cheat-sheet--TechRepublic_files/ls.html" "Mozilla/5.0 (Linux; Android 7.0;) AppleWebKit/537.36 (KHTML, like Gecko) Mobile Safari/537.36 (compatible; PetalBot;+https://webmaster.petalsearch.com/site/petalbot)"
114.119.128.20 - - [18/Jun/2021:05:24:54 +0000] "GET /downloads/2020-09-03-Raspberry%20Pi%20A%20cheat%20sheet%20-%20TechRepublic_files/dest5.html HTTP/1.1" 404 0 "" "Mozilla/5.0 (Linux; Android 7.0;) AppleWebKit/537.36 (KHTML, like Gecko) Mobile Safari/537.36 (compatible; PetalBot;+https://webmaster.petalsearch.com/site/petalbot)"
114.119.142.186 - - [18/Jun/2021:05:26:03 +0000] "GET /ac0xl/www/2009-GreenRiver.UT/www.jwprhm.com/planvisit.html HTTP/1.1" 200 11184 "" "Mozilla/5.0 (Linux; Android 7.0;) AppleWebKit/537.36 (KHTML, like Gecko) Mobile Safari/537.36 (compatible; PetalBot;+https://webmaster.petalsearch.com/site/petalbot)"
162.250.19.7 - - [18/Jun/2021:05:26:53 +0000] "UNKNOWN UNKNOWN" 400 0 "" ""
162.250.19.7 - - [18/Jun/2021:05:27:13 +0000] "GET / HTTP/1.1" 200 25000 "" "Mozilla/5.0 (X11; Ubuntu; Linux aarch64; rv:89.0) Gecko/20100101 Firefox/89.0"
162.250.19.7 - - [18/Jun/2021:05:27:49 +0000] "UNKNOWN UNKNOWN" 400 0 "" ""
212.192.241.87 - - [18/Jun/2021:05:28:39 +0000] "POST /cgi-bin/system_mgr.cgi? HTTP/1.1" 400 0 "" "Mozilla/5.0 (X11; Linux x86_64; rv:60.0) Gecko/20100101 Firefox/60.0"
114.119.133.42 - - [18/Jun/2021:05:28:45 +0000] "GET /ac0xl/www/slackbook/security-current.html HTTP/1.1" 200 5421 "" "Mozilla/5.0 (Linux; Android 7.0;) AppleWebKit/537.36 (KHTML, like Gecko) Mobile Safari/537.36 (compatible; PetalBot;+https://webmaster.petalsearch.com/site/petalbot)"
178.216.48.151 - - [18/Jun/2021:05:29:31 +0000] "GET /ac0xl/logs/2020.05.07 HTTP/1.0" 200 11478 "http://162.250.19.7/" "Mozilla/5.0 (Windows NT 6.1) AppleWebKit/537.36 (KHTML, like Gecko) Chrome/44.0.2403.157 UBrowser/5.5.5701.114 Safari/537.36"
114.119.142.186 - - [18/Jun/2021:05:30:01 +0000] "GET /downloads/2020-09-03-Raspberry%20Pi%20A%20cheat%20sheet%20-%20TechRepublic_files/disqus-count-1.js HTTP/1.1" 404 0 "" "Mozilla/5.0 (Linux; Android 7.0;) AppleWebKit/537.36 (KHTML, like Gecko) Mobile Safari/537.36 (compatible; PetalBot;+https://webmaster.petalsearch.com/site/petalbot)"
114.119.129.107 - - [18/Jun/2021:05:30:41 +0000] "GET /ac0xl/www/2005-museumarchives/Charlotte/2005-06-30/1200-index.html HTTP/1.1" 200 2813 "" "Mozilla/5.0 (Linux; Android 7.0;) AppleWebKit/537.36 (KHTML, like Gecko) Mobile Safari/537.36 (compatible; PetalBot;+https://webmaster.petalsearch.com/site/petalbot)"
114.119.156.247 - - [18/Jun/2021:05:31:29 +0000] "GET /ac0xl/www/2005-museumarchives/Charlotte/2005-06-30/1140-index.html HTTP/1.1" 200 3813 "" "Mozilla/5.0 (Linux; Android 7.0;) AppleWebKit/537.36 (KHTML, like Gecko) Mobile Safari/537.36 (compatible; PetalBot;+https://webmaster.petalsearch.com/site/petalbot)"
114.119.153.106 - - [18/Jun/2021:05:34:10 +0000] "GET /downloads/2020-09-03-Raspberry%20Pi%20A%20cheat%20sheet%20-%20TechRepublic_files/a_data_010/a_data_002 HTTP/1.1" 404 0 "" "Mozilla/5.0 (Linux; Android 7.0;) AppleWebKit/537.36 (KHTML, like Gecko) Mobile Safari/537.36 (compatible; PetalBot;+https://webmaster.petalsearch.com/site/petalbot)"
114.119.155.42 - - [18/Jun/2021:05:35:29 +0000] "GET /ac0xl/logs/2019.10.28 HTTP/1.1" 200 61922 "" "Mozilla/5.0 (Linux; Android 7.0;) AppleWebKit/537.36 (KHTML, like Gecko) Mobile Safari/537.36 (compatible; PetalBot;+https://webmaster.petalsearch.com/site/petalbot)"
114.119.152.60 - - [18/Jun/2021:05:35:50 +0000] "GET /ac0xl/www/2009-GreenRiver.UT/johnwesleypowell.com/about_museum.html HTTP/1.1" 200 9357 "" "Mozilla/5.0 (Linux; Android 7.0;) AppleWebKit/537.36 (KHTML, like Gecko) Mobile Safari/537.36 (compatible; PetalBot;+https://webmaster.petalsearch.com/site/petalbot)"
114.119.133.42 - - [18/Jun/2021:05:36:41 +0000] "GET /ac0xl/www/2005-museumarchives/Raw-Data/0-Raw-Data/Building.Survey/ HTTP/1.1" 200 25000 "" "Mozilla/5.0 (Linux; Android 7.0;) AppleWebKit/537.36 (KHTML, like Gecko) Mobile Safari/537.36 (compatible; PetalBot;+https://webmaster.petalsearch.com/site/petalbot)"
192.241.220.120 - - [18/Jun/2021:05:40:05 +0000] "GET / HTTP/1.1" 200 25000 "" "Mozilla/5.0 zgrab/0.x"
114.119.156.247 - - [18/Jun/2021:05:40:53 +0000] "GET /ac0xl/www/2003-ArchHunterBooks/images/6218s.jpg HTTP/1.1" 404 0 "" "Mozilla/5.0 (Linux; Android 7.0;) AppleWebKit/537.36 (KHTML, like Gecko) Mobile Safari/537.36 (compatible; PetalBot;+https://webmaster.petalsearch.com/site/petalbot)"
114.119.155.42 - - [18/Jun/2021:05:41:41 +0000] "GET /ac0xl/www/2005-museumarchives/Charlotte/2005-05-22/0790-index.html HTTP/1.1" 200 3827 "" "Mozilla/5.0 (Linux; Android 7.0;) AppleWebKit/537.36 (KHTML, like Gecko) Mobile Safari/537.36 (compatible; PetalBot;+https://webmaster.petalsearch.com/site/petalbot)"
40.77.167.35 - - [18/Jun/2021:05:41:51 +0000] "GET /delinquent-accounts/I-Camp-RV-Park-Campground-Green-River-Utah-84525/www-2020-07-17.prn HTTP/1.1" 200 4533 "" "Mozilla/5.0 (compatible; bingbot/2.0; +http://www.bing.com/bingbot.htm)"
114.119.133.42 - - [18/Jun/2021:05:42:36 +0000] "GET /ac0xl/www/2009-GreenRiver.UT/johnwesleypowell.com/tusher_canyon.htm HTTP/1.1" 200 4467 "" "Mozilla/5.0 (Linux; Android 7.0;) AppleWebKit/537.36 (KHTML, like Gecko) Mobile Safari/537.36 (compatible; PetalBot;+https://webmaster.petalsearch.com/site/petalbot)"
114.119.129.107 - - [18/Jun/2021:05:42:37 +0000] "GET /ac0xl/www/2005-museumarchives/Raw-Data/0-Raw-Data/Powell-Mary-Recording/ HTTP/1.1" 200 25000 "" "Mozilla/5.0 (Linux; Android 7.0;) AppleWebKit/537.36 (KHTML, like Gecko) Mobile Safari/537.36 (compatible; PetalBot;+https://webmaster.petalsearch.com/site/petalbot)"
114.119.129.107 - - [18/Jun/2021:05:44:09 +0000] "GET /ac0xl/www/2009-GreenRiver.UT/johnwesleypowell.com/areainfo.html HTTP/1.1" 200 6882 "" "Mozilla/5.0 (Linux; Android 7.0;) AppleWebKit/537.36 (KHTML, like Gecko) Mobile Safari/537.36 (compatible; PetalBot;+https://webmaster.petalsearch.com/site/petalbot)"
114.119.153.106 - - [18/Jun/2021:05:44:44 +0000] "GET /ac0xl/www/2003-ArchHunterBooks/images/1025s.jpg HTTP/1.1" 404 0 "" "Mozilla/5.0 (Linux; Android 7.0;) AppleWebKit/537.36 (KHTML, like Gecko) Mobile Safari/537.36 (compatible; PetalBot;+https://webmaster.petalsearch.com/site/petalbot)"
114.119.153.106 - - [18/Jun/2021:05:46:08 +0000] "GET /ac0xl/www/slackbook/network-configuration-hardware.html HTTP/1.1" 200 9336 "" "Mozilla/5.0 (Linux; Android 7.0;) AppleWebKit/537.36 (KHTML, like Gecko) Mobile Safari/537.36 (compatible; PetalBot;+https://webmaster.petalsearch.com/site/petalbot)"
114.119.156.247 - - [18/Jun/2021:05:48:44 +0000] "GET /ac0xl/www/2005-museumarchives/Raw-Data/0-Raw-Data/Pasco.Spatafore HTTP/1.1" 302 0 "" "Mozilla/5.0 (Linux; Android 7.0;) AppleWebKit/537.36 (KHTML, like Gecko) Mobile Safari/537.36 (compatible; PetalBot;+https://webmaster.petalsearch.com/site/petalbot)"
114.119.156.247 - - [18/Jun/2021:05:48:45 +0000] "GET /ac0xl/www/2005-museumarchives/Raw-Data/0-Raw-Data/Pasco.Spatafore/ HTTP/1.1" 200 25000 "" "Mozilla/5.0 (Linux; Android 7.0;) AppleWebKit/537.36 (KHTML, like Gecko) Mobile Safari/537.36 (compatible; PetalBot;+https://webmaster.petalsearch.com/site/petalbot)"
114.119.142.186 - - [18/Jun/2021:05:50:03 +0000] "GET /ac0xl/www/2005-museumarchives/Charlotte/2005-07-13/1540-index.html HTTP/1.1" 200 3676 "" "Mozilla/5.0 (Linux; Android 7.0;) AppleWebKit/537.36 (KHTML, like Gecko) Mobile Safari/537.36 (compatible; PetalBot;+https://webmaster.petalsearch.com/site/petalbot)"
47.94.107.129 - - [18/Jun/2021:05:50:37 +0000] "GET /index.php HTTP/1.1" 404 0 "" "Mozilla/5.0 (Windows NT 6.1; WOW64; rv:18.0) Gecko/20100101 Firefox/18.0"
47.94.107.129 - - [18/Jun/2021:05:50:37 +0000] "GET /phpmyadmin/index.php HTTP/1.1" 404 0 "" "Mozilla/5.0 (Windows NT 6.1; WOW64; rv:18.0) Gecko/20100101 Firefox/18.0"
114.119.138.178 - - [18/Jun/2021:05:50:59 +0000] "GET /ac0xl/www/2005-museumarchives/Raw-Data/0-Raw-Data/Ramsay_1950s HTTP/1.1" 302 0 "" "Mozilla/5.0 (Linux; Android 7.0;) AppleWebKit/537.36 (KHTML, like Gecko) Mobile Safari/537.36 (compatible; PetalBot;+https://webmaster.petalsearch.com/site/petalbot)"
114.119.138.178 - - [18/Jun/2021:05:51:00 +0000] "GET /ac0xl/www/2005-museumarchives/Raw-Data/0-Raw-Data/Ramsay_1950s/ HTTP/1.1" 200 25000 "" "Mozilla/5.0 (Linux; Android 7.0;) AppleWebKit/537.36 (KHTML, like Gecko) Mobile Safari/537.36 (compatible; PetalBot;+https://webmaster.petalsearch.com/site/petalbot)"
114.119.155.42 - - [18/Jun/2021:05:52:56 +0000] "GET /ac0xl/www/2003-ArchHunterBooks/images/1036s.jpg HTTP/1.1" 404 0 "" "Mozilla/5.0 (Linux; Android 7.0;) AppleWebKit/537.36 (KHTML, like Gecko) Mobile Safari/537.36 (compatible; PetalBot;+https://webmaster.petalsearch.com/site/petalbot)"
191.102.182.252 - - [18/Jun/2021:05:54:14 +0000] "GET /ac0xl/logs/2019.11.22 HTTP/1.0" 200 575108 "http://162.250.19.7/" "Mozilla/5.0 (Windows NT 10.0; WOW64) AppleWebKit/537.36 (KHTML, like Gecko) Chrome/67.0.3396.62 Safari/537.36"
114.119.140.172 - - [18/Jun/2021:05:54:58 +0000] "GET /ac0xl/logs/2019.10.21 HTTP/1.1" 200 49151 "" "Mozilla/5.0 (Linux; Android 7.0;) AppleWebKit/537.36 (KHTML, like Gecko) Mobile Safari/537.36 (compatible; PetalBot;+https://webmaster.petalsearch.com/site/petalbot)"
114.119.155.42 - - [18/Jun/2021:05:56:45 +0000] "GET /ac0xl/www/2009-GreenRiver.UT/greenriverutah.com/city_mtg_archives.html HTTP/1.1" 200 7469 "" "Mozilla/5.0 (Linux; Android 7.0;) AppleWebKit/537.36 (KHTML, like Gecko) Mobile Safari/537.36 (compatible; PetalBot;+https://webmaster.petalsearch.com/site/petalbot)"
114.119.142.186 - - [18/Jun/2021:05:57:06 +0000] "GET /ac0xl/www/2005-museumarchives/Raw-Data/0-Raw-Data/Pasco.Spatafore/ HTTP/1.1" 200 25000 "" "Mozilla/5.0 (Linux; Android 7.0;) AppleWebKit/537.36 (KHTML, like Gecko) Mobile Safari/537.36 (compatible; PetalBot;+https://webmaster.petalsearch.com/site/petalbot)"
114.119.153.106 - - [18/Jun/2021:05:57:08 +0000] "GET /ac0xl/millennialmillie.com HTTP/1.1" 302 0 "" "Mozilla/5.0 (Linux; Android 7.0;) AppleWebKit/537.36 (KHTML, like Gecko) Mobile Safari/537.36 (compatible; PetalBot;+https://webmaster.petalsearch.com/site/petalbot)"
114.119.153.106 - - [18/Jun/2021:05:57:08 +0000] "GET /ac0xl/millennialmillie.com/ HTTP/1.1" 200 25000 "" "Mozilla/5.0 (Linux; Android 7.0;) AppleWebKit/537.36 (KHTML, like Gecko) Mobile Safari/537.36 (compatible; PetalBot;+https://webmaster.petalsearch.com/site/petalbot)"
114.119.129.107 - - [18/Jun/2021:05:58:12 +0000] "GET /downloads/2020-09-03-Raspberry-Pi-A-cheat-sheet--TechRepublic_files/a_data_003/moatad.js HTTP/1.1" 200 329115 "" "Mozilla/5.0 (Linux; Android 7.0;) AppleWebKit/537.36 (KHTML, like Gecko) Mobile Safari/537.36 (compatible; PetalBot;+https://webmaster.petalsearch.com/site/petalbot)"
114.119.129.107 - - [18/Jun/2021:05:59:33 +0000] "GET /ac0xl/www/Slack8Book_files/image045.gif HTTP/1.1" 404 0 "" "Mozilla/5.0 (Linux; Android 7.0;) AppleWebKit/537.36 (KHTML, like Gecko) Mobile Safari/537.36 (compatible; PetalBot;+https://webmaster.petalsearch.com/site/petalbot)"
114.119.156.247 - - [18/Jun/2021:06:01:39 +0000] "GET /ac0xl/www/2005-museumarchives/Raw-Data/0-Raw-Data/JW_Powell HTTP/1.1" 302 0 "" "Mozilla/5.0 (Linux; Android 7.0;) AppleWebKit/537.36 (KHTML, like Gecko) Mobile Safari/537.36 (compatible; PetalBot;+https://webmaster.petalsearch.com/site/petalbot)"
114.119.156.247 - - [18/Jun/2021:06:01:39 +0000] "GET /ac0xl/www/2005-museumarchives/Raw-Data/0-Raw-Data/JW_Powell/ HTTP/1.1" 200 25000 "" "Mozilla/5.0 (Linux; Android 7.0;) AppleWebKit/537.36 (KHTML, like Gecko) Mobile Safari/537.36 (compatible; PetalBot;+https://webmaster.petalsearch.com/site/petalbot)"
114.119.156.247 - - [18/Jun/2021:06:02:18 +0000] "GET /delinquent-accounts/I-Camp-RV-Park-Campground-Green-River-Utah-84525/ HTTP/1.1" 200 25000 "" "Mozilla/5.0 (Linux; Android 7.0;) AppleWebKit/537.36 (KHTML, like Gecko) Mobile Safari/537.36 (compatible; PetalBot;+https://webmaster.petalsearch.com/site/petalbot)"
114.119.129.107 - - [18/Jun/2021:06:03:32 +0000] "GET /ac0xl/www/2009-GreenRiver.UT/sterling.webiness.com/codebook HTTP/1.1" 302 0 "" "Mozilla/5.0 (Linux; Android 7.0;) AppleWebKit/537.36 (KHTML, like Gecko) Mobile Safari/537.36 (compatible; PetalBot;+https://webmaster.petalsearch.com/site/petalbot)"
114.119.129.107 - - [18/Jun/2021:06:03:33 +0000] "GET /ac0xl/www/2009-GreenRiver.UT/sterling.webiness.com/codebook/ HTTP/1.1" 200 6537 "" "Mozilla/5.0 (Linux; Android 7.0;) AppleWebKit/537.36 (KHTML, like Gecko) Mobile Safari/537.36 (compatible; PetalBot;+https://webmaster.petalsearch.com/site/petalbot)"
114.119.129.107 - - [18/Jun/2021:06:06:24 +0000] "GET /ac0xl/www/2009-GreenRiver.UT/greenriverutah.com/archives/faq.html HTTP/1.1" 200 6824 "" "Mozilla/5.0 (Linux; Android 7.0;) AppleWebKit/537.36 (KHTML, like Gecko) Mobile Safari/537.36 (compatible; PetalBot;+https://webmaster.petalsearch.com/site/petalbot)"
114.119.133.42 - - [18/Jun/2021:06:07:41 +0000] "GET /ac0xl/Dont-Be-Evil/Hiring%20Practices/go_diversity%20-%20OUR%20STRATEGY_files/rs%3dAGEqA5nDASORt18HfMx_hpfnMcxhFQwutg HTTP/1.1" 200 317588 "" "Mozilla/5.0 (Linux; Android 7.0;) AppleWebKit/537.36 (KHTML, like Gecko) Mobile Safari/537.36 (compatible; PetalBot;+https://webmaster.petalsearch.com/site/petalbot)"
114.119.128.20 - - [18/Jun/2021:06:08:40 +0000] "GET /ac0xl/www/2003-ArchHunterBooks/ HTTP/1.1" 200 4547 "" "Mozilla/5.0 (Linux; Android 7.0;) AppleWebKit/537.36 (KHTML, like Gecko) Mobile Safari/537.36 (compatible; PetalBot;+https://webmaster.petalsearch.com/site/petalbot)"
114.119.138.178 - - [18/Jun/2021:06:11:00 +0000] "GET /freedom/freedom-2021-03-18 HTTP/1.1" 302 0 "" "Mozilla/5.0 (Linux; Android 7.0;) AppleWebKit/537.36 (KHTML, like Gecko) Mobile Safari/537.36 (compatible; PetalBot;+https://webmaster.petalsearch.com/site/petalbot)"
114.119.138.178 - - [18/Jun/2021:06:11:00 +0000] "GET /freedom/freedom-2021-03-18/ HTTP/1.1" 200 25000 "" "Mozilla/5.0 (Linux; Android 7.0;) AppleWebKit/537.36 (KHTML, like Gecko) Mobile Safari/537.36 (compatible; PetalBot;+https://webmaster.petalsearch.com/site/petalbot)"
114.119.128.20 - - [18/Jun/2021:06:12:06 +0000] "GET /ac0xl/Dont-Be-Evil/Hiring%20Practices/Cloud%20Tech%202017%20Diversity%20Intro%20-%20Google%20Slides_files/._rsAA2YrTuGTcWJr4d4uaBSNeEyxpHZ7ZyJYw HTTP/1.1" 200 4096 "" "Mozilla/5.0 (Linux; Android 7.0;) AppleWebKit/537.36 (KHTML, like Gecko) Mobile Safari/537.36 (compatible; PetalBot;+https://webmaster.petalsearch.com/site/petalbot)"
114.119.142.186 - - [18/Jun/2021:06:12:25 +0000] "GET /ac0xl/www/slackbook/network-configuration-tcpip.html HTTP/1.1" 200 14339 "" "Mozilla/5.0 (Linux; Android 7.0;) AppleWebKit/537.36 (KHTML, like Gecko) Mobile Safari/537.36 (compatible; PetalBot;+https://webmaster.petalsearch.com/site/petalbot)"
114.119.129.107 - - [18/Jun/2021:06:15:20 +0000] "GET /downloads/2020-09-03-Raspberry-Pi-A-cheat-sheet--TechRepublic_files/ls_data HTTP/1.1" 302 0 "" "Mozilla/5.0 (Linux; Android 7.0;) AppleWebKit/537.36 (KHTML, like Gecko) Mobile Safari/537.36 (compatible; PetalBot;+https://webmaster.petalsearch.com/site/petalbot)"
114.119.129.107 - - [18/Jun/2021:06:15:21 +0000] "GET /downloads/2020-09-03-Raspberry-Pi-A-cheat-sheet--TechRepublic_files/ls_data/ HTTP/1.1" 200 25000 "" "Mozilla/5.0 (Linux; Android 7.0;) AppleWebKit/537.36 (KHTML, like Gecko) Mobile Safari/537.36 (compatible; PetalBot;+https://webmaster.petalsearch.com/site/petalbot)"
114.119.153.106 - - [18/Jun/2021:06:15:50 +0000] "GET /freedom/freedom HTTP/1.1" 302 0 "" "Mozilla/5.0 (Linux; Android 7.0;) AppleWebKit/537.36 (KHTML, like Gecko) Mobile Safari/537.36 (compatible; PetalBot;+https://webmaster.petalsearch.com/site/petalbot)"
114.119.153.106 - - [18/Jun/2021:06:15:50 +0000] "GET /freedom/freedom/ HTTP/1.1" 200 25000 "" "Mozilla/5.0 (Linux; Android 7.0;) AppleWebKit/537.36 (KHTML, like Gecko) Mobile Safari/537.36 (compatible; PetalBot;+https://webmaster.petalsearch.com/site/petalbot)"
66.249.73.167 - - [18/Jun/2021:06:17:00 +0000] "GET /ac0xl/www/2001-ArchHunterBooks/SJSlides/28strans.jpg HTTP/1.1" 304 0 "" "Googlebot-Image/1.0"
114.119.138.178 - - [18/Jun/2021:06:18:01 +0000] "GET /ac0xl/Dont-Be-Evil/Hiring%20Practices/Cloud%20Tech%202017%20Diversity%20Intro%20-%20Google%20Slides_files/postmessageRelay_data/._rpcshindig_random.js HTTP/1.1" 200 4096 "" "Mozilla/5.0 (Linux; Android 7.0;) AppleWebKit/537.36 (KHTML, like Gecko) Mobile Safari/537.36 (compatible; PetalBot;+https://webmaster.petalsearch.com/site/petalbot)"
114.119.140.172 - - [18/Jun/2021:06:18:23 +0000] "GET /ac0xl/logs/2019.09.03 HTTP/1.1" 200 151117 "" "Mozilla/5.0 (Linux; Android 7.0;) AppleWebKit/537.36 (KHTML, like Gecko) Mobile Safari/537.36 (compatible; PetalBot;+https://webmaster.petalsearch.com/site/petalbot)"
114.119.128.20 - - [18/Jun/2021:06:18:49 +0000] "GET /ac0xl/justiniandeception.wordpress.com/index.html HTTP/1.1" 200 226143 "" "Mozilla/5.0 (Linux; Android 7.0;) AppleWebKit/537.36 (KHTML, like Gecko) Mobile Safari/537.36 (compatible; PetalBot;+https://webmaster.petalsearch.com/site/petalbot)"
114.119.152.60 - - [18/Jun/2021:06:19:37 +0000] "GET /ac0xl/logs/2019.09.13 HTTP/1.1" 200 6475 "" "Mozilla/5.0 (Linux; Android 7.0;) AppleWebKit/537.36 (KHTML, like Gecko) Mobile Safari/537.36 (compatible; PetalBot;+https://webmaster.petalsearch.com/site/petalbot)"
114.119.142.186 - - [18/Jun/2021:06:22:04 +0000] "GET /ac0xl/www/2005-museumarchives/Raw-Data/Georgie_White/ HTTP/1.1" 200 2158 "" "Mozilla/5.0 (Linux; Android 7.0;) AppleWebKit/537.36 (KHTML, like Gecko) Mobile Safari/537.36 (compatible; PetalBot;+https://webmaster.petalsearch.com/site/petalbot)"
114.119.133.42 - - [18/Jun/2021:06:23:45 +0000] "GET /ac0xl/www/2005-museumarchives/Raw-Data/0-Raw-Data/B.Families/ HTTP/1.1" 200 25000 "" "Mozilla/5.0 (Linux; Android 7.0;) AppleWebKit/537.36 (KHTML, like Gecko) Mobile Safari/537.36 (compatible; PetalBot;+https://webmaster.petalsearch.com/site/petalbot)"
114.119.152.60 - - [18/Jun/2021:06:24:23 +0000] "GET /downloads/2020-09-03-Raspberry%20Pi%20A%20cheat%20sheet%20-%20TechRepublic_files/a_data_007 HTTP/1.1" 404 0 "" "Mozilla/5.0 (Linux; Android 7.0;) AppleWebKit/537.36 (KHTML, like Gecko) Mobile Safari/537.36 (compatible; PetalBot;+https://webmaster.petalsearch.com/site/petalbot)"
114.119.156.247 - - [18/Jun/2021:06:26:43 +0000] "GET /ac0xl/DavidStraight/Universal%20Declaration%20of%20Human%20Rights%20-%20United%20Nations_files/logo-en.svg HTTP/1.1" 200 25063 "" "Mozilla/5.0 (Linux; Android 7.0;) AppleWebKit/537.36 (KHTML, like Gecko) Mobile Safari/537.36 (compatible; PetalBot;+https://webmaster.petalsearch.com/site/petalbot)"
114.119.153.106 - - [18/Jun/2021:06:27:11 +0000] "GET /delinquent-accounts/I-Camp-RV-Park-Campground-Green-River-Utah-84525/Inv-FC-667.prn HTTP/1.1" 200 2121 "" "Mozilla/5.0 (Linux; Android 7.0;) AppleWebKit/537.36 (KHTML, like Gecko) Mobile Safari/537.36 (compatible; PetalBot;+https://webmaster.petalsearch.com/site/petalbot)"
114.119.129.107 - - [18/Jun/2021:06:29:05 +0000] "GET /ac0xl/www/2003-ArchHunterBooks/jr-mag01.html HTTP/1.1" 200 6640 "" "Mozilla/5.0 (Linux; Android 7.0;) AppleWebKit/537.36 (KHTML, like Gecko) Mobile Safari/537.36 (compatible; PetalBot;+https://webmaster.petalsearch.com/site/petalbot)"
114.119.133.42 - - [18/Jun/2021:06:30:20 +0000] "GET /ac0xl/www/2003-ArchHunterBooks/images/1001s.jpg HTTP/1.1" 404 0 "" "Mozilla/5.0 (Linux; Android 7.0;) AppleWebKit/537.36 (KHTML, like Gecko) Mobile Safari/537.36 (compatible; PetalBot;+https://webmaster.petalsearch.com/site/petalbot)"
114.119.152.60 - - [18/Jun/2021:06:30:22 +0000] "GET /ac0xl/www/2005-museumarchives/Raw-Data/0-Raw-Data/They.Were.Here.Index.2005/theywe~1.wpd HTTP/1.1" 200 367740 "" "Mozilla/5.0 (Linux; Android 7.0;) AppleWebKit/537.36 (KHTML, like Gecko) Mobile Safari/537.36 (compatible; PetalBot;+https://webmaster.petalsearch.com/site/petalbot)"
114.119.152.60 - - [18/Jun/2021:06:32:30 +0000] "GET /downloads/2020-09-03-Raspberry-Pi-A-cheat-sheet--TechRepublic_files/a_data_010/a_data/moatad.js HTTP/1.1" 200 329115 "" "Mozilla/5.0 (Linux; Android 7.0;) AppleWebKit/537.36 (KHTML, like Gecko) Mobile Safari/537.36 (compatible; PetalBot;+https://webmaster.petalsearch.com/site/petalbot)"
114.119.140.172 - - [18/Jun/2021:06:33:01 +0000] "GET /downloads/2020-09-03-Raspberry%20Pi%20A%20cheat%20sheet%20-%20TechRepublic_files/a_data HTTP/1.1" 404 0 "" "Mozilla/5.0 (Linux; Android 7.0;) AppleWebKit/537.36 (KHTML, like Gecko) Mobile Safari/537.36 (compatible; PetalBot;+https://webmaster.petalsearch.com/site/petalbot)"
114.119.152.60 - - [18/Jun/2021:06:35:59 +0000] "GET /ac0xl/www/2005-museumarchives/Raw-Data/0-Raw-Data/Ramsay.Relief.Society/Hilda%20Hatch%20King.rtf HTTP/1.1" 200 775222 "" "Mozilla/5.0 (Linux; Android 7.0;) AppleWebKit/537.36 (KHTML, like Gecko) Mobile Safari/537.36 (compatible; PetalBot;+https://webmaster.petalsearch.com/site/petalbot)"
114.119.128.20 - - [18/Jun/2021:06:36:02 +0000] "GET /ac0xl/www/2009-GreenRiver.UT/greenriverutah.com/history.html HTTP/1.1" 200 11108 "" "Mozilla/5.0 (Linux; Android 7.0;) AppleWebKit/537.36 (KHTML, like Gecko) Mobile Safari/537.36 (compatible; PetalBot;+https://webmaster.petalsearch.com/site/petalbot)"
114.119.128.20 - - [18/Jun/2021:06:37:09 +0000] "GET /delinquent-accounts/I-Camp-RV-Park-Campground-Green-River-Utah-84525/Inv-FC-686.prn HTTP/1.1" 200 3658 "" "Mozilla/5.0 (Linux; Android 7.0;) AppleWebKit/537.36 (KHTML, like Gecko) Mobile Safari/537.36 (compatible; PetalBot;+https://webmaster.petalsearch.com/site/petalbot)"
114.119.156.247 - - [18/Jun/2021:06:39:53 +0000] "GET /ac0xl/www/2005-museumarchives/Elgin-Cemetery/2004-11-15/00350-index.html HTTP/1.1" 200 5789 "" "Mozilla/5.0 (Linux; Android 7.0;) AppleWebKit/537.36 (KHTML, like Gecko) Mobile Safari/537.36 (compatible; PetalBot;+https://webmaster.petalsearch.com/site/petalbot)"
114.119.140.172 - - [18/Jun/2021:06:41:10 +0000] "GET /ac0xl/www/2005-museumarchives/Raw-Data/0-Raw-Data/GR.misc.pics/ HTTP/1.1" 200 25000 "" "Mozilla/5.0 (Linux; Android 7.0;) AppleWebKit/537.36 (KHTML, like Gecko) Mobile Safari/537.36 (compatible; PetalBot;+https://webmaster.petalsearch.com/site/petalbot)"
114.119.128.20 - - [18/Jun/2021:06:42:17 +0000] "GET /ac0xl/logs/2019.08.30 HTTP/1.1" 200 28967 "" "Mozilla/5.0 (Linux; Android 7.0;) AppleWebKit/537.36 (KHTML, like Gecko) Mobile Safari/537.36 (compatible; PetalBot;+https://webmaster.petalsearch.com/site/petalbot)"
114.119.128.20 - - [18/Jun/2021:06:44:58 +0000] "GET /ac0xl/www/2005-museumarchives/James-Ramsay/Green-River-Articles/0-index.html HTTP/1.1" 200 1255 "" "Mozilla/5.0 (Linux; Android 7.0;) AppleWebKit/537.36 (KHTML, like Gecko) Mobile Safari/537.36 (compatible; PetalBot;+https://webmaster.petalsearch.com/site/petalbot)"
114.119.142.186 - - [18/Jun/2021:06:45:23 +0000] "GET /ac0xl/www/2005-museumarchives/Raw-Data/Harris-Ekker-Recordings/GreenRiverMenu.html HTTP/1.1" 200 3095 "" "Mozilla/5.0 (Linux; Android 7.0;) AppleWebKit/537.36 (KHTML, like Gecko) Mobile Safari/537.36 (compatible; PetalBot;+https://webmaster.petalsearch.com/site/petalbot)"
114.119.133.42 - - [18/Jun/2021:06:46:16 +0000] "GET /ac0xl/logs/2019.08.14 HTTP/1.1" 200 6136 "" "Mozilla/5.0 (Linux; Android 7.0;) AppleWebKit/537.36 (KHTML, like Gecko) Mobile Safari/537.36 (compatible; PetalBot;+https://webmaster.petalsearch.com/site/petalbot)"
66.249.73.167 - - [18/Jun/2021:06:47:00 +0000] "GET /ac0xl/www/2009-GreenRiver.UT/greenriverutah.com/Melon%20Days/queens_2009.jpg HTTP/1.1" 200 30938 "" "Googlebot-Image/1.0"
114.119.142.186 - - [18/Jun/2021:06:47:33 +0000] "GET /ac0xl/www/2005-museumarchives/Raw-Data/FullMenu.html HTTP/1.1" 404 0 "" "Mozilla/5.0 (Linux; Android 7.0;) AppleWebKit/537.36 (KHTML, like Gecko) Mobile Safari/537.36 (compatible; PetalBot;+https://webmaster.petalsearch.com/site/petalbot)"
114.119.138.178 - - [18/Jun/2021:06:47:36 +0000] "GET /delinquent-accounts/I-Camp-RV-Park-Campground-Green-River-Utah-84525/Inv-FC-711.prn HTTP/1.1" 200 4191 "" "Mozilla/5.0 (Linux; Android 7.0;) AppleWebKit/537.36 (KHTML, like Gecko) Mobile Safari/537.36 (compatible; PetalBot;+https://webmaster.petalsearch.com/site/petalbot)"
114.119.140.172 - - [18/Jun/2021:06:51:33 +0000] "GET /ac0xl/www/2003-ArchHunterBooks/images/1445s.jpg HTTP/1.1" 404 0 "" "Mozilla/5.0 (Linux; Android 7.0;) AppleWebKit/537.36 (KHTML, like Gecko) Mobile Safari/537.36 (compatible; PetalBot;+https://webmaster.petalsearch.com/site/petalbot)"
23.239.2.106 - - [18/Jun/2021:06:53:12 +0000] "GET / HTTP/1.1" 200 25000 "" "Mozilla/5.0 (Android5.1.1) AppleWebKit/537. 36 (KHTML, like Gecko) Chrome/41. 0.2225.0 Safari/537. 36"
23.239.2.106 - - [18/Jun/2021:06:53:29 +0000] "GET / HTTP/1.1" 200 25000 "" "Mozilla/5.0 (Android5.1.1) AppleWebKit/537. 36 (KHTML, like Gecko) Chrome/41. 0.2225.0 Safari/537. 36"
114.119.155.42 - - [18/Jun/2021:06:53:45 +0000] "GET /freedom/freedom/thttpd-extras/rc.local HTTP/1.1" 200 485 "" "Mozilla/5.0 (Linux; Android 7.0;) AppleWebKit/537.36 (KHTML, like Gecko) Mobile Safari/537.36 (compatible; PetalBot;+https://webmaster.petalsearch.com/site/petalbot)"
23.239.2.106 - - [18/Jun/2021:06:54:43 +0000] "GET / HTTP/1.1" 200 25000 "" "Mozilla/5.0 (Android5.1.1) AppleWebKit/537. 36 (KHTML, like Gecko) Chrome/41. 0.2225.0 Safari/537. 36"
45.148.10.50 - - [18/Jun/2021:06:55:03 +0000] "GET / HTTP/1.1" 200 25000 "" "Mozilla/5.0 zgrab/0.x"
114.119.138.178 - - [18/Jun/2021:06:56:02 +0000] "GET /ac0xl/www/2005-museumarchives/River-History/Tejas_Edwards/tray8-index.html HTTP/1.1" 200 6781 "" "Mozilla/5.0 (Linux; Android 7.0;) AppleWebKit/537.36 (KHTML, like Gecko) Mobile Safari/537.36 (compatible; PetalBot;+https://webmaster.petalsearch.com/site/petalbot)"
23.239.2.106 - - [18/Jun/2021:06:56:05 +0000] "GET / HTTP/1.1" 200 25000 "" "Mozilla/5.0 (Android5.1.1) AppleWebKit/537. 36 (KHTML, like Gecko) Chrome/41. 0.2225.0 Safari/537. 36"
114.119.152.60 - - [18/Jun/2021:06:56:35 +0000] "GET /ac0xl/www/2005-museumarchives/Raw-Data/0-Raw-Data/My-Pictures/ HTTP/1.1" 200 25000 "" "Mozilla/5.0 (Linux; Android 7.0;) AppleWebKit/537.36 (KHTML, like Gecko) Mobile Safari/537.36 (compatible; PetalBot;+https://webmaster.petalsearch.com/site/petalbot)"
114.119.140.172 - - [18/Jun/2021:06:57:53 +0000] "GET /ac0xl/www/2003-ArchHunterBooks/images/5610s.jpg HTTP/1.1" 404 0 "" "Mozilla/5.0 (Linux; Android 7.0;) AppleWebKit/537.36 (KHTML, like Gecko) Mobile Safari/537.36 (compatible; PetalBot;+https://webmaster.petalsearch.com/site/petalbot)"
114.119.129.107 - - [18/Jun/2021:06:58:37 +0000] "GET /ac0xl/www/2005-museumarchives/Raw-Data/0-Raw-Data/Olsens/Rec%20of%20William%2c%20Nancy%20Worthen.rtf HTTP/1.1" 200 1117895 "" "Mozilla/5.0 (Linux; Android 7.0;) AppleWebKit/537.36 (KHTML, like Gecko) Mobile Safari/537.36 (compatible; PetalBot;+https://webmaster.petalsearch.com/site/petalbot)"
114.119.142.186 - - [18/Jun/2021:06:58:59 +0000] "GET /ac0xl/www/2009-GreenRiver.UT/www.jwprhm.com/coal_canyon.htm HTTP/1.1" 200 3436 "" "Mozilla/5.0 (Linux; Android 7.0;) AppleWebKit/537.36 (KHTML, like Gecko) Mobile Safari/537.36 (compatible; PetalBot;+https://webmaster.petalsearch.com/site/petalbot)"
162.62.123.46 - - [18/Jun/2021:07:01:29 +0000] "GET / HTTP/1.1" 200 25000 "" ""
114.119.153.106 - - [18/Jun/2021:07:02:00 +0000] "GET /ac0xl/DavidStraight/ HTTP/1.1" 200 25000 "" "Mozilla/5.0 (Linux; Android 7.0;) AppleWebKit/537.36 (KHTML, like Gecko) Mobile Safari/537.36 (compatible; PetalBot;+https://webmaster.petalsearch.com/site/petalbot)"
114.119.155.42 - - [18/Jun/2021:07:03:34 +0000] "GET /downloads/2020-09-03-Raspberry-Pi-A-cheat-sheet--TechRepublic_files/disqus-count-1.js HTTP/1.1" 200 1935 "" "Mozilla/5.0 (Linux; Android 7.0;) AppleWebKit/537.36 (KHTML, like Gecko) Mobile Safari/537.36 (compatible; PetalBot;+https://webmaster.petalsearch.com/site/petalbot)"
114.119.129.107 - - [18/Jun/2021:07:03:53 +0000] "GET /rome/StopTheCrime_files/player.js HTTP/1.1" 200 5842 "" "Mozilla/5.0 (Linux; Android 7.0;) AppleWebKit/537.36 (KHTML, like Gecko) Mobile Safari/537.36 (compatible; PetalBot;+https://webmaster.petalsearch.com/site/petalbot)"
114.119.142.186 - - [18/Jun/2021:07:06:32 +0000] "GET /delinquent-accounts/I-Camp-RV-Park-Campground-Green-River-Utah-84525/www-statement-2021-04-30.prn HTTP/1.1" 200 5411 "" "Mozilla/5.0 (Linux; Android 7.0;) AppleWebKit/537.36 (KHTML, like Gecko) Mobile Safari/537.36 (compatible; PetalBot;+https://webmaster.petalsearch.com/site/petalbot)"
114.119.129.107 - - [18/Jun/2021:07:06:33 +0000] "GET /ac0xl/www/2003-ArchHunterBooks/images/6016sB.jpg HTTP/1.1" 404 0 "" "Mozilla/5.0 (Linux; Android 7.0;) AppleWebKit/537.36 (KHTML, like Gecko) Mobile Safari/537.36 (compatible; PetalBot;+https://webmaster.petalsearch.com/site/petalbot)"
114.119.140.172 - - [18/Jun/2021:07:09:09 +0000] "GET /ac0xl/Dont-Be-Evil/Hiring%20Practices/Cloud%20Tech%202017%20Diversity%20Intro%20-%20Google%20Slides_files/._3102742757-viewer_css_ltr.css HTTP/1.1" 200 4096 "" "Mozilla/5.0 (Linux; Android 7.0;) AppleWebKit/537.36 (KHTML, like Gecko) Mobile Safari/537.36 (compatible; PetalBot;+https://webmaster.petalsearch.com/site/petalbot)"
114.119.152.60 - - [18/Jun/2021:07:10:33 +0000] "GET /ac0xl/www/slackbook/shell-command-line.html HTTP/1.1" 200 12375 "" "Mozilla/5.0 (Linux; Android 7.0;) AppleWebKit/537.36 (KHTML, like Gecko) Mobile Safari/537.36 (compatible; PetalBot;+https://webmaster.petalsearch.com/site/petalbot)"
114.119.152.60 - - [18/Jun/2021:07:10:42 +0000] "GET /freedom/freedom/thttpd-extras/thttpd.sh HTTP/1.1" 200 136 "" "Mozilla/5.0 (Linux; Android 7.0;) AppleWebKit/537.36 (KHTML, like Gecko) Mobile Safari/537.36 (compatible; PetalBot;+https://webmaster.petalsearch.com/site/petalbot)"
114.119.128.20 - - [18/Jun/2021:07:13:38 +0000] "GET /ac0xl/DavidStraight/It%20is%20written%2c%20My%20house%20is%20the%20house%20of%20prayer.html HTTP/1.1" 200 2667 "" "Mozilla/5.0 (Linux; Android 7.0;) AppleWebKit/537.36 (KHTML, like Gecko) Mobile Safari/537.36 (compatible; PetalBot;+https://webmaster.petalsearch.com/site/petalbot)"
114.119.140.172 - - [18/Jun/2021:07:14:04 +0000] "GET /ac0xl/justiniandeception.wordpress.com/2016/12/01/is-the-comic-the-joker-that-usurps-the-corruption-into-the-text-as-it-passes-through-passage/index.html HTTP/1.1" 200 73156 "" "Mozilla/5.0 (Linux; Android 7.0;) AppleWebKit/537.36 (KHTML, like Gecko) Mobile Safari/537.36 (compatible; PetalBot;+https://webmaster.petalsearch.com/site/petalbot)"
114.119.133.42 - - [18/Jun/2021:07:14:39 +0000] "GET /ac0xl/Dont-Be-Evil/Partisanship/go_diversity%20-%20Decoding%20Race%20Talks_files/._cb%3dgapi.loaded_0 HTTP/1.1" 200 4096 "" "Mozilla/5.0 (Linux; Android 7.0;) AppleWebKit/537.36 (KHTML, like Gecko) Mobile Safari/537.36 (compatible; PetalBot;+https://webmaster.petalsearch.com/site/petalbot)"
114.119.155.250 - - [18/Jun/2021:07:15:22 +0000] "GET /downloads/2020-09-03-Raspberry%20Pi%20A%20cheat%20sheet%20-%20TechRepublic_files/a_data_003/a_004.html HTTP/1.1" 404 0 "" "Mozilla/5.0 (Linux; Android 7.0;) AppleWebKit/537.36 (KHTML, like Gecko) Mobile Safari/537.36 (compatible; PetalBot;+https://webmaster.petalsearch.com/site/petalbot)"
114.119.153.106 - - [18/Jun/2021:07:15:50 +0000] "GET /ac0xl/www/2005-museumarchives/Raw-Data/1909.GR.News HTTP/1.1" 302 0 "" "Mozilla/5.0 (Linux; Android 7.0;) AppleWebKit/537.36 (KHTML, like Gecko) Mobile Safari/537.36 (compatible; PetalBot;+https://webmaster.petalsearch.com/site/petalbot)"
114.119.153.106 - - [18/Jun/2021:07:15:50 +0000] "GET /ac0xl/www/2005-museumarchives/Raw-Data/1909.GR.News/ HTTP/1.1" 200 25000 "" "Mozilla/5.0 (Linux; Android 7.0;) AppleWebKit/537.36 (KHTML, like Gecko) Mobile Safari/537.36 (compatible; PetalBot;+https://webmaster.petalsearch.com/site/petalbot)"
114.119.129.107 - - [18/Jun/2021:07:19:12 +0000] "GET /downloads/2020-09-03-Raspberry%20Pi%20A%20cheat%20sheet%20-%20TechRepublic_files/a_data_011/css.css HTTP/1.1" 404 0 "" "Mozilla/5.0 (Linux; Android 7.0;) AppleWebKit/537.36 (KHTML, like Gecko) Mobile Safari/537.36 (compatible; PetalBot;+https://webmaster.petalsearch.com/site/petalbot)"
114.119.152.60 - - [18/Jun/2021:07:19:30 +0000] "GET /ac0xl/www/2001-ArchHunterBooks/SJSlides/index.html HTTP/1.1" 200 15833 "" "Mozilla/5.0 (Linux; Android 7.0;) AppleWebKit/537.36 (KHTML, like Gecko) Mobile Safari/537.36 (compatible; PetalBot;+https://webmaster.petalsearch.com/site/petalbot)"
114.119.153.106 - - [18/Jun/2021:07:20:14 +0000] "GET /downloads/2020-09-03-Raspberry%20Pi%20A%20cheat%20sheet%20-%20TechRepublic_files HTTP/1.1" 404 0 "" "Mozilla/5.0 (Linux; Android 7.0;) AppleWebKit/537.36 (KHTML, like Gecko) Mobile Safari/537.36 (compatible; PetalBot;+https://webmaster.petalsearch.com/site/petalbot)"
114.119.156.247 - - [18/Jun/2021:07:22:42 +0000] "GET /ac0xl/justiniandeception.wordpress.com/2016/11/23/rohan-loran-dog-latin-corruption-in-the-king-james-bible/index.html HTTP/1.1" 200 76917 "" "Mozilla/5.0 (Linux; Android 7.0;) AppleWebKit/537.36 (KHTML, like Gecko) Mobile Safari/537.36 (compatible; PetalBot;+https://webmaster.petalsearch.com/site/petalbot)"
114.119.140.172 - - [18/Jun/2021:07:23:57 +0000] "GET /ac0xl/www/2005-museumarchives/Raw-Data/0-Raw-Data/Verna.Holloway.Perrin/ HTTP/1.1" 200 25000 "" "Mozilla/5.0 (Linux; Android 7.0;) AppleWebKit/537.36 (KHTML, like Gecko) Mobile Safari/537.36 (compatible; PetalBot;+https://webmaster.petalsearch.com/site/petalbot)"
114.119.128.20 - - [18/Jun/2021:07:25:30 +0000] "GET /ac0xl/Dont-Be-Evil/Partisanship/go_diversity%20-%20Decoding%20Race%20Talks_files/._rs%3dAGEqA5k41NpEGTfF9bFv8HX3pu3Zx5EsCA HTTP/1.1" 200 4096 "" "Mozilla/5.0 (Linux; Android 7.0;) AppleWebKit/537.36 (KHTML, like Gecko) Mobile Safari/537.36 (compatible; PetalBot;+https://webmaster.petalsearch.com/site/petalbot)"
114.119.152.60 - - [18/Jun/2021:07:26:32 +0000] "GET /downloads/2020-09-03-Raspberry-Pi-A-cheat-sheet--TechRepublic_files/a_data_011/amp4ads-v0.js HTTP/1.1" 200 210935 "" "Mozilla/5.0 (Linux; Android 7.0;) AppleWebKit/537.36 (KHTML, like Gecko) Mobile Safari/537.36 (compatible; PetalBot;+https://webmaster.petalsearch.com/site/petalbot)"
114.119.156.247 - - [18/Jun/2021:07:28:28 +0000] "GET /ac0xl/www/2003-ArchHunterBooks/maps06.html HTTP/1.1" 200 4701 "" "Mozilla/5.0 (Linux; Android 7.0;) AppleWebKit/537.36 (KHTML, like Gecko) Mobile Safari/537.36 (compatible; PetalBot;+https://webmaster.petalsearch.com/site/petalbot)"
114.119.156.247 - - [18/Jun/2021:07:29:11 +0000] "GET /ac0xl/www/2003-ArchHunterBooks/images/1917s.jpg HTTP/1.1" 404 0 "" "Mozilla/5.0 (Linux; Android 7.0;) AppleWebKit/537.36 (KHTML, like Gecko) Mobile Safari/537.36 (compatible; PetalBot;+https://webmaster.petalsearch.com/site/petalbot)"
